{"id":7378,"date":"2025-10-30T16:53:22","date_gmt":"2025-10-30T15:53:22","guid":{"rendered":"https:\/\/serveiseducatius.xtec.cat\/baixllobregat2\/?page_id=7378"},"modified":"2026-03-12T09:40:19","modified_gmt":"2026-03-12T08:40:19","slug":"crp","status":"publish","type":"page","link":"https:\/\/serveiseducatius.xtec.cat\/baixllobregat2\/crp\/","title":{"rendered":"CRP"},"content":{"rendered":"\n<p>El <strong>Centre de Recursos Pedag\u00f2gics<\/strong> (CRP) som un equip docent de dinamitzaci\u00f3, acompanyament i assessorament a professorat, centres i xarxes educatives per a la millora i transformaci\u00f3 dels seus projectes educatius de centres i la seva pr\u00e0ctica educativa. Les nostres actuacions s\u00f3n coordinades amb altres professionals dels serveis educatius (EAP i ELIC) i institucions o entitats de la zona.<\/p>\n\n\n\n<p>Les nostres funcions s\u00f3n:<\/p>\n\n\n\n<ul class=\"wp-block-list\">\n<li>El disseny, la planificaci\u00f3, la coordinaci\u00f3 i la implementaci\u00f3 de la pr\u00e0ctica assessora al centre, per acompanyar-lo en els processos de transformaci\u00f3 i millora educativa. <\/li>\n\n\n\n<li>La detecci\u00f3, el recull i la difusi\u00f3 de pr\u00e0ctiques educatives de refer\u00e8ncia del professorat de la zona, aix\u00ed com projectes innovadors de centres.<\/li>\n\n\n\n<li>El suport a les iniciatives que desplega el Departament per a la digitalitzaci\u00f3 dels centres educatius.<\/li>\n\n\n\n<li>La dinamitzaci\u00f3 i el suport a les xarxes educatives de la zona, vetllant per l&#8217;equitat i la inclusi\u00f3.<\/li>\n\n\n\n<li>L\u2019elaboraci\u00f3 de la proposta formativa del PFZ a partir de la detecci\u00f3 de necessitats dels centres i del professorat.<\/li>\n<\/ul>\n\n\n\n<p><\/p>\n\n\n\n<p><strong>Professionals adscrits<\/strong><br>\u2013 Cristina Funes&nbsp;&nbsp;<strong>(directora)<\/strong><br>\u2013 Emi Fornali<br>\u2013 Joan Canudas<br><\/p>\n\n\n\n<p><strong>Mentors Digitals<\/strong><br>\u2013 Joaquim Garcia<br>\u2013 Narc\u00eds Polo<br><\/p>\n\n\n\n<p><strong>Educadora Social<\/strong><br>\u2013 Arantzazu Apraiz<br><br><\/p>\n\n\n\n<p><\/p>\n\n\n\n<p><strong>Administrativa<\/strong><br>\u2013 Maribel Gonz\u00e1lez<\/p>\n\n\n\n<ul class=\"wp-block-list\">\n<li><strong>Contacte:<\/strong><br>crp-gava@xtec.cat<br><a href=\"http:\/\/xtec.gencat.cat\/ca\/serveis\/sez\/crp\/\" target=\"_blank\" rel=\"noreferrer noopener\">M\u00e9s informaci\u00f3 (XTEC)<\/a><\/li>\n<\/ul>\n\n\n\n<p><\/p>\n","protected":false},"excerpt":{"rendered":"<p>El Centre de Recursos Pedag\u00f2gics (CRP) som un equip docent de dinamitzaci\u00f3, acompanyament i assessorament a professorat, centres i xarxes educatives per a la millora i transformaci\u00f3 dels seus projectes educatius de centres i la seva pr\u00e0ctica educativa. Les nostres actuacions s\u00f3n coordinades amb altres professionals dels serveis educatius (EAP i ELIC) i institucions o [&hellip;]<\/p>\n","protected":false},"author":1,"featured_media":0,"parent":0,"menu_order":0,"comment_status":"closed","ping_status":"close","template":"","meta":{"_bbp_topic_count":0,"_bbp_reply_count":0,"_bbp_total_topic_count":0,"_bbp_total_reply_count":0,"_bbp_voice_count":0,"_bbp_anonymous_reply_count":0,"_bbp_topic_count_hidden":0,"_bbp_reply_count_hidden":0,"_bbp_forum_subforum_count":0,"site-sidebar-layout":"default","site-content-layout":"","ast-site-content-layout":"default","site-content-style":"default","site-sidebar-style":"default","ast-global-header-display":"","ast-banner-title-visibility":"","ast-main-header-display":"","ast-hfb-above-header-display":"","ast-hfb-below-header-display":"","ast-hfb-mobile-header-display":"","site-post-title":"","ast-breadcrumbs-content":"","ast-featured-img":"","footer-sml-layout":"","theme-transparent-header-meta":"","adv-header-id-meta":"","stick-header-meta":"","header-above-stick-meta":"","header-main-stick-meta":"","header-below-stick-meta":"","astra-migrate-meta-layouts":"set","ast-page-background-enabled":"default","ast-page-background-meta":{"desktop":{"background-color":"var(--ast-global-color-4)","background-image":"","background-repeat":"repeat","background-position":"center center","background-size":"auto","background-attachment":"scroll","background-type":"","background-media":"","overlay-type":"","overlay-color":"","overlay-opacity":"","overlay-gradient":""},"tablet":{"background-color":"","background-image":"","background-repeat":"repeat","background-position":"center center","background-size":"auto","background-attachment":"scroll","background-type":"","background-media":"","overlay-type":"","overlay-color":"","overlay-opacity":"","overlay-gradient":""},"mobile":{"background-color":"","background-image":"","background-repeat":"repeat","background-position":"center center","background-size":"auto","background-attachment":"scroll","background-type":"","background-media":"","overlay-type":"","overlay-color":"","overlay-opacity":"","overlay-gradient":""}},"ast-content-background-meta":{"desktop":{"background-color":"var(--ast-global-color-5)","background-image":"","background-repeat":"repeat","background-position":"center center","background-size":"auto","background-attachment":"scroll","background-type":"","background-media":"","overlay-type":"","overlay-color":"","overlay-opacity":"","overlay-gradient":""},"tablet":{"background-color":"var(--ast-global-color-5)","background-image":"","background-repeat":"repeat","background-position":"center center","background-size":"auto","background-attachment":"scroll","background-type":"","background-media":"","overlay-type":"","overlay-color":"","overlay-opacity":"","overlay-gradient":""},"mobile":{"background-color":"var(--ast-global-color-5)","background-image":"","background-repeat":"repeat","background-position":"center center","background-size":"auto","background-attachment":"scroll","background-type":"","background-media":"","overlay-type":"","overlay-color":"","overlay-opacity":"","overlay-gradient":""}},"footnotes":""},"class_list":["post-7378","page","type-page","status-publish","hentry"],"post_mailing_queue_ids":[],"_links":{"self":[{"href":"https:\/\/serveiseducatius.xtec.cat\/baixllobregat2\/wp-json\/wp\/v2\/pages\/7378","targetHints":{"allow":["GET"]}}],"collection":[{"href":"https:\/\/serveiseducatius.xtec.cat\/baixllobregat2\/wp-json\/wp\/v2\/pages"}],"about":[{"href":"https:\/\/serveiseducatius.xtec.cat\/baixllobregat2\/wp-json\/wp\/v2\/types\/page"}],"author":[{"embeddable":true,"href":"https:\/\/serveiseducatius.xtec.cat\/baixllobregat2\/wp-json\/wp\/v2\/users\/1"}],"replies":[{"embeddable":true,"href":"https:\/\/serveiseducatius.xtec.cat\/baixllobregat2\/wp-json\/wp\/v2\/comments?post=7378"}],"version-history":[{"count":6,"href":"https:\/\/serveiseducatius.xtec.cat\/baixllobregat2\/wp-json\/wp\/v2\/pages\/7378\/revisions"}],"predecessor-version":[{"id":7615,"href":"https:\/\/serveiseducatius.xtec.cat\/baixllobregat2\/wp-json\/wp\/v2\/pages\/7378\/revisions\/7615"}],"wp:attachment":[{"href":"https:\/\/serveiseducatius.xtec.cat\/baixllobregat2\/wp-json\/wp\/v2\/media?parent=7378"}],"curies":[{"name":"wp","href":"https:\/\/api.w.org\/{rel}","templated":true}]}}