{"id":7274,"date":"2024-05-09T09:54:38","date_gmt":"2024-05-09T07:54:38","guid":{"rendered":"https:\/\/serveiseducatius.xtec.cat\/baixllobregat1\/?page_id=7274"},"modified":"2024-05-09T10:10:17","modified_gmt":"2024-05-09T08:10:17","slug":"dan-dan-dansa","status":"publish","type":"page","link":"https:\/\/serveiseducatius.xtec.cat\/baixllobregat1\/recursos\/maletes-pedagogiques\/maletes-per-ambits-curriculars\/dan-dan-dansa\/","title":{"rendered":"Dan Dan Dansa"},"content":{"rendered":"<p>Maleta did\u00e0ctica en pr\u00e9stec pel<a href=\"https:\/\/mercatflors.cat\/educacio\/eines-i-recursos\/maleta-didactica-dan-dan-dansa\/\" target=\"_blank\" rel=\"noopener\"> Mercat de les Flors, Casa de la dansa.<\/a><\/p>\n<p>L\u2019experi\u00e8ncia del moviment a l\u2019aula acompanyat d\u2019una maleta plena de recursos i eines que ens far\u00e0 descobrir, gaudir i valorar de la dansa i del proc\u00e9s creatiu.<img loading=\"lazy\" decoding=\"async\" class=\"alignleft size-medium wp-image-7293\" src=\"https:\/\/serveiseducatius.xtec.cat\/baixllobregat1\/wp-content\/uploads\/usu767\/2024\/05\/eines-01-1-1-300x172.jpg\" alt=\"\" width=\"300\" height=\"172\" srcset=\"https:\/\/serveiseducatius.xtec.cat\/baixllobregat1\/wp-content\/uploads\/usu767\/2024\/05\/eines-01-1-1-300x172.jpg 300w, https:\/\/serveiseducatius.xtec.cat\/baixllobregat1\/wp-content\/uploads\/usu767\/2024\/05\/eines-01-1-1.jpg 472w\" sizes=\"auto, (max-width: 300px) 100vw, 300px\" \/><\/p>\n<p>La Maleta Did\u00e0ctica del Dan Dan Dansa t\u00e9 la voluntat de ser una eina orientativa per als docents que apropi els alumnes al m\u00f3n de la dansa i els familiaritzi amb alguns dels seus valors i conceptes principals.<br \/>\nEl contingut de la maleta gira principalment entorn a cinc conceptes b\u00e0sics interrelacionats que donen una visi\u00f3 general i permeten avan\u00e7ar de manera progressiva en les eines inicials per gaudir i con\u00e8ixer el m\u00f3n de la dansa.<br \/>\nPer a cadascun dels conceptes s\u2019han preparat diverses activitats did\u00e0ctiques especialment pensades per a l\u2019Educaci\u00f3 Infantil i els tres cicles d\u2019Educaci\u00f3 Prim\u00e0ria, que poden orientar al docent en el seu aprofundiment, tot i que no deixen de ser propostes obertes que cada educador o educadora pot adaptar a les seves necessitats, al seu alumnat o al seu coneixement de la mat\u00e8ria.<br \/>\nPer al desenvolupament de les activitats did\u00e0ctiques plantejades es proposa l\u2019\u00fas d\u2019un o diversos objectes, alguns dels quals estan continguts a la maleta i d\u2019altres s\u00f3n instruments d\u2019\u00fas habitual a les escoles. Qualsevol dels objectes, per\u00f2, pot ser tractat pel propi professor des d\u2019un altre punt de vista o pot facilitar la creaci\u00f3 d\u2019altres activitats. No es tracta de realitzar totes les activitats, sin\u00f3 de triar la que m\u00e9s s\u2019adapti a les necessitats dels alumnes.<\/p>\n<p><img loading=\"lazy\" decoding=\"async\" class=\"alignleft size-medium wp-image-7294\" src=\"https:\/\/serveiseducatius.xtec.cat\/baixllobregat1\/wp-content\/uploads\/usu767\/2024\/05\/unnamed-3-300x129.jpg\" alt=\"\" width=\"300\" height=\"129\" srcset=\"https:\/\/serveiseducatius.xtec.cat\/baixllobregat1\/wp-content\/uploads\/usu767\/2024\/05\/unnamed-3-300x129.jpg 300w, https:\/\/serveiseducatius.xtec.cat\/baixllobregat1\/wp-content\/uploads\/usu767\/2024\/05\/unnamed-3.jpg 350w\" sizes=\"auto, (max-width: 300px) 100vw, 300px\" \/><\/p>\n<p><a href=\"https:\/\/drive.google.com\/file\/d\/1ba70wJ5yJblOsL_k3ovg8uJstmeYHm7A\/view?usp=sharing\" target=\"_blank\" rel=\"noopener\">Dossier did\u00e0ctic Maleta Dan Dan Dansa<\/a><\/p>\n<p style=\"font-weight: 400;\">Per altra banda, adjuntem el <a href=\"https:\/\/lacultivadora.cat\/recursos\/la-maleta-del-dan-dan-dansa-kl0b7\" target=\"_blank\" rel=\"noopener\">link<\/a> de la nova plataforma\u00a0i on veureu la programaci\u00f3 tamb\u00e9 del Mercat d\u2019aquest curs 2023-24.<\/p>\n<p style=\"font-weight: 400;\">A partir del 19 de juny es podr\u00e0 veure la<strong> pr\u00f2xima temporada 2024-25 amb espectacles-tallers que aniran a l\u2019escola<\/strong> i el 27 de juny obriran les inscripcions escolars.<\/p>\n","protected":false},"excerpt":{"rendered":"<p>Maleta did\u00e0ctica en pr\u00e9stec pel Mercat de les Flors, Casa de la dansa. L\u2019experi\u00e8ncia del moviment a l\u2019aula acompanyat d\u2019una maleta plena de recursos i eines que ens far\u00e0 descobrir, gaudir i valorar de la dansa i del proc\u00e9s creatiu. La Maleta Did\u00e0ctica del Dan Dan Dansa t\u00e9 la voluntat de ser una eina orientativa [&hellip;]<\/p>\n","protected":false},"author":10,"featured_media":0,"parent":2346,"menu_order":33,"comment_status":"closed","ping_status":"closed","template":"page-templates\/side-menu.php","meta":{"_bbp_topic_count":0,"_bbp_reply_count":0,"_bbp_total_topic_count":0,"_bbp_total_reply_count":0,"_bbp_voice_count":0,"_bbp_anonymous_reply_count":0,"_bbp_topic_count_hidden":0,"_bbp_reply_count_hidden":0,"_bbp_forum_subforum_count":0,"site-sidebar-layout":"default","site-content-layout":"","ast-site-content-layout":"","site-content-style":"default","site-sidebar-style":"default","ast-global-header-display":"","ast-banner-title-visibility":"","ast-main-header-display":"","ast-hfb-above-header-display":"","ast-hfb-below-header-display":"","ast-hfb-mobile-header-display":"","site-post-title":"","ast-breadcrumbs-content":"","ast-featured-img":"","footer-sml-layout":"","theme-transparent-header-meta":"","adv-header-id-meta":"","stick-header-meta":"","header-above-stick-meta":"","header-main-stick-meta":"","header-below-stick-meta":"","astra-migrate-meta-layouts":"default","ast-page-background-enabled":"default","ast-page-background-meta":{"desktop":{"background-color":"var(--ast-global-color-4)","background-image":"","background-repeat":"repeat","background-position":"center center","background-size":"auto","background-attachment":"scroll","background-type":"","background-media":"","overlay-type":"","overlay-color":"","overlay-opacity":"","overlay-gradient":""},"tablet":{"background-color":"","background-image":"","background-repeat":"repeat","background-position":"center center","background-size":"auto","background-attachment":"scroll","background-type":"","background-media":"","overlay-type":"","overlay-color":"","overlay-opacity":"","overlay-gradient":""},"mobile":{"background-color":"","background-image":"","background-repeat":"repeat","background-position":"center center","background-size":"auto","background-attachment":"scroll","background-type":"","background-media":"","overlay-type":"","overlay-color":"","overlay-opacity":"","overlay-gradient":""}},"ast-content-background-meta":{"desktop":{"background-color":"var(--ast-global-color-5)","background-image":"","background-repeat":"repeat","background-position":"center center","background-size":"auto","background-attachment":"scroll","background-type":"","background-media":"","overlay-type":"","overlay-color":"","overlay-opacity":"","overlay-gradient":""},"tablet":{"background-color":"var(--ast-global-color-5)","background-image":"","background-repeat":"repeat","background-position":"center center","background-size":"auto","background-attachment":"scroll","background-type":"","background-media":"","overlay-type":"","overlay-color":"","overlay-opacity":"","overlay-gradient":""},"mobile":{"background-color":"var(--ast-global-color-5)","background-image":"","background-repeat":"repeat","background-position":"center center","background-size":"auto","background-attachment":"scroll","background-type":"","background-media":"","overlay-type":"","overlay-color":"","overlay-opacity":"","overlay-gradient":""}},"footnotes":""},"class_list":["post-7274","page","type-page","status-publish","hentry"],"post_mailing_queue_ids":[],"_links":{"self":[{"href":"https:\/\/serveiseducatius.xtec.cat\/baixllobregat1\/wp-json\/wp\/v2\/pages\/7274","targetHints":{"allow":["GET"]}}],"collection":[{"href":"https:\/\/serveiseducatius.xtec.cat\/baixllobregat1\/wp-json\/wp\/v2\/pages"}],"about":[{"href":"https:\/\/serveiseducatius.xtec.cat\/baixllobregat1\/wp-json\/wp\/v2\/types\/page"}],"author":[{"embeddable":true,"href":"https:\/\/serveiseducatius.xtec.cat\/baixllobregat1\/wp-json\/wp\/v2\/users\/10"}],"replies":[{"embeddable":true,"href":"https:\/\/serveiseducatius.xtec.cat\/baixllobregat1\/wp-json\/wp\/v2\/comments?post=7274"}],"version-history":[{"count":4,"href":"https:\/\/serveiseducatius.xtec.cat\/baixllobregat1\/wp-json\/wp\/v2\/pages\/7274\/revisions"}],"predecessor-version":[{"id":7295,"href":"https:\/\/serveiseducatius.xtec.cat\/baixllobregat1\/wp-json\/wp\/v2\/pages\/7274\/revisions\/7295"}],"up":[{"embeddable":true,"href":"https:\/\/serveiseducatius.xtec.cat\/baixllobregat1\/wp-json\/wp\/v2\/pages\/2346"}],"wp:attachment":[{"href":"https:\/\/serveiseducatius.xtec.cat\/baixllobregat1\/wp-json\/wp\/v2\/media?parent=7274"}],"curies":[{"name":"wp","href":"https:\/\/api.w.org\/{rel}","templated":true}]}}