{"id":7227,"date":"2024-05-02T11:20:42","date_gmt":"2024-05-02T09:20:42","guid":{"rendered":"https:\/\/serveiseducatius.xtec.cat\/baixllobregat1\/?page_id=7227"},"modified":"2024-05-02T11:55:49","modified_gmt":"2024-05-02T09:55:49","slug":"incubadora","status":"publish","type":"page","link":"https:\/\/serveiseducatius.xtec.cat\/baixllobregat1\/recursos\/aparells\/incubadora\/","title":{"rendered":"Incubadora"},"content":{"rendered":"<div class=\"oKdM2c ZZyype Kzv0Me\">\n<div id=\"h.92bf3ef4c79a0ac_85\" class=\"hJDwNd-AhqUyc-OiUrBf Ft7HRd-AhqUyc-OiUrBf jXK9ad D2fZ2 zu5uec OjCsFc dmUFtb\">\n<div class=\"jXK9ad-SmKAyb\">\n<div class=\"tyJCtd mGzaTb Depvyb baZpAe\"><\/div>\n<\/div>\n<\/div>\n<\/div>\n<div class=\"oKdM2c ZZyype\">\n<div id=\"h.92bf3ef4c79a0ac_87\" class=\"hJDwNd-AhqUyc-OiUrBf Ft7HRd-AhqUyc-OiUrBf jXK9ad D2fZ2 zu5uec wHaque g5GTcb\">\n<div class=\"jXK9ad-SmKAyb\">\n<div class=\"tyJCtd mGzaTb Depvyb baZpAe\">\n<p id=\"tw-target-text\" class=\"tw-data-text tw-text-large tw-ta\" dir=\"ltr\" data-placeholder=\"Traducci\u00f3\" aria-label=\"Text tradu\u00eft\" data-ved=\"2ahUKEwiH8Kzy0O6FAxXPTkEAHbr5DUYQ3ewLegQIFBAU\"><span class=\"Y2IQFc\" lang=\"ca\">Aquesta incubadora autom\u00e0tica pot contenir 36 ous i est\u00e0 equipada amb rodets giratoris que es poden col\u00b7locar a diferents separacions per col\u00b7locar ous grans i petits de pollastres, \u00e0necs, pardals i altres ocells.<br \/>\nL&#8217;OBI-36 ve amb un manual intu\u00eftiu i una pantalla digital que mostra la temperatura i la humitat de forma precisa. Ve amb tot el necessari per a la teva propera eclosi\u00f3.\u00a0<\/span><\/p>\n<p class=\"tw-data-text tw-text-large tw-ta\" dir=\"ltr\" data-placeholder=\"Traducci\u00f3\" aria-label=\"Text tradu\u00eft\" data-ved=\"2ahUKEwiH8Kzy0O6FAxXPTkEAHbr5DUYQ3ewLegQIFBAU\"><span class=\"Y2IQFc\" lang=\"ca\">Fa el gir autom\u00e0tic dels ous i incorpora un ovoscopi; per tant, no haur\u00e0s de preocupar-te de girar a m\u00e0 els ous cada hora i mitja. <\/span><span class=\"Y2IQFc\" lang=\"ca\">El llum al transllum (ovoscopi) integrat et permet observar el desenvolupament dels ous.<\/span><\/p>\n<p class=\"tw-data-text tw-text-large tw-ta\" dir=\"ltr\" data-placeholder=\"Traducci\u00f3\" aria-label=\"Text tradu\u00eft\" data-ved=\"2ahUKEwiH8Kzy0O6FAxXPTkEAHbr5DUYQ3ewLegQIFBAU\"><span class=\"Y2IQFc\" lang=\"ca\">El sistema de ventilaci\u00f3 mant\u00e9 una temperatura estable i distribu\u00efda a la incubadora perqu\u00e8 els ous estiguin sempre en condicions \u00f2ptimes. A m\u00e9s, els forats per emplenar l&#8217;aigua permeten controlar la humitat sense haver d&#8217;obrir la tapa: aix\u00ed s&#8217;eviten canvis de temperatura. L&#8217;escuma a\u00efllant &#8220;Eggloo&#8221; inclosa protegeix els ous del fred extern.<\/span><\/p>\n<p dir=\"ltr\" data-placeholder=\"Traducci\u00f3\" aria-label=\"Text tradu\u00eft\" data-ved=\"2ahUKEwiH8Kzy0O6FAxXPTkEAHbr5DUYQ3ewLegQIFBAU\"><a href=\"https:\/\/drive.google.com\/file\/d\/1HY2irDNcbnQcFWaOCbvIZmCURi69OHjD\/view?usp=sharing\" target=\"_blank\" rel=\"noopener\">Manual d&#8217;instruccions<\/a><\/p>\n<p dir=\"ltr\" data-placeholder=\"Traducci\u00f3\" aria-label=\"Text tradu\u00eft\" data-ved=\"2ahUKEwiH8Kzy0O6FAxXPTkEAHbr5DUYQ3ewLegQIFBAU\"><img loading=\"lazy\" decoding=\"async\" class=\"wp-image-7228 aligncenter\" src=\"https:\/\/serveiseducatius.xtec.cat\/baixllobregat1\/wp-content\/uploads\/usu767\/2024\/05\/Screenshot-12-300x213.png\" alt=\"\" width=\"487\" height=\"346\" srcset=\"https:\/\/serveiseducatius.xtec.cat\/baixllobregat1\/wp-content\/uploads\/usu767\/2024\/05\/Screenshot-12-300x213.png 300w, https:\/\/serveiseducatius.xtec.cat\/baixllobregat1\/wp-content\/uploads\/usu767\/2024\/05\/Screenshot-12-768x544.png 768w, https:\/\/serveiseducatius.xtec.cat\/baixllobregat1\/wp-content\/uploads\/usu767\/2024\/05\/Screenshot-12.png 786w\" sizes=\"auto, (max-width: 487px) 100vw, 487px\" \/><\/p>\n<\/div>\n<\/div>\n<\/div>\n<\/div>\n","protected":false},"excerpt":{"rendered":"<p>Aquesta incubadora autom\u00e0tica pot contenir 36 ous i est\u00e0 equipada amb rodets giratoris que es poden col\u00b7locar a diferents separacions per col\u00b7locar ous grans i petits de pollastres, \u00e0necs, pardals i altres ocells. L&#8217;OBI-36 ve amb un manual intu\u00eftiu i una pantalla digital que mostra la temperatura i la humitat de forma precisa. Ve amb [&hellip;]<\/p>\n","protected":false},"author":10,"featured_media":0,"parent":4405,"menu_order":8,"comment_status":"closed","ping_status":"closed","template":"page-templates\/side-menu.php","meta":{"_bbp_topic_count":0,"_bbp_reply_count":0,"_bbp_total_topic_count":0,"_bbp_total_reply_count":0,"_bbp_voice_count":0,"_bbp_anonymous_reply_count":0,"_bbp_topic_count_hidden":0,"_bbp_reply_count_hidden":0,"_bbp_forum_subforum_count":0,"site-sidebar-layout":"default","site-content-layout":"","ast-site-content-layout":"","site-content-style":"default","site-sidebar-style":"default","ast-global-header-display":"","ast-banner-title-visibility":"","ast-main-header-display":"","ast-hfb-above-header-display":"","ast-hfb-below-header-display":"","ast-hfb-mobile-header-display":"","site-post-title":"","ast-breadcrumbs-content":"","ast-featured-img":"","footer-sml-layout":"","theme-transparent-header-meta":"","adv-header-id-meta":"","stick-header-meta":"","header-above-stick-meta":"","header-main-stick-meta":"","header-below-stick-meta":"","astra-migrate-meta-layouts":"default","ast-page-background-enabled":"default","ast-page-background-meta":{"desktop":{"background-color":"var(--ast-global-color-4)","background-image":"","background-repeat":"repeat","background-position":"center center","background-size":"auto","background-attachment":"scroll","background-type":"","background-media":"","overlay-type":"","overlay-color":"","overlay-opacity":"","overlay-gradient":""},"tablet":{"background-color":"","background-image":"","background-repeat":"repeat","background-position":"center center","background-size":"auto","background-attachment":"scroll","background-type":"","background-media":"","overlay-type":"","overlay-color":"","overlay-opacity":"","overlay-gradient":""},"mobile":{"background-color":"","background-image":"","background-repeat":"repeat","background-position":"center center","background-size":"auto","background-attachment":"scroll","background-type":"","background-media":"","overlay-type":"","overlay-color":"","overlay-opacity":"","overlay-gradient":""}},"ast-content-background-meta":{"desktop":{"background-color":"var(--ast-global-color-5)","background-image":"","background-repeat":"repeat","background-position":"center center","background-size":"auto","background-attachment":"scroll","background-type":"","background-media":"","overlay-type":"","overlay-color":"","overlay-opacity":"","overlay-gradient":""},"tablet":{"background-color":"var(--ast-global-color-5)","background-image":"","background-repeat":"repeat","background-position":"center center","background-size":"auto","background-attachment":"scroll","background-type":"","background-media":"","overlay-type":"","overlay-color":"","overlay-opacity":"","overlay-gradient":""},"mobile":{"background-color":"var(--ast-global-color-5)","background-image":"","background-repeat":"repeat","background-position":"center center","background-size":"auto","background-attachment":"scroll","background-type":"","background-media":"","overlay-type":"","overlay-color":"","overlay-opacity":"","overlay-gradient":""}},"footnotes":""},"class_list":["post-7227","page","type-page","status-publish","hentry"],"post_mailing_queue_ids":[],"_links":{"self":[{"href":"https:\/\/serveiseducatius.xtec.cat\/baixllobregat1\/wp-json\/wp\/v2\/pages\/7227","targetHints":{"allow":["GET"]}}],"collection":[{"href":"https:\/\/serveiseducatius.xtec.cat\/baixllobregat1\/wp-json\/wp\/v2\/pages"}],"about":[{"href":"https:\/\/serveiseducatius.xtec.cat\/baixllobregat1\/wp-json\/wp\/v2\/types\/page"}],"author":[{"embeddable":true,"href":"https:\/\/serveiseducatius.xtec.cat\/baixllobregat1\/wp-json\/wp\/v2\/users\/10"}],"replies":[{"embeddable":true,"href":"https:\/\/serveiseducatius.xtec.cat\/baixllobregat1\/wp-json\/wp\/v2\/comments?post=7227"}],"version-history":[{"count":4,"href":"https:\/\/serveiseducatius.xtec.cat\/baixllobregat1\/wp-json\/wp\/v2\/pages\/7227\/revisions"}],"predecessor-version":[{"id":7235,"href":"https:\/\/serveiseducatius.xtec.cat\/baixllobregat1\/wp-json\/wp\/v2\/pages\/7227\/revisions\/7235"}],"up":[{"embeddable":true,"href":"https:\/\/serveiseducatius.xtec.cat\/baixllobregat1\/wp-json\/wp\/v2\/pages\/4405"}],"wp:attachment":[{"href":"https:\/\/serveiseducatius.xtec.cat\/baixllobregat1\/wp-json\/wp\/v2\/media?parent=7227"}],"curies":[{"name":"wp","href":"https:\/\/api.w.org\/{rel}","templated":true}]}}