{"id":7221,"date":"2024-05-02T11:02:06","date_gmt":"2024-05-02T09:02:06","guid":{"rendered":"https:\/\/serveiseducatius.xtec.cat\/baixllobregat1\/?page_id=7221"},"modified":"2026-02-18T12:35:24","modified_gmt":"2026-02-18T11:35:24","slug":"minecraft-educatiu","status":"publish","type":"page","link":"https:\/\/serveiseducatius.xtec.cat\/baixllobregat1\/recursos\/programacio-i-robotica\/minecraft-educatiu\/","title":{"rendered":"Minecraft Educatiu"},"content":{"rendered":"<p>El Centre de Recursos Pedag\u00f2gics del Baix LLobregat 1 posa\u00a0 en<strong> pr\u00e9stec<\/strong> als centres educatius de la zona <strong>usuaris de docents i d&#8217;alumnes<\/strong> per poder fer \u00fas de del Minecraft Educatiu.<\/p>\n<p>Per fer la reserva, poseu-vos en contacte per correu electr\u00f2nic a: <a href=\"mailto:crp-santfeliu2@xtec.cat\" target=\"_blank\" rel=\"noopener\">crp-santfeliu@xtec.cat<\/a><\/p>\n<p><img loading=\"lazy\" decoding=\"async\" class=\"wp-image-7217 aligncenter\" src=\"https:\/\/serveiseducatius.xtec.cat\/baixllobregat1\/wp-content\/uploads\/usu767\/2024\/05\/3071158-300x171.jpeg\" alt=\"\" width=\"472\" height=\"269\" srcset=\"https:\/\/serveiseducatius.xtec.cat\/baixllobregat1\/wp-content\/uploads\/usu767\/2024\/05\/3071158-300x171.jpeg 300w, https:\/\/serveiseducatius.xtec.cat\/baixllobregat1\/wp-content\/uploads\/usu767\/2024\/05\/3071158-768x439.jpeg 768w, https:\/\/serveiseducatius.xtec.cat\/baixllobregat1\/wp-content\/uploads\/usu767\/2024\/05\/3071158.jpeg 875w\" sizes=\"auto, (max-width: 472px) 100vw, 472px\" \/><\/p>\n<p>&nbsp;<\/p>\n<p><strong>Recursos per al professorat:<\/strong><\/p>\n<p><a href=\"https:\/\/education.minecraft.net\/en-us\/resources\/explore-lessons\" target=\"_blank\" rel=\"noopener\">Minecraft Education Lessons Plans<\/a><\/p>\n<p><a href=\"https:\/\/education.minecraft.net\/en-us\/get-started\/download\" target=\"_blank\" rel=\"noopener\">Instal\u00b7lador<\/a><\/p>\n<p><strong>Alguns mons en catal\u00e0:<\/strong><\/p>\n<ul>\n<li><a href=\"https:\/\/drive.google.com\/file\/d\/1i9X33oeDz-IYdNvnBIUkldEB_Gq8oDdf\/view?usp=sharing\" target=\"_blank\" rel=\"noopener\">Tutorial d&#8217;iniciaci\u00f3<\/a> en catal\u00e0 per a l&#8217;aprenentatge d&#8217;utilitzaci\u00f3 de Minecraft Educatiu per Blocs. <a href=\"https:\/\/www.microsoft.com\/en-us\/education\/blog\/2018\/11\/whats-new-in-edu-minecraft-education-edition-gets-code-builder-and-launches-new-hour-of-code\/#mee2\" target=\"_blank\" rel=\"noopener\">M\u00e9s informaci\u00f3<\/a><\/li>\n<li><a href=\"https:\/\/drive.google.com\/file\/d\/1yYbFhFMNTC18XkO9o6RIkKoWhgY-Fksu\/view?usp=sharing\" target=\"_blank\" rel=\"noopener\">Medieval.Cat\u00a0\u00a0<\/a>(Hist\u00f2ria)<\/li>\n<li><a href=\"https:\/\/drive.google.com\/file\/d\/1MJJJH_MkOAfHBcQzSHvXivzKtuTawVPJ\/view?usp=drive_link\" target=\"_blank\" rel=\"noopener\">Planet Resquest<\/a> (Energia i medi ambient)<\/li>\n<\/ul>\n<p>Per saber-ne m\u00e9s, podeu visitar els <a href=\"https:\/\/www.youtube.com\/playlist?list=PL9kIMIDC1MxbwcEZzEd-OYYsPiTAICmL-\" target=\"_blank\" rel=\"noopener\">videotutorials<\/a>\u00a0de la professora Leti Ahumada<\/p>\n","protected":false},"excerpt":{"rendered":"<p>El Centre de Recursos Pedag\u00f2gics del Baix LLobregat 1 posa\u00a0 en pr\u00e9stec als centres educatius de la zona usuaris de docents i d&#8217;alumnes per poder fer \u00fas de del Minecraft Educatiu. Per fer la reserva, poseu-vos en contacte per correu electr\u00f2nic a: crp-santfeliu@xtec.cat &nbsp; Recursos per al professorat: Minecraft Education Lessons Plans Instal\u00b7lador Alguns mons [&hellip;]<\/p>\n","protected":false},"author":10,"featured_media":0,"parent":3996,"menu_order":21,"comment_status":"closed","ping_status":"closed","template":"page-templates\/side-menu.php","meta":{"_bbp_topic_count":0,"_bbp_reply_count":0,"_bbp_total_topic_count":0,"_bbp_total_reply_count":0,"_bbp_voice_count":0,"_bbp_anonymous_reply_count":0,"_bbp_topic_count_hidden":0,"_bbp_reply_count_hidden":0,"_bbp_forum_subforum_count":0,"site-sidebar-layout":"default","site-content-layout":"","ast-site-content-layout":"","site-content-style":"default","site-sidebar-style":"default","ast-global-header-display":"","ast-banner-title-visibility":"","ast-main-header-display":"","ast-hfb-above-header-display":"","ast-hfb-below-header-display":"","ast-hfb-mobile-header-display":"","site-post-title":"","ast-breadcrumbs-content":"","ast-featured-img":"","footer-sml-layout":"","theme-transparent-header-meta":"","adv-header-id-meta":"","stick-header-meta":"","header-above-stick-meta":"","header-main-stick-meta":"","header-below-stick-meta":"","astra-migrate-meta-layouts":"default","ast-page-background-enabled":"default","ast-page-background-meta":{"desktop":{"background-color":"var(--ast-global-color-4)","background-image":"","background-repeat":"repeat","background-position":"center center","background-size":"auto","background-attachment":"scroll","background-type":"","background-media":"","overlay-type":"","overlay-color":"","overlay-opacity":"","overlay-gradient":""},"tablet":{"background-color":"","background-image":"","background-repeat":"repeat","background-position":"center center","background-size":"auto","background-attachment":"scroll","background-type":"","background-media":"","overlay-type":"","overlay-color":"","overlay-opacity":"","overlay-gradient":""},"mobile":{"background-color":"","background-image":"","background-repeat":"repeat","background-position":"center center","background-size":"auto","background-attachment":"scroll","background-type":"","background-media":"","overlay-type":"","overlay-color":"","overlay-opacity":"","overlay-gradient":""}},"ast-content-background-meta":{"desktop":{"background-color":"var(--ast-global-color-5)","background-image":"","background-repeat":"repeat","background-position":"center center","background-size":"auto","background-attachment":"scroll","background-type":"","background-media":"","overlay-type":"","overlay-color":"","overlay-opacity":"","overlay-gradient":""},"tablet":{"background-color":"var(--ast-global-color-5)","background-image":"","background-repeat":"repeat","background-position":"center center","background-size":"auto","background-attachment":"scroll","background-type":"","background-media":"","overlay-type":"","overlay-color":"","overlay-opacity":"","overlay-gradient":""},"mobile":{"background-color":"var(--ast-global-color-5)","background-image":"","background-repeat":"repeat","background-position":"center center","background-size":"auto","background-attachment":"scroll","background-type":"","background-media":"","overlay-type":"","overlay-color":"","overlay-opacity":"","overlay-gradient":""}},"footnotes":""},"class_list":["post-7221","page","type-page","status-publish","hentry"],"post_mailing_queue_ids":[],"_links":{"self":[{"href":"https:\/\/serveiseducatius.xtec.cat\/baixllobregat1\/wp-json\/wp\/v2\/pages\/7221","targetHints":{"allow":["GET"]}}],"collection":[{"href":"https:\/\/serveiseducatius.xtec.cat\/baixllobregat1\/wp-json\/wp\/v2\/pages"}],"about":[{"href":"https:\/\/serveiseducatius.xtec.cat\/baixllobregat1\/wp-json\/wp\/v2\/types\/page"}],"author":[{"embeddable":true,"href":"https:\/\/serveiseducatius.xtec.cat\/baixllobregat1\/wp-json\/wp\/v2\/users\/10"}],"replies":[{"embeddable":true,"href":"https:\/\/serveiseducatius.xtec.cat\/baixllobregat1\/wp-json\/wp\/v2\/comments?post=7221"}],"version-history":[{"count":6,"href":"https:\/\/serveiseducatius.xtec.cat\/baixllobregat1\/wp-json\/wp\/v2\/pages\/7221\/revisions"}],"predecessor-version":[{"id":7859,"href":"https:\/\/serveiseducatius.xtec.cat\/baixllobregat1\/wp-json\/wp\/v2\/pages\/7221\/revisions\/7859"}],"up":[{"embeddable":true,"href":"https:\/\/serveiseducatius.xtec.cat\/baixllobregat1\/wp-json\/wp\/v2\/pages\/3996"}],"wp:attachment":[{"href":"https:\/\/serveiseducatius.xtec.cat\/baixllobregat1\/wp-json\/wp\/v2\/media?parent=7221"}],"curies":[{"name":"wp","href":"https:\/\/api.w.org\/{rel}","templated":true}]}}