{"id":608,"date":"2015-11-27T10:04:51","date_gmt":"2015-11-27T09:04:51","guid":{"rendered":"http:\/\/serveiseducatius.xtec.cat\/se-baixllobregat1\/?page_id=608"},"modified":"2026-03-25T12:32:42","modified_gmt":"2026-03-25T11:32:42","slug":"horari-i-calendari","status":"publish","type":"page","link":"https:\/\/serveiseducatius.xtec.cat\/baixllobregat1\/el-servei-educatiu\/horari-i-calendari\/","title":{"rendered":"Horari i calendari"},"content":{"rendered":"<h2 style=\"text-align: left;\">Curs escolar 2025-2026<\/h2>\n<p><span style=\"color: #000000;\"><strong>HORARI<\/strong><\/span><\/p>\n<p><span style=\"color: #000000;\">L&#8217;<\/span><span style=\"color: #000000;\">horari d&#8217;atenci\u00f3 directe als centres i al professorat, s<\/span>er\u00e0 de dilluns a\u00a0divendres:<\/p>\n<ul>\n<li>Matins de<strong> 8.30<\/strong>\u00a0a <strong>14 <\/strong>hores<\/li>\n<li>Tardes de\u00a0 dilluns a dijous de <strong>15<\/strong> a <strong>18<\/strong> hores<\/li>\n<\/ul>\n<p><span style=\"color: #000000;\">Del 8 de juny al 15 de juliol, l<\/span><span style=\"color: #000000;\">&#8216;horari es realitzar\u00e0 en jornada continuada de\u00a0 <strong>8,30<\/strong> a <strong>14,30<\/strong>\u00a0 hores.<\/span><\/p>\n<p><strong>CALENDARI<\/strong><\/p>\n<p><iframe loading=\"lazy\" src=\"https:\/\/drive.google.com\/file\/d\/1sBm8b_uP0hRG3-D9tvXhrKDy7KdO44Lc\/preview\" width=\"820\" height=\"590\"><\/iframe><\/p>\n<p>Els dies que el servei educatiu romandr\u00e0 tancat al p\u00fablic per festa local o de lliure disposici\u00f3 s\u00f3n:<\/p>\n<ul>\n<li><strong>10 d&#8217;octubre de 2025<\/strong>\u00a0(festa local)<\/li>\n<li><strong>3 de novembre de 2025<\/strong>\u00a0(festa de lliure disposici\u00f3)<\/li>\n<li><strong>16 de febrer de 2026<\/strong>\u00a0(festa de lliure disposici\u00f3)<\/li>\n<li><strong>13 de mar\u00e7 de 2026 <\/strong>(festa de lliure disposici\u00f3)<\/li>\n<li><strong>25 de maig de 2026<\/strong> (festa local)<\/li>\n<li><strong>5 de juny de 2026<\/strong> (festa de lliure disposici\u00f3)<\/li>\n<\/ul>\n","protected":false},"excerpt":{"rendered":"<p>Curs escolar 2025-2026 HORARI L&#8217;horari d&#8217;atenci\u00f3 directe als centres i al professorat, ser\u00e0 de dilluns a\u00a0divendres: Matins de 8.30\u00a0a 14 hores Tardes de\u00a0 dilluns a dijous de 15 a 18 hores Del 8 de juny al 15 de juliol, l&#8216;horari es realitzar\u00e0 en jornada continuada de\u00a0 8,30 a 14,30\u00a0 hores. CALENDARI Els dies que el [&hellip;]<\/p>\n","protected":false},"author":1,"featured_media":0,"parent":806,"menu_order":30,"comment_status":"closed","ping_status":"closed","template":"","meta":{"_bbp_topic_count":0,"_bbp_reply_count":0,"_bbp_total_topic_count":0,"_bbp_total_reply_count":0,"_bbp_voice_count":0,"_bbp_anonymous_reply_count":0,"_bbp_topic_count_hidden":0,"_bbp_reply_count_hidden":0,"_bbp_forum_subforum_count":0,"site-sidebar-layout":"default","site-content-layout":"","ast-site-content-layout":"default","site-content-style":"default","site-sidebar-style":"default","ast-global-header-display":"","ast-banner-title-visibility":"","ast-main-header-display":"","ast-hfb-above-header-display":"","ast-hfb-below-header-display":"","ast-hfb-mobile-header-display":"","site-post-title":"","ast-breadcrumbs-content":"","ast-featured-img":"","footer-sml-layout":"","theme-transparent-header-meta":"","adv-header-id-meta":"","stick-header-meta":"","header-above-stick-meta":"","header-main-stick-meta":"","header-below-stick-meta":"","astra-migrate-meta-layouts":"set","ast-page-background-enabled":"default","ast-page-background-meta":{"desktop":{"background-color":"var(--ast-global-color-4)","background-image":"","background-repeat":"repeat","background-position":"center center","background-size":"auto","background-attachment":"scroll","background-type":"","background-media":"","overlay-type":"","overlay-color":"","overlay-opacity":"","overlay-gradient":""},"tablet":{"background-color":"","background-image":"","background-repeat":"repeat","background-position":"center center","background-size":"auto","background-attachment":"scroll","background-type":"","background-media":"","overlay-type":"","overlay-color":"","overlay-opacity":"","overlay-gradient":""},"mobile":{"background-color":"","background-image":"","background-repeat":"repeat","background-position":"center center","background-size":"auto","background-attachment":"scroll","background-type":"","background-media":"","overlay-type":"","overlay-color":"","overlay-opacity":"","overlay-gradient":""}},"ast-content-background-meta":{"desktop":{"background-color":"var(--ast-global-color-5)","background-image":"","background-repeat":"repeat","background-position":"center center","background-size":"auto","background-attachment":"scroll","background-type":"","background-media":"","overlay-type":"","overlay-color":"","overlay-opacity":"","overlay-gradient":""},"tablet":{"background-color":"var(--ast-global-color-5)","background-image":"","background-repeat":"repeat","background-position":"center center","background-size":"auto","background-attachment":"scroll","background-type":"","background-media":"","overlay-type":"","overlay-color":"","overlay-opacity":"","overlay-gradient":""},"mobile":{"background-color":"var(--ast-global-color-5)","background-image":"","background-repeat":"repeat","background-position":"center center","background-size":"auto","background-attachment":"scroll","background-type":"","background-media":"","overlay-type":"","overlay-color":"","overlay-opacity":"","overlay-gradient":""}},"footnotes":""},"class_list":["post-608","page","type-page","status-publish","hentry"],"post_mailing_queue_ids":[],"_links":{"self":[{"href":"https:\/\/serveiseducatius.xtec.cat\/baixllobregat1\/wp-json\/wp\/v2\/pages\/608","targetHints":{"allow":["GET"]}}],"collection":[{"href":"https:\/\/serveiseducatius.xtec.cat\/baixllobregat1\/wp-json\/wp\/v2\/pages"}],"about":[{"href":"https:\/\/serveiseducatius.xtec.cat\/baixllobregat1\/wp-json\/wp\/v2\/types\/page"}],"author":[{"embeddable":true,"href":"https:\/\/serveiseducatius.xtec.cat\/baixllobregat1\/wp-json\/wp\/v2\/users\/1"}],"replies":[{"embeddable":true,"href":"https:\/\/serveiseducatius.xtec.cat\/baixllobregat1\/wp-json\/wp\/v2\/comments?post=608"}],"version-history":[{"count":6,"href":"https:\/\/serveiseducatius.xtec.cat\/baixllobregat1\/wp-json\/wp\/v2\/pages\/608\/revisions"}],"predecessor-version":[{"id":8951,"href":"https:\/\/serveiseducatius.xtec.cat\/baixllobregat1\/wp-json\/wp\/v2\/pages\/608\/revisions\/8951"}],"up":[{"embeddable":true,"href":"https:\/\/serveiseducatius.xtec.cat\/baixllobregat1\/wp-json\/wp\/v2\/pages\/806"}],"wp:attachment":[{"href":"https:\/\/serveiseducatius.xtec.cat\/baixllobregat1\/wp-json\/wp\/v2\/media?parent=608"}],"curies":[{"name":"wp","href":"https:\/\/api.w.org\/{rel}","templated":true}]}}