{"id":5408,"date":"2022-03-18T13:06:15","date_gmt":"2022-03-18T12:06:15","guid":{"rendered":"https:\/\/serveiseducatius.xtec.cat\/baixllobregat1\/?page_id=5408"},"modified":"2022-03-23T22:38:24","modified_gmt":"2022-03-23T21:38:24","slug":"materials-de-la-formacio-del-programa-tenim-la-paraula","status":"publish","type":"page","link":"https:\/\/serveiseducatius.xtec.cat\/baixllobregat1\/materials-de-la-formacio-del-programa-tenim-la-paraula\/","title":{"rendered":"Materials de la formaci\u00f3 del programa: Tenim la paraula"},"content":{"rendered":"<p>El programa tenim la paraula es basa en dues activitats:<\/p>\n<p><strong>1- Activitats de comunicaci\u00f3 oral en un centre educatiu 1. (Seminari de coordinaci\u00f3 d&#8217;equips de centre)<\/strong><br \/>\nAquest activitat formativa est\u00e0 adre\u00e7ada als equips de centre o equips impulsors. Es desenvolupa, d&#8217;una banda, mitjan\u00e7ant reunions de xarxa, anomenades plenaris i, de l&#8217;altra, amb reunions de treball intern, on els docents duen a terme un proc\u00e9s de reflexi\u00f3 i millora.<\/p>\n<p><strong>2- Comunicaci\u00f3 oral en un centre educatiu 1 (Formaci\u00f3 en centre)<\/strong><br \/>\nAquesta activitat formativa est\u00e0 adre\u00e7ada a l&#8217;equip de centre i a altres docents del claustre.<\/p>\n<p><span style=\"color: #800000;\"><strong>Materials de l&#8217;activitat: Activitats de comunicaci\u00f3 oral en un centre educatiu 1<\/strong><\/span><\/p>\n<p><em>(Acc\u00e9s restringit a les persones que participen a la formaci\u00f3)<\/em><\/p>\n<ul>\n<li><a href=\"https:\/\/drive.google.com\/file\/d\/1BZYV3-Z0fnfeYgvjSEXSZYMmOgPFpkWZ\/view?usp=sharing\" target=\"_blank\" rel=\"noopener\">Plenari 1<\/a><\/li>\n<li><a href=\"https:\/\/drive.google.com\/file\/d\/1TLgZVDQTrbEVKDUjzgVQ_41mhbwfRFjH\/view?usp=sharing\" target=\"_blank\" rel=\"noopener\">Plenari 2<\/a><\/li>\n<li><a href=\"https:\/\/drive.google.com\/file\/d\/1riLhKRlwDQAVe_izrftpDF1TGrSdeysM\/view?usp=sharing\" target=\"_blank\" rel=\"noopener\">Plenari 3<\/a><\/li>\n<li><a href=\"https:\/\/drive.google.com\/file\/d\/1HRm5JQW68mOFsvpbtt-a2xN1NQdz2RL9\/view?usp=sharing\" target=\"_blank\" rel=\"noopener\">Plenari 4<\/a><\/li>\n<li><strong>Plenari 5:\u00a0<\/strong> 16 de maig de 2022<\/li>\n<\/ul>\n<p><span style=\"color: #800000;\"><strong>Materials de l&#8217;activitat: Comunicaci\u00f3 oral en un centre educatiu 1.<\/strong><\/span><\/p>\n<p><a href=\"https:\/\/odissea.xtec.cat\/course\/view.php?id=97049\" target=\"_blank\" rel=\"noopener\"><img loading=\"lazy\" decoding=\"async\" class=\"size-full wp-image-5412 alignleft\" src=\"https:\/\/serveiseducatius.xtec.cat\/baixllobregat1\/wp-content\/uploads\/usu767\/2022\/03\/odissea-1.png\" alt=\"\" width=\"311\" height=\"89\" srcset=\"https:\/\/serveiseducatius.xtec.cat\/baixllobregat1\/wp-content\/uploads\/usu767\/2022\/03\/odissea-1.png 311w, https:\/\/serveiseducatius.xtec.cat\/baixllobregat1\/wp-content\/uploads\/usu767\/2022\/03\/odissea-1-300x86.png 300w\" sizes=\"auto, (max-width: 311px) 100vw, 311px\" \/><\/a><\/p>\n<p>&nbsp;<\/p>\n<p>&nbsp;<\/p>\n<p>&nbsp;<\/p>\n","protected":false},"excerpt":{"rendered":"<p>El programa tenim la paraula es basa en dues activitats: 1- Activitats de comunicaci\u00f3 oral en un centre educatiu 1. (Seminari de coordinaci\u00f3 d&#8217;equips de centre) Aquest activitat formativa est\u00e0 adre\u00e7ada als equips de centre o equips impulsors. Es desenvolupa, d&#8217;una banda, mitjan\u00e7ant reunions de xarxa, anomenades plenaris i, de l&#8217;altra, amb reunions de treball [&hellip;]<\/p>\n","protected":false},"author":10,"featured_media":0,"parent":0,"menu_order":0,"comment_status":"closed","ping_status":"closed","template":"","meta":{"_bbp_topic_count":0,"_bbp_reply_count":0,"_bbp_total_topic_count":0,"_bbp_total_reply_count":0,"_bbp_voice_count":0,"_bbp_anonymous_reply_count":0,"_bbp_topic_count_hidden":0,"_bbp_reply_count_hidden":0,"_bbp_forum_subforum_count":0,"site-sidebar-layout":"default","site-content-layout":"","ast-site-content-layout":"","site-content-style":"default","site-sidebar-style":"default","ast-global-header-display":"","ast-banner-title-visibility":"","ast-main-header-display":"","ast-hfb-above-header-display":"","ast-hfb-below-header-display":"","ast-hfb-mobile-header-display":"","site-post-title":"","ast-breadcrumbs-content":"","ast-featured-img":"","footer-sml-layout":"","theme-transparent-header-meta":"","adv-header-id-meta":"","stick-header-meta":"","header-above-stick-meta":"","header-main-stick-meta":"","header-below-stick-meta":"","astra-migrate-meta-layouts":"default","ast-page-background-enabled":"default","ast-page-background-meta":{"desktop":{"background-color":"var(--ast-global-color-4)","background-image":"","background-repeat":"repeat","background-position":"center center","background-size":"auto","background-attachment":"scroll","background-type":"","background-media":"","overlay-type":"","overlay-color":"","overlay-opacity":"","overlay-gradient":""},"tablet":{"background-color":"","background-image":"","background-repeat":"repeat","background-position":"center center","background-size":"auto","background-attachment":"scroll","background-type":"","background-media":"","overlay-type":"","overlay-color":"","overlay-opacity":"","overlay-gradient":""},"mobile":{"background-color":"","background-image":"","background-repeat":"repeat","background-position":"center center","background-size":"auto","background-attachment":"scroll","background-type":"","background-media":"","overlay-type":"","overlay-color":"","overlay-opacity":"","overlay-gradient":""}},"ast-content-background-meta":{"desktop":{"background-color":"var(--ast-global-color-5)","background-image":"","background-repeat":"repeat","background-position":"center center","background-size":"auto","background-attachment":"scroll","background-type":"","background-media":"","overlay-type":"","overlay-color":"","overlay-opacity":"","overlay-gradient":""},"tablet":{"background-color":"var(--ast-global-color-5)","background-image":"","background-repeat":"repeat","background-position":"center center","background-size":"auto","background-attachment":"scroll","background-type":"","background-media":"","overlay-type":"","overlay-color":"","overlay-opacity":"","overlay-gradient":""},"mobile":{"background-color":"var(--ast-global-color-5)","background-image":"","background-repeat":"repeat","background-position":"center center","background-size":"auto","background-attachment":"scroll","background-type":"","background-media":"","overlay-type":"","overlay-color":"","overlay-opacity":"","overlay-gradient":""}},"footnotes":""},"class_list":["post-5408","page","type-page","status-publish","hentry"],"post_mailing_queue_ids":[],"_links":{"self":[{"href":"https:\/\/serveiseducatius.xtec.cat\/baixllobregat1\/wp-json\/wp\/v2\/pages\/5408","targetHints":{"allow":["GET"]}}],"collection":[{"href":"https:\/\/serveiseducatius.xtec.cat\/baixllobregat1\/wp-json\/wp\/v2\/pages"}],"about":[{"href":"https:\/\/serveiseducatius.xtec.cat\/baixllobregat1\/wp-json\/wp\/v2\/types\/page"}],"author":[{"embeddable":true,"href":"https:\/\/serveiseducatius.xtec.cat\/baixllobregat1\/wp-json\/wp\/v2\/users\/10"}],"replies":[{"embeddable":true,"href":"https:\/\/serveiseducatius.xtec.cat\/baixllobregat1\/wp-json\/wp\/v2\/comments?post=5408"}],"version-history":[{"count":4,"href":"https:\/\/serveiseducatius.xtec.cat\/baixllobregat1\/wp-json\/wp\/v2\/pages\/5408\/revisions"}],"predecessor-version":[{"id":5504,"href":"https:\/\/serveiseducatius.xtec.cat\/baixllobregat1\/wp-json\/wp\/v2\/pages\/5408\/revisions\/5504"}],"wp:attachment":[{"href":"https:\/\/serveiseducatius.xtec.cat\/baixllobregat1\/wp-json\/wp\/v2\/media?parent=5408"}],"curies":[{"name":"wp","href":"https:\/\/api.w.org\/{rel}","templated":true}]}}