{"id":4240,"date":"2021-09-07T09:18:29","date_gmt":"2021-09-07T07:18:29","guid":{"rendered":"https:\/\/serveiseducatius.xtec.cat\/baixllobregat1\/?page_id=4240"},"modified":"2021-09-16T10:55:37","modified_gmt":"2021-09-16T08:55:37","slug":"maleta-geometria-primaria","status":"publish","type":"page","link":"https:\/\/serveiseducatius.xtec.cat\/baixllobregat1\/recursos\/maletes-pedagogiques\/maletes-per-ambits-curriculars\/maleta-geometria-primaria\/","title":{"rendered":"Maleta geometria prim\u00e0ria"},"content":{"rendered":"<p>&nbsp;<\/p>\n<table style=\"width: 100%; border-collapse: collapse; border-color: #ffffff;\">\n<tbody>\n<tr>\n<td style=\"width: 50%;\"><img loading=\"lazy\" decoding=\"async\" class=\"size-medium wp-image-4247 aligncenter\" src=\"https:\/\/serveiseducatius.xtec.cat\/baixllobregat1\/wp-content\/uploads\/usu767\/2021\/09\/WhatsApp-Image-2021-09-07-at-12.32.04-300x225.jpeg\" alt=\"\" width=\"300\" height=\"225\" srcset=\"https:\/\/serveiseducatius.xtec.cat\/baixllobregat1\/wp-content\/uploads\/usu767\/2021\/09\/WhatsApp-Image-2021-09-07-at-12.32.04-300x225.jpeg 300w, https:\/\/serveiseducatius.xtec.cat\/baixllobregat1\/wp-content\/uploads\/usu767\/2021\/09\/WhatsApp-Image-2021-09-07-at-12.32.04-1024x768.jpeg 1024w, https:\/\/serveiseducatius.xtec.cat\/baixllobregat1\/wp-content\/uploads\/usu767\/2021\/09\/WhatsApp-Image-2021-09-07-at-12.32.04-768x576.jpeg 768w, https:\/\/serveiseducatius.xtec.cat\/baixllobregat1\/wp-content\/uploads\/usu767\/2021\/09\/WhatsApp-Image-2021-09-07-at-12.32.04-1536x1152.jpeg 1536w, https:\/\/serveiseducatius.xtec.cat\/baixllobregat1\/wp-content\/uploads\/usu767\/2021\/09\/WhatsApp-Image-2021-09-07-at-12.32.04-200x150.jpeg 200w, https:\/\/serveiseducatius.xtec.cat\/baixllobregat1\/wp-content\/uploads\/usu767\/2021\/09\/WhatsApp-Image-2021-09-07-at-12.32.04.jpeg 1600w\" sizes=\"auto, (max-width: 300px) 100vw, 300px\" \/><\/td>\n<td style=\"width: 50%;\"><img loading=\"lazy\" decoding=\"async\" class=\"size-medium wp-image-4241 aligncenter\" src=\"https:\/\/serveiseducatius.xtec.cat\/baixllobregat1\/wp-content\/uploads\/usu767\/2021\/09\/WhatsApp-Image-2021-09-07-at-09.15.51-300x225.jpeg\" alt=\"\" width=\"300\" height=\"225\" srcset=\"https:\/\/serveiseducatius.xtec.cat\/baixllobregat1\/wp-content\/uploads\/usu767\/2021\/09\/WhatsApp-Image-2021-09-07-at-09.15.51-300x225.jpeg 300w, https:\/\/serveiseducatius.xtec.cat\/baixllobregat1\/wp-content\/uploads\/usu767\/2021\/09\/WhatsApp-Image-2021-09-07-at-09.15.51-1024x768.jpeg 1024w, https:\/\/serveiseducatius.xtec.cat\/baixllobregat1\/wp-content\/uploads\/usu767\/2021\/09\/WhatsApp-Image-2021-09-07-at-09.15.51-768x576.jpeg 768w, https:\/\/serveiseducatius.xtec.cat\/baixllobregat1\/wp-content\/uploads\/usu767\/2021\/09\/WhatsApp-Image-2021-09-07-at-09.15.51-1536x1152.jpeg 1536w, https:\/\/serveiseducatius.xtec.cat\/baixllobregat1\/wp-content\/uploads\/usu767\/2021\/09\/WhatsApp-Image-2021-09-07-at-09.15.51-200x150.jpeg 200w, https:\/\/serveiseducatius.xtec.cat\/baixllobregat1\/wp-content\/uploads\/usu767\/2021\/09\/WhatsApp-Image-2021-09-07-at-09.15.51.jpeg 2016w\" sizes=\"auto, (max-width: 300px) 100vw, 300px\" \/><\/td>\n<\/tr>\n<\/tbody>\n<\/table>\n<table style=\"background-color: #ffffff; width: 90.7324%; border-style: inset; height: 518px;\" border=\"0\" width=\"680\" cellspacing=\"0\" cellpadding=\"0\" align=\"center\">\n<tbody>\n<tr bgcolor=\"#FCFDCE\">\n<td style=\"width: 99.8519%;\" colspan=\"2\"><span style=\"color: #000000; font-family: Arial, Helvetica, sans-serif; font-size: medium;\"><b>Relaci\u00f3 de materials que s&#8217;hi troben:<br \/>\n<\/b><\/span><\/td>\n<\/tr>\n<tr bgcolor=\"#FCFDCE\">\n<td style=\"width: 28.8889%;\" valign=\"top\" bgcolor=\"#FCFDCE\">\n<div align=\"right\"><span style=\"font-family: Arial, Helvetica, sans-serif; font-size: medium; color: #000000;\"><b>CREATOR:\u00a0<\/b><\/span><\/div>\n<\/td>\n<td style=\"width: 70.963%;\"><span style=\"font-family: Arial, Helvetica, sans-serif; color: #000000;\">Figures geom\u00e8triques planes, de diferents colors i encaixables pensades per construir cossos geom\u00e8trics, fer mosaics i descomposicions.<br \/>\n<span style=\"font-size: small;\">Nombre d&#8217;unitats disponibles: 1<br \/>\n<\/span><\/span><\/td>\n<\/tr>\n<tr bgcolor=\"#FCFDCE\">\n<td style=\"width: 28.8889%;\" valign=\"top\" bgcolor=\"#FCFDCE\">\n<div align=\"right\"><span style=\"font-family: Arial, Helvetica, sans-serif; font-size: medium; color: #000000;\"><b>GEOPL\u00c0 QUADRAT:\u00a0<\/b><\/span><\/div>\n<\/td>\n<td style=\"width: 70.963%;\"><span style=\"font-family: Arial, Helvetica, sans-serif; font-size: medium; color: #000000;\">Recurs que facilita l&#8217;estudi d&#8217;un espai bidimensional concret a partir d&#8217;una base de fusta amb 25 pivots que serveixen de punts de refer\u00e8ncia per a la construcci\u00f3 de figures geom\u00e8triques amb gomes el\u00e0stiques i per a l&#8217;estudi de les \u00e0rees constru\u00efdes.<\/span><br \/>\n<span style=\"font-family: Arial, Helvetica, sans-serif; color: #000000;\"><span style=\"font-size: small;\">Nombre d&#8217;unitats disponibles: 5<br \/>\n<\/span><\/span><\/td>\n<\/tr>\n<tr bgcolor=\"#FCFDCE\">\n<td style=\"width: 28.8889%;\" valign=\"top\" bgcolor=\"#FCFDCE\">\n<div align=\"right\"><span style=\"font-family: Arial, Helvetica, sans-serif; font-size: medium; color: #000000;\"><b>MULTILINK:\u00a0<\/b><\/span><\/div>\n<\/td>\n<td style=\"width: 70.963%;\"><span style=\"font-family: Arial, Helvetica, sans-serif; font-size: medium; color: #000000;\">Joc de cubs de 2x2cm encaixables de 10 colors diferents amb els quals es poden fer construccions senzilles o realitzar altres treballs que recolzin l&#8217;aprenentatge de conceptes matem\u00e0tics b\u00e0sics: sumes-restes, multiplicacions, agrupaments, comparacions, fraccions&#8230;<br \/>\n<span style=\"font-size: small;\">Nombre d&#8217;unitats disponibles: 1<\/span><\/span><\/td>\n<\/tr>\n<tr bgcolor=\"#FCFDCE\">\n<td style=\"width: 28.8889%;\" valign=\"top\" bgcolor=\"#FCFDCE\">\n<div align=\"right\"><span style=\"color: #000000;\"><b><span style=\"color: 006633; font-family: Arial, Helvetica, sans-serif; font-size: medium;\">PENTOMINO:\u00a0<\/span><\/b><\/span><\/div>\n<\/td>\n<td style=\"width: 70.963%;\"><span style=\"font-family: Arial, Helvetica, sans-serif; font-size: medium; color: #000000;\">Trencaclosques de 12 peces de forma diferent -per\u00f2 d&#8217;igual superf\u00edcie- que ofereix m\u00e9s de 1.000 combinacions diferents.<\/span><br \/>\n<span style=\"font-family: Arial, Helvetica, sans-serif; color: #000000;\"><span style=\"font-size: small;\">Nombre d&#8217;unitats disponibles: 5<\/span><\/span><\/td>\n<\/tr>\n<tr bgcolor=\"#FCFDCE\">\n<td style=\"width: 28.8889%;\" valign=\"top\" bgcolor=\"#FCFDCE\">\n<div align=\"right\"><span style=\"color: #000000;\"><b><span style=\"color: 006633; font-family: Arial, Helvetica, sans-serif; font-size: medium;\">TANGRAM:\u00a0<\/span><\/b><\/span><\/div>\n<\/td>\n<td style=\"width: 70.963%;\"><span style=\"font-family: Arial, Helvetica, sans-serif; font-size: medium; color: #000000;\">Trencaclosques d&#8217;origen xin\u00e8s de 7 peces (5 triangles diferents, i quadrat i 1 paral\u00b7lelogram) anomenades\u00a0<span style=\"font-size: small;\">&#8220;TANS&#8221;<\/span>\u00a0amb les quals cal confeccionar les figures.<\/span><br \/>\n<span style=\"font-family: Arial, Helvetica, sans-serif; color: #000000;\"><span style=\"font-size: small;\">Nombre d&#8217;unitats disponibles: 5<\/span><\/span><\/td>\n<\/tr>\n<tr bgcolor=\"#FCFDCE\">\n<td style=\"width: 28.8889%;\" valign=\"top\" bgcolor=\"#FCFDCE\">\n<div align=\"right\"><span style=\"color: #000000;\"><b><span style=\"font-family: Arial, Helvetica, sans-serif; font-size: medium;\">VOLUMS:\u00a0<\/span><\/b><\/span><\/div>\n<\/td>\n<td style=\"width: 70.963%;\"><span style=\"font-family: Arial, Helvetica, sans-serif; font-size: medium; color: #000000;\">Joc de tiges buides de 3 colors i longituds diferents, i nusos d&#8217;uni\u00f3 que permeten la construcci\u00f3 de tota mena de figures geom\u00e8triques (pol\u00edgons i pol\u00ededres) i de volums de lliure creaci\u00f3.<\/span><\/td>\n<\/tr>\n<\/tbody>\n<\/table>\n","protected":false},"excerpt":{"rendered":"<p>&nbsp; Relaci\u00f3 de materials que s&#8217;hi troben: CREATOR:\u00a0 Figures geom\u00e8triques planes, de diferents colors i encaixables pensades per construir cossos geom\u00e8trics, fer mosaics i descomposicions. Nombre d&#8217;unitats disponibles: 1 GEOPL\u00c0 QUADRAT:\u00a0 Recurs que facilita l&#8217;estudi d&#8217;un espai bidimensional concret a partir d&#8217;una base de fusta amb 25 pivots que serveixen de punts de refer\u00e8ncia per [&hellip;]<\/p>\n","protected":false},"author":10,"featured_media":0,"parent":2346,"menu_order":54,"comment_status":"closed","ping_status":"closed","template":"page-templates\/side-menu.php","meta":{"_bbp_topic_count":0,"_bbp_reply_count":0,"_bbp_total_topic_count":0,"_bbp_total_reply_count":0,"_bbp_voice_count":0,"_bbp_anonymous_reply_count":0,"_bbp_topic_count_hidden":0,"_bbp_reply_count_hidden":0,"_bbp_forum_subforum_count":0,"site-sidebar-layout":"default","site-content-layout":"","ast-site-content-layout":"","site-content-style":"default","site-sidebar-style":"default","ast-global-header-display":"","ast-banner-title-visibility":"","ast-main-header-display":"","ast-hfb-above-header-display":"","ast-hfb-below-header-display":"","ast-hfb-mobile-header-display":"","site-post-title":"","ast-breadcrumbs-content":"","ast-featured-img":"","footer-sml-layout":"","theme-transparent-header-meta":"","adv-header-id-meta":"","stick-header-meta":"","header-above-stick-meta":"","header-main-stick-meta":"","header-below-stick-meta":"","astra-migrate-meta-layouts":"default","ast-page-background-enabled":"default","ast-page-background-meta":{"desktop":{"background-color":"var(--ast-global-color-4)","background-image":"","background-repeat":"repeat","background-position":"center center","background-size":"auto","background-attachment":"scroll","background-type":"","background-media":"","overlay-type":"","overlay-color":"","overlay-opacity":"","overlay-gradient":""},"tablet":{"background-color":"","background-image":"","background-repeat":"repeat","background-position":"center center","background-size":"auto","background-attachment":"scroll","background-type":"","background-media":"","overlay-type":"","overlay-color":"","overlay-opacity":"","overlay-gradient":""},"mobile":{"background-color":"","background-image":"","background-repeat":"repeat","background-position":"center center","background-size":"auto","background-attachment":"scroll","background-type":"","background-media":"","overlay-type":"","overlay-color":"","overlay-opacity":"","overlay-gradient":""}},"ast-content-background-meta":{"desktop":{"background-color":"var(--ast-global-color-5)","background-image":"","background-repeat":"repeat","background-position":"center center","background-size":"auto","background-attachment":"scroll","background-type":"","background-media":"","overlay-type":"","overlay-color":"","overlay-opacity":"","overlay-gradient":""},"tablet":{"background-color":"var(--ast-global-color-5)","background-image":"","background-repeat":"repeat","background-position":"center center","background-size":"auto","background-attachment":"scroll","background-type":"","background-media":"","overlay-type":"","overlay-color":"","overlay-opacity":"","overlay-gradient":""},"mobile":{"background-color":"var(--ast-global-color-5)","background-image":"","background-repeat":"repeat","background-position":"center center","background-size":"auto","background-attachment":"scroll","background-type":"","background-media":"","overlay-type":"","overlay-color":"","overlay-opacity":"","overlay-gradient":""}},"footnotes":""},"class_list":["post-4240","page","type-page","status-publish","hentry"],"post_mailing_queue_ids":[],"_links":{"self":[{"href":"https:\/\/serveiseducatius.xtec.cat\/baixllobregat1\/wp-json\/wp\/v2\/pages\/4240","targetHints":{"allow":["GET"]}}],"collection":[{"href":"https:\/\/serveiseducatius.xtec.cat\/baixllobregat1\/wp-json\/wp\/v2\/pages"}],"about":[{"href":"https:\/\/serveiseducatius.xtec.cat\/baixllobregat1\/wp-json\/wp\/v2\/types\/page"}],"author":[{"embeddable":true,"href":"https:\/\/serveiseducatius.xtec.cat\/baixllobregat1\/wp-json\/wp\/v2\/users\/10"}],"replies":[{"embeddable":true,"href":"https:\/\/serveiseducatius.xtec.cat\/baixllobregat1\/wp-json\/wp\/v2\/comments?post=4240"}],"version-history":[{"count":3,"href":"https:\/\/serveiseducatius.xtec.cat\/baixllobregat1\/wp-json\/wp\/v2\/pages\/4240\/revisions"}],"predecessor-version":[{"id":4243,"href":"https:\/\/serveiseducatius.xtec.cat\/baixllobregat1\/wp-json\/wp\/v2\/pages\/4240\/revisions\/4243"}],"up":[{"embeddable":true,"href":"https:\/\/serveiseducatius.xtec.cat\/baixllobregat1\/wp-json\/wp\/v2\/pages\/2346"}],"wp:attachment":[{"href":"https:\/\/serveiseducatius.xtec.cat\/baixllobregat1\/wp-json\/wp\/v2\/media?parent=4240"}],"curies":[{"name":"wp","href":"https:\/\/api.w.org\/{rel}","templated":true}]}}