{"id":414,"date":"2015-11-25T15:58:37","date_gmt":"2015-11-25T14:58:37","guid":{"rendered":"http:\/\/serveiseducatius.xtec.cat\/se-baixllobregat1\/?page_id=414"},"modified":"2025-12-09T16:56:40","modified_gmt":"2025-12-09T15:56:40","slug":"pla-de-formacio-de-zona-pfz","status":"publish","type":"page","link":"https:\/\/serveiseducatius.xtec.cat\/baixllobregat1\/formacio\/pla-de-formacio-de-zona-pfz\/","title":{"rendered":"Pla de formaci\u00f3 de zona (PFZ) 2025-2026"},"content":{"rendered":"<p><a href=\"http:\/\/serveiseducatius.xtec.cat\/se-baixllobregat1\/wp-content\/uploads\/usu767\/2015\/11\/pfz.jpg\"><img loading=\"lazy\" decoding=\"async\" class=\" aire wp-image-422 alignright\" src=\"http:\/\/serveiseducatius.xtec.cat\/se-baixllobregat1\/wp-content\/uploads\/usu767\/2015\/11\/pfz.jpg\" alt=\"pfz\" width=\"142\" height=\"108\" srcset=\"https:\/\/serveiseducatius.xtec.cat\/baixllobregat1\/wp-content\/uploads\/usu767\/2015\/11\/pfz.jpg 258w, https:\/\/serveiseducatius.xtec.cat\/baixllobregat1\/wp-content\/uploads\/usu767\/2015\/11\/pfz-200x150.jpg 200w\" sizes=\"auto, (max-width: 142px) 100vw, 142px\" \/><\/a><\/p>\n<p><img loading=\"lazy\" decoding=\"async\" class=\"wp-image-6338 alignleft\" src=\"https:\/\/serveiseducatius.xtec.cat\/baixllobregat1\/wp-content\/uploads\/usu767\/2023\/08\/grup-300x199.png\" alt=\"\" width=\"372\" height=\"247\" srcset=\"https:\/\/serveiseducatius.xtec.cat\/baixllobregat1\/wp-content\/uploads\/usu767\/2023\/08\/grup-300x199.png 300w, https:\/\/serveiseducatius.xtec.cat\/baixllobregat1\/wp-content\/uploads\/usu767\/2023\/08\/grup.png 425w\" sizes=\"auto, (max-width: 372px) 100vw, 372px\" \/><\/p>\n<p>El Departament d\u2019Educaci\u00f3\u00a0 ha establert un conjunt de l\u00ednies de formaci\u00f3 permanent per donar resposta a les necessitats de formaci\u00f3 permanent dels centres educatius i dels docents de Catalunya.<\/p>\n<p><strong>El Pla de Formaci\u00f3 de Zona del Servei Educatiu Baix Llobregat 1 <\/strong>vol donar resposta a les necessitats concretes del territori, i per aix\u00f2 \u00a0incorpora\u00a0 activitats de formaci\u00f3 en centre i altres activitats adre\u00e7ades a tot el professorat de la zona.\u00a0 En la seva definici\u00f3, el\u00a0 professorat hi participa a trav\u00e9s del proc\u00e9s de detecci\u00f3 de necessitats,\u00a0 canalitzades a trav\u00e9s dels equips directius dels centres educatius.<\/p>\n<h5><a href=\"https:\/\/drive.google.com\/drive\/folders\/15j0dsA5oabznv_g67O6AkTaHNO0t3Hts?usp=sharing\" target=\"_blank\" rel=\"noopener\">Resum dels criteris i instruccions de la formaci\u00f3 permanent del professorat per al curs 2025-2026<\/a>.<\/h5>\n<h5><a href=\"https:\/\/serveiseducatius.xtec.cat\/baixllobregat1\/formacio\/deteccio-necessitats\/\" target=\"_blank\" rel=\"noopener noreferrer\">Detecci\u00f3 de necessitats de formaci\u00f3 del professorat pel curs 2025-2026.\u00a0 \u00a0<\/a><span style=\"color: #ff0000;\"><strong>(primer i segon torn)<\/strong><\/span><\/h5>\n<h5><span style=\"color: #000000;\"><strong>Per\u00edodes d&#8217;inscripci\u00f3 a les activitats de formaci\u00f3:<\/strong><\/span><\/h5>\n<h5><span style=\"color: #ff0000;\"><span style=\"color: #000000;\">Primer torn:<\/span> <strong>Del 5 al 21 de setembre de 2025<\/strong><\/span><\/h5>\n<h5><\/h5>\n<table style=\"width: 91.5384%; border-style: solid; border-color: #000000; background-color: #f7f307;\" width=\"91.5384%\">\n<tbody>\n<tr>\n<td style=\"width: 100%;\" width=\"800\">\n<h5><span style=\"color: #3366ff;\"><strong>SEGON TORN<\/strong><\/span><\/h5>\n<h4><span style=\"color: #ff0000;\">Atenci\u00f3 el per\u00edode d\u2019inscripci\u00f3 a les activitats del segon torn \u00e9s del 7 al 15 de gener de 2025<\/span><\/h4>\n<h5>\u00b7\u00a0\u00a0\u00a0\u00a0\u00a0\u00a0\u00a0\u00a0<a href=\"https:\/\/aplicacions.gestioeducativa.gencat.cat\/pls\/soloas\/pk_for_mod_ins.p_for_cons_activitats?p_any=2025-2026&amp;p_crp=302&amp;p_codi=3021131302,3021141302,3021151302,3021161302,3021171302,3021181302,3021191302,3021201302,3021211302&amp;p_totes=S&amp;p_paginar=N\"> <strong>Relaci\u00f3 de les activitats de formaci\u00f3 en centre del segon torn<\/strong><\/a><\/h5>\n<\/td>\n<\/tr>\n<\/tbody>\n<\/table>\n<p><strong>\u00a0<\/strong><span style=\"color: #ff0000;\"><strong>Atenci\u00f3:<\/strong><\/span> La inscripci\u00f3 a les activitats de formaci\u00f3 en centre, que comencen abans del 20 de setembre, comen\u00e7ar\u00e0<strong><span style=\"color: #ff0000;\"> l&#8217;1 de setembre de 2025<\/span><a href=\"https:\/\/aplicacions.gestioeducativa.gencat.cat\/pls\/soloas\/pk_for_mod_ins.p_for_cons_activitats?p_any=2025-2026&amp;p_crp=302&amp;p_codi=3020011302,3021021302&amp;p_totes=S&amp;p_paginar=N\" target=\"_blank\" rel=\"noopener\"><span style=\"color: #ff0000;\">.<\/span><\/a><\/strong><a href=\"https:\/\/aplicacions.gestioeducativa.gencat.cat\/pls\/soloas\/pk_for_mod_ins.p_for_cons_activitats?p_any=2025-2026&amp;p_crp=302&amp;p_codi=3020011302,3021021302&amp;p_totes=S&amp;p_paginar=N\" target=\"_blank\" rel=\"noopener\"> \u00a0<\/a><strong><a href=\"https:\/\/aplicacions.gestioeducativa.gencat.cat\/pls\/soloas\/pk_for_mod_ins.p_for_cons_activitats?p_any=2025-2026&amp;p_crp=302&amp;p_codi=3020011302,3021021302&amp;p_totes=S&amp;p_paginar=N\" target=\"_blank\" rel=\"noopener\">Podeu consultar-les aqu\u00ed<\/a>.<\/strong><\/p>\n<h5><span style=\"color: #000000;\"><strong>Activitats del Pla de formaci\u00f3 de Zona<\/strong><\/span><\/h5>\n<ul style=\"list-style-type: circle;\">\n<li><a href=\"https:\/\/aplicacions.gestioeducativa.gencat.cat\/pls\/soloas\/pk_for_mod_ins.p_for_cons_activitats?p_header=&amp;p_crp=302&amp;p_any=2025-2026&amp;p_totes=S&amp;p_totes=S&amp;p_excloure_crp_rec=T&amp;p_paginar=N\" target=\"_blank\" rel=\"noopener\"><strong>Relaci\u00f3 de totes les\u00a0 activitats formatives que configuren el PFZ del curs 2025-2026<\/strong><\/a><\/li>\n<\/ul>\n<h5><span style=\"color: #000000;\"><b>Activitats de formaci\u00f3 en centre<\/b><\/span><\/h5>\n<ul style=\"list-style-type: circle;\">\n<li><a href=\"https:\/\/aplicacions.gestioeducativa.gencat.cat\/pls\/soloas\/pk_for_mod_ins.p_for_cons_activitats?p_any=2025-2026&amp;p_crp=302&amp;p_codi=3021021302,3021031302,3021041302,3021051302,3021061302,3021071302,3021081302,3021091302,3021100547,3021110547,3021120547,3021131302,3021141302,3021151302,3024060519,3022020547,3022030547,3022040547,3022050547,3022060547,3022070547,3022080547,3022090547,3022100547,3023020555,3023030555,3023040555,3023020555,3023030555,3023040555,3023050555&amp;p_totes=S&amp;p_paginar=N\" target=\"_blank\" rel=\"noopener\"><strong>Totes les activitats de formaci\u00f3 en centre<\/strong><\/a><\/li>\n<li><a href=\"https:\/\/aplicacions.gestioeducativa.gencat.cat\/pls\/soloas\/pk_for_mod_ins.p_for_cons_activitats?p_any=2025-2026&amp;p_crp=302&amp;p_codi=3022010547,3022020547,3022030547,3022040547,3022050547,3022060547,3022070547,3022080547,3022090547,3022100547&amp;p_totes=S&amp;p_paginar=N\" target=\"_blank\" rel=\"noopener\"><b>Activitats de la Xarxa de Compet\u00e8ncies B\u00e0siques<\/b><\/a><\/li>\n<\/ul>\n<h5><span style=\"color: #000000;\"><b>Activitats de Zona<\/b><\/span><\/h5>\n<ul style=\"list-style-type: circle;\">\n<li><a href=\"https:\/\/aplicacions.gestioeducativa.gencat.cat\/pls\/soloas\/pk_for_mod_ins.p_for_cons_activitats?p_any=2025-2026&amp;p_crp=302&amp;p_codi=3020011302,3020021302,3020031302,3020041302,3020051302,3020060519,3020070519,3020081302,3020091302,3020101302,3020111302,3020121302,3020131302,3020141302,3020151302,3020161302,3020171302,3020181302,3020191302,3020201302,3020211302,3020221302,3020231302,3020241302,3020251302,3022010547,3024020529,3024030529,3024040529,3024050529,3024060529,3024070529,3024080529,3024100529,3023010555&amp;p_totes=S&amp;p_paginar=N\" target=\"_blank\" rel=\"noopener\"><b>Seminaris de coordinaci\u00f3; Grups de treball, Tallers i cursos (intercentres)<\/b><\/a><\/li>\n<\/ul>\n<h5><span style=\"color: #000000;\"><b>Cultura Digital<\/b><\/span><\/h5>\n<ul style=\"list-style-type: circle;\">\n<li><a href=\"https:\/\/aplicacions.gestioeducativa.gencat.cat\/pls\/soloas\/inscripcionsnp?codi=3024020529&amp;curs=2025-2026\" target=\"_blank\" rel=\"noopener\"><b>Subxarxa de Coordinaci\u00f3 digital de centre<\/b><\/a><\/li>\n<li><a href=\"https:\/\/aplicacions.gestioeducativa.gencat.cat\/pls\/soloas\/pk_for_mod_ins.p_for_cons_activitats?p_any=2025-2026&amp;p_crp=302&amp;p_codi=3024030529,3024040529,3024050529,3024060529,3024070529,3024080529,3024090529,3024100529&amp;p_totes=S&amp;p_paginar=N\" target=\"_blank\" rel=\"noopener\"><b>Formaci\u00f3 pedag\u00f2gica de la dotaci\u00f3 d&#8217;equipaments digitals, de tecnologia, d&#8217;audiovisuals i de rob\u00f2tica<\/b><\/a><\/li>\n<\/ul>\n","protected":false},"excerpt":{"rendered":"<p>El Departament d\u2019Educaci\u00f3\u00a0 ha establert un conjunt de l\u00ednies de formaci\u00f3 permanent per donar resposta a les necessitats de formaci\u00f3 permanent dels centres educatius i dels docents de Catalunya. El Pla de Formaci\u00f3 de Zona del Servei Educatiu Baix Llobregat 1 vol donar resposta a les necessitats concretes del territori, i per aix\u00f2 \u00a0incorpora\u00a0 activitats [&hellip;]<\/p>\n","protected":false},"author":1,"featured_media":0,"parent":416,"menu_order":10,"comment_status":"closed","ping_status":"closed","template":"page-templates\/side-menu.php","meta":{"_bbp_topic_count":0,"_bbp_reply_count":0,"_bbp_total_topic_count":0,"_bbp_total_reply_count":0,"_bbp_voice_count":0,"_bbp_anonymous_reply_count":0,"_bbp_topic_count_hidden":0,"_bbp_reply_count_hidden":0,"_bbp_forum_subforum_count":0,"site-sidebar-layout":"default","site-content-layout":"","ast-site-content-layout":"","site-content-style":"default","site-sidebar-style":"default","ast-global-header-display":"","ast-banner-title-visibility":"","ast-main-header-display":"","ast-hfb-above-header-display":"","ast-hfb-below-header-display":"","ast-hfb-mobile-header-display":"","site-post-title":"","ast-breadcrumbs-content":"","ast-featured-img":"","footer-sml-layout":"","theme-transparent-header-meta":"","adv-header-id-meta":"","stick-header-meta":"","header-above-stick-meta":"","header-main-stick-meta":"","header-below-stick-meta":"","astra-migrate-meta-layouts":"default","ast-page-background-enabled":"default","ast-page-background-meta":{"desktop":{"background-color":"var(--ast-global-color-4)","background-image":"","background-repeat":"repeat","background-position":"center center","background-size":"auto","background-attachment":"scroll","background-type":"","background-media":"","overlay-type":"","overlay-color":"","overlay-opacity":"","overlay-gradient":""},"tablet":{"background-color":"","background-image":"","background-repeat":"repeat","background-position":"center center","background-size":"auto","background-attachment":"scroll","background-type":"","background-media":"","overlay-type":"","overlay-color":"","overlay-opacity":"","overlay-gradient":""},"mobile":{"background-color":"","background-image":"","background-repeat":"repeat","background-position":"center center","background-size":"auto","background-attachment":"scroll","background-type":"","background-media":"","overlay-type":"","overlay-color":"","overlay-opacity":"","overlay-gradient":""}},"ast-content-background-meta":{"desktop":{"background-color":"var(--ast-global-color-5)","background-image":"","background-repeat":"repeat","background-position":"center center","background-size":"auto","background-attachment":"scroll","background-type":"","background-media":"","overlay-type":"","overlay-color":"","overlay-opacity":"","overlay-gradient":""},"tablet":{"background-color":"var(--ast-global-color-5)","background-image":"","background-repeat":"repeat","background-position":"center center","background-size":"auto","background-attachment":"scroll","background-type":"","background-media":"","overlay-type":"","overlay-color":"","overlay-opacity":"","overlay-gradient":""},"mobile":{"background-color":"var(--ast-global-color-5)","background-image":"","background-repeat":"repeat","background-position":"center center","background-size":"auto","background-attachment":"scroll","background-type":"","background-media":"","overlay-type":"","overlay-color":"","overlay-opacity":"","overlay-gradient":""}},"footnotes":""},"class_list":["post-414","page","type-page","status-publish","hentry"],"post_mailing_queue_ids":[],"_links":{"self":[{"href":"https:\/\/serveiseducatius.xtec.cat\/baixllobregat1\/wp-json\/wp\/v2\/pages\/414","targetHints":{"allow":["GET"]}}],"collection":[{"href":"https:\/\/serveiseducatius.xtec.cat\/baixllobregat1\/wp-json\/wp\/v2\/pages"}],"about":[{"href":"https:\/\/serveiseducatius.xtec.cat\/baixllobregat1\/wp-json\/wp\/v2\/types\/page"}],"author":[{"embeddable":true,"href":"https:\/\/serveiseducatius.xtec.cat\/baixllobregat1\/wp-json\/wp\/v2\/users\/1"}],"replies":[{"embeddable":true,"href":"https:\/\/serveiseducatius.xtec.cat\/baixllobregat1\/wp-json\/wp\/v2\/comments?post=414"}],"version-history":[{"count":7,"href":"https:\/\/serveiseducatius.xtec.cat\/baixllobregat1\/wp-json\/wp\/v2\/pages\/414\/revisions"}],"predecessor-version":[{"id":8655,"href":"https:\/\/serveiseducatius.xtec.cat\/baixllobregat1\/wp-json\/wp\/v2\/pages\/414\/revisions\/8655"}],"up":[{"embeddable":true,"href":"https:\/\/serveiseducatius.xtec.cat\/baixllobregat1\/wp-json\/wp\/v2\/pages\/416"}],"wp:attachment":[{"href":"https:\/\/serveiseducatius.xtec.cat\/baixllobregat1\/wp-json\/wp\/v2\/media?parent=414"}],"curies":[{"name":"wp","href":"https:\/\/api.w.org\/{rel}","templated":true}]}}