{"id":3867,"date":"2020-12-21T13:28:03","date_gmt":"2020-12-21T12:28:03","guid":{"rendered":"http:\/\/serveiseducatius.xtec.cat\/baixllobregat1\/?page_id=3867"},"modified":"2024-05-14T16:53:10","modified_gmt":"2024-05-14T14:53:10","slug":"jocs-steam-per-a-noies-i-nois","status":"publish","type":"page","link":"https:\/\/serveiseducatius.xtec.cat\/baixllobregat1\/recursos\/programacio-i-robotica\/jocs-steam-per-a-noies-i-nois\/","title":{"rendered":"Jocs STEAM per a noies i nois"},"content":{"rendered":"<p><span style=\"font-weight: 400;\">La finalitat dels jocs \u00e9s promoure\u00a0 <\/span><b>l&#8217;alfabetitzaci\u00f3 digital<\/b><span style=\"font-weight: 400;\"> des de les primeres etapes\u00a0\u00a0<\/span><span style=\"font-weight: 400;\">del desenvolupament individual, de la mateixa manera que succeeix amb<\/span><span style=\"font-weight: 400;\">\u00a0altres habilitats clau com: la lectura, l\u2019escriptura i les habilitats matem\u00e0tiques.<\/span><\/p>\n<p><span style=\"font-weight: 400;\">Hi ha <a href=\"https:\/\/11defebrero.org\/mujer-y-ciencia\/rendimiento-y-estereotipo\/\" target=\"_blank\" rel=\"noopener noreferrer\">estudis<\/a><\/span> que <span style=\"font-weight: 400;\">apunten que les difer\u00e8ncies en <\/span><b>el rendiment<\/b><span style=\"font-weight: 400;\"> matem\u00e0tic i de les ci\u00e8ncies depenen del <\/span><b>grau d\u2019igualtat de g\u00e8nere existent al pa\u00eds<\/b><span style=\"font-weight: 400;\"> i\u00a0<\/span><span style=\"font-weight: 400;\">est\u00e0 influenciat per estereotips socials que determinen l\u2019actitud de les <\/span><span style=\"font-weight: 400;\">noies davant d\u2019aquestes mat\u00e8ries. <\/span><span style=\"font-weight: 400;\">\u00c9s per aix\u00f2, que \u00e9s\u00a0 molt important el paper dels mestres i del\u00a0 professorat en\u00a0<\/span><span style=\"font-weight: 400;\">fer arribar aquests materials per <\/span><b>afavorir din\u00e0miques<\/b><span style=\"font-weight: 400;\"> a classe que <strong>apropin a les nenes a les STEAM.<\/strong><\/span><\/p>\n<p>El CRP posa a disposici\u00f3 dels centres 3 caixes de cada joc per a que hi pugui jugar tot el grup classe.<\/p>\n<table style=\"border-collapse: collapse; width: 100%;\">\n<tbody>\n<tr style=\"height: 215px;\">\n<td style=\"height: 215px; width: 17.0277%;\"><img loading=\"lazy\" decoding=\"async\" class=\"wp-image-3899 aligncenter\" src=\"https:\/\/serveiseducatius.xtec.cat\/baixllobregat1\/wp-content\/uploads\/usu767\/2020\/12\/Bites-and-bytes-300x300.jpg\" alt=\"\" width=\"142\" height=\"142\" srcset=\"https:\/\/serveiseducatius.xtec.cat\/baixllobregat1\/wp-content\/uploads\/usu767\/2020\/12\/Bites-and-bytes-300x300.jpg 300w, https:\/\/serveiseducatius.xtec.cat\/baixllobregat1\/wp-content\/uploads\/usu767\/2020\/12\/Bites-and-bytes-150x150.jpg 150w, https:\/\/serveiseducatius.xtec.cat\/baixllobregat1\/wp-content\/uploads\/usu767\/2020\/12\/Bites-and-bytes.jpg 458w\" sizes=\"auto, (max-width: 142px) 100vw, 142px\" \/><\/td>\n<td style=\"height: 215px; width: 16.3279%;\"><img loading=\"lazy\" decoding=\"async\" class=\"wp-image-3903 aligncenter\" src=\"https:\/\/serveiseducatius.xtec.cat\/baixllobregat1\/wp-content\/uploads\/usu767\/2020\/12\/Robot-turtles-300x276.jpg\" alt=\"\" width=\"177\" height=\"163\" srcset=\"https:\/\/serveiseducatius.xtec.cat\/baixllobregat1\/wp-content\/uploads\/usu767\/2020\/12\/Robot-turtles-300x276.jpg 300w, https:\/\/serveiseducatius.xtec.cat\/baixllobregat1\/wp-content\/uploads\/usu767\/2020\/12\/Robot-turtles.jpg 679w\" sizes=\"auto, (max-width: 177px) 100vw, 177px\" \/><\/td>\n<td style=\"height: 215px; width: 16.4004%;\"><strong><img loading=\"lazy\" decoding=\"async\" class=\"alignleft wp-image-3900\" src=\"https:\/\/serveiseducatius.xtec.cat\/baixllobregat1\/wp-content\/uploads\/usu767\/2020\/12\/code-and-go-300x202.jpg\" alt=\"\" width=\"212\" height=\"143\" srcset=\"https:\/\/serveiseducatius.xtec.cat\/baixllobregat1\/wp-content\/uploads\/usu767\/2020\/12\/code-and-go-300x202.jpg 300w, https:\/\/serveiseducatius.xtec.cat\/baixllobregat1\/wp-content\/uploads\/usu767\/2020\/12\/code-and-go-768x518.jpg 768w, https:\/\/serveiseducatius.xtec.cat\/baixllobregat1\/wp-content\/uploads\/usu767\/2020\/12\/code-and-go-1024x691.jpg 1024w, https:\/\/serveiseducatius.xtec.cat\/baixllobregat1\/wp-content\/uploads\/usu767\/2020\/12\/code-and-go.jpg 1500w\" sizes=\"auto, (max-width: 212px) 100vw, 212px\" \/><\/strong><\/td>\n<td style=\"height: 215px; width: 15.8469%;\"><img loading=\"lazy\" decoding=\"async\" class=\"alignleft wp-image-3901\" src=\"https:\/\/serveiseducatius.xtec.cat\/baixllobregat1\/wp-content\/uploads\/usu767\/2020\/12\/CodeMaster-300x300.jpg\" alt=\"\" width=\"200\" height=\"200\" srcset=\"https:\/\/serveiseducatius.xtec.cat\/baixllobregat1\/wp-content\/uploads\/usu767\/2020\/12\/CodeMaster-300x300.jpg 300w, https:\/\/serveiseducatius.xtec.cat\/baixllobregat1\/wp-content\/uploads\/usu767\/2020\/12\/CodeMaster-150x150.jpg 150w, https:\/\/serveiseducatius.xtec.cat\/baixllobregat1\/wp-content\/uploads\/usu767\/2020\/12\/CodeMaster.jpg 420w\" sizes=\"auto, (max-width: 200px) 100vw, 200px\" \/><\/td>\n<td style=\"height: 215px; width: 16.3038%;\"><img loading=\"lazy\" decoding=\"async\" class=\"alignleft wp-image-3902\" src=\"https:\/\/serveiseducatius.xtec.cat\/baixllobregat1\/wp-content\/uploads\/usu767\/2020\/12\/globe-twister-300x300.jpg\" alt=\"\" width=\"174\" height=\"174\" srcset=\"https:\/\/serveiseducatius.xtec.cat\/baixllobregat1\/wp-content\/uploads\/usu767\/2020\/12\/globe-twister-300x300.jpg 300w, https:\/\/serveiseducatius.xtec.cat\/baixllobregat1\/wp-content\/uploads\/usu767\/2020\/12\/globe-twister-150x150.jpg 150w, https:\/\/serveiseducatius.xtec.cat\/baixllobregat1\/wp-content\/uploads\/usu767\/2020\/12\/globe-twister.jpg 420w\" sizes=\"auto, (max-width: 174px) 100vw, 174px\" \/><\/td>\n<td style=\"width: 33.3454%;\"><img loading=\"lazy\" decoding=\"async\" class=\"wp-image-7329 aligncenter\" src=\"https:\/\/serveiseducatius.xtec.cat\/baixllobregat1\/wp-content\/uploads\/usu767\/2024\/05\/robocoding-coordenadas-y-codificacion-basica-300x300.jpg\" alt=\"\" width=\"172\" height=\"172\" srcset=\"https:\/\/serveiseducatius.xtec.cat\/baixllobregat1\/wp-content\/uploads\/usu767\/2024\/05\/robocoding-coordenadas-y-codificacion-basica-300x300.jpg 300w, https:\/\/serveiseducatius.xtec.cat\/baixllobregat1\/wp-content\/uploads\/usu767\/2024\/05\/robocoding-coordenadas-y-codificacion-basica-150x150.jpg 150w, https:\/\/serveiseducatius.xtec.cat\/baixllobregat1\/wp-content\/uploads\/usu767\/2024\/05\/robocoding-coordenadas-y-codificacion-basica.jpg 458w\" sizes=\"auto, (max-width: 172px) 100vw, 172px\" \/><\/td>\n<\/tr>\n<tr style=\"height: 10px;\">\n<td style=\"text-align: center; height: 10px; width: 17.0277%;\"><strong>Bits &amp; Bytes<\/strong><br \/>\nA partir\u00a0 de 4 anys<br \/>\nDe 2 a 4 jugadores<br \/>\n<a href=\"https:\/\/drive.google.com\/file\/d\/14NlSqF-8NeYaosqgRSF_HNfHfadL2qQe\/view\" target=\"_blank\" rel=\"noopener noreferrer\">Regles del joc<\/a><\/td>\n<td style=\"text-align: center; height: 10px; width: 16.3279%;\"><strong>Robot Turtles<\/strong><br \/>\nA partir de 4 anys<br \/>\nDe 2 a 5 jugadores<br \/>\n<a href=\"https:\/\/www.mybotrobot.com\/robot-turtles-espanol\/\" target=\"_blank\" rel=\"noopener noreferrer\">Regles del joc<\/a><\/td>\n<td style=\"text-align: center; height: 10px; width: 16.4004%;\"><strong>Code&amp;Go<\/strong><br \/>\nA partir de 4 anys<br \/>\nDe 1 a 4 jugadores<br \/>\n<a href=\"http:\/\/entrenubesespeciales.blogspot.com\/2019\/01\/set-de-actividades-raton-robot.html\" target=\"_blank\" rel=\"noopener noreferrer\">Regles del joc<\/a><\/td>\n<td style=\"height: 10px; width: 15.8469%; text-align: center;\"><strong>Code Master<\/strong><br \/>\nA partir des 8 anys<br \/>\nA partir d&#8217;una jugadora<br \/>\n<a href=\"https:\/\/www.guinealandia.es\/img\/cms\/Instrucciones-pdf\/Code-Master-instrucciones.pdf\" target=\"_blank\" rel=\"noopener noreferrer\">Regles del joc<\/a><\/td>\n<td style=\"height: 10px; width: 16.3038%; text-align: center;\"><strong>Globe Twister<\/strong><br \/>\nA partir de 8 anys<br \/>\nDe 1 a 5 jugadores<br \/>\n<a href=\"https:\/\/doctormeeple.es\/2019\/11\/13\/resena-globe-twister\/\" target=\"_blank\" rel=\"noopener noreferrer\">Regles del joc<\/a><\/td>\n<td style=\"width: 33.3454%;\">\n<p style=\"text-align: center;\"><strong>Robocoding<\/strong><br \/>\nDe 4 a 8 anys<br \/>\n<a href=\"https:\/\/drive.google.com\/file\/d\/1zNFZHrRRPdR-ZUadVDQ4IwEnnfy6-Ham\/view?usp=sharing\" target=\"_blank\" rel=\"noopener\">Instruccions i guia pedag\u00f2gica<\/a><\/p>\n<\/td>\n<\/tr>\n<\/tbody>\n<\/table>\n<p>&nbsp;<\/p>\n<p>Per a l&#8217;adquisici\u00f3 d\u2019aquests jocs s&#8217;ha comptat amb la col\u00b7laboraci\u00f3 del<strong> Departament d\u2019Educaci\u00f3 de la Generalitat de Catalunya<\/strong> i de l\u2019ajut econ\u00f2mic del <em>Fons del <strong>\u201cPacto de Estado contra la Violencia de g\u00e9nero\u201d <\/strong><\/em>que t\u00e9 com a finalitats incorporar la perspectiva de g\u00e8nere i la igualtat real i efectiva dels homes i les dones en les pol\u00edtiques educatives i\u00a0 promoure la coeducaci\u00f3.<\/p>\n<p><img loading=\"lazy\" decoding=\"async\" class=\" wp-image-3904 aligncenter\" src=\"https:\/\/serveiseducatius.xtec.cat\/baixllobregat1\/wp-content\/uploads\/usu767\/2020\/12\/coeducat-gobern-pacto-300x82.png\" alt=\"\" width=\"343\" height=\"94\" srcset=\"https:\/\/serveiseducatius.xtec.cat\/baixllobregat1\/wp-content\/uploads\/usu767\/2020\/12\/coeducat-gobern-pacto-300x82.png 300w, https:\/\/serveiseducatius.xtec.cat\/baixllobregat1\/wp-content\/uploads\/usu767\/2020\/12\/coeducat-gobern-pacto.png 670w\" sizes=\"auto, (max-width: 343px) 100vw, 343px\" \/><\/p>\n","protected":false},"excerpt":{"rendered":"<p>La finalitat dels jocs \u00e9s promoure\u00a0 l&#8217;alfabetitzaci\u00f3 digital des de les primeres etapes\u00a0\u00a0del desenvolupament individual, de la mateixa manera que succeeix amb\u00a0altres habilitats clau com: la lectura, l\u2019escriptura i les habilitats matem\u00e0tiques. Hi ha estudis que apunten que les difer\u00e8ncies en el rendiment matem\u00e0tic i de les ci\u00e8ncies depenen del grau d\u2019igualtat de g\u00e8nere existent [&hellip;]<\/p>\n","protected":false},"author":10,"featured_media":0,"parent":3996,"menu_order":30,"comment_status":"closed","ping_status":"closed","template":"page-templates\/side-menu.php","meta":{"_bbp_topic_count":0,"_bbp_reply_count":0,"_bbp_total_topic_count":0,"_bbp_total_reply_count":0,"_bbp_voice_count":0,"_bbp_anonymous_reply_count":0,"_bbp_topic_count_hidden":0,"_bbp_reply_count_hidden":0,"_bbp_forum_subforum_count":0,"site-sidebar-layout":"default","site-content-layout":"","ast-site-content-layout":"","site-content-style":"default","site-sidebar-style":"default","ast-global-header-display":"","ast-banner-title-visibility":"","ast-main-header-display":"","ast-hfb-above-header-display":"","ast-hfb-below-header-display":"","ast-hfb-mobile-header-display":"","site-post-title":"","ast-breadcrumbs-content":"","ast-featured-img":"","footer-sml-layout":"","theme-transparent-header-meta":"","adv-header-id-meta":"","stick-header-meta":"","header-above-stick-meta":"","header-main-stick-meta":"","header-below-stick-meta":"","astra-migrate-meta-layouts":"default","ast-page-background-enabled":"default","ast-page-background-meta":{"desktop":{"background-color":"var(--ast-global-color-4)","background-image":"","background-repeat":"repeat","background-position":"center center","background-size":"auto","background-attachment":"scroll","background-type":"","background-media":"","overlay-type":"","overlay-color":"","overlay-opacity":"","overlay-gradient":""},"tablet":{"background-color":"","background-image":"","background-repeat":"repeat","background-position":"center center","background-size":"auto","background-attachment":"scroll","background-type":"","background-media":"","overlay-type":"","overlay-color":"","overlay-opacity":"","overlay-gradient":""},"mobile":{"background-color":"","background-image":"","background-repeat":"repeat","background-position":"center center","background-size":"auto","background-attachment":"scroll","background-type":"","background-media":"","overlay-type":"","overlay-color":"","overlay-opacity":"","overlay-gradient":""}},"ast-content-background-meta":{"desktop":{"background-color":"var(--ast-global-color-5)","background-image":"","background-repeat":"repeat","background-position":"center center","background-size":"auto","background-attachment":"scroll","background-type":"","background-media":"","overlay-type":"","overlay-color":"","overlay-opacity":"","overlay-gradient":""},"tablet":{"background-color":"var(--ast-global-color-5)","background-image":"","background-repeat":"repeat","background-position":"center center","background-size":"auto","background-attachment":"scroll","background-type":"","background-media":"","overlay-type":"","overlay-color":"","overlay-opacity":"","overlay-gradient":""},"mobile":{"background-color":"var(--ast-global-color-5)","background-image":"","background-repeat":"repeat","background-position":"center center","background-size":"auto","background-attachment":"scroll","background-type":"","background-media":"","overlay-type":"","overlay-color":"","overlay-opacity":"","overlay-gradient":""}},"footnotes":""},"class_list":["post-3867","page","type-page","status-publish","hentry"],"post_mailing_queue_ids":[],"_links":{"self":[{"href":"https:\/\/serveiseducatius.xtec.cat\/baixllobregat1\/wp-json\/wp\/v2\/pages\/3867","targetHints":{"allow":["GET"]}}],"collection":[{"href":"https:\/\/serveiseducatius.xtec.cat\/baixllobregat1\/wp-json\/wp\/v2\/pages"}],"about":[{"href":"https:\/\/serveiseducatius.xtec.cat\/baixllobregat1\/wp-json\/wp\/v2\/types\/page"}],"author":[{"embeddable":true,"href":"https:\/\/serveiseducatius.xtec.cat\/baixllobregat1\/wp-json\/wp\/v2\/users\/10"}],"replies":[{"embeddable":true,"href":"https:\/\/serveiseducatius.xtec.cat\/baixllobregat1\/wp-json\/wp\/v2\/comments?post=3867"}],"version-history":[{"count":6,"href":"https:\/\/serveiseducatius.xtec.cat\/baixllobregat1\/wp-json\/wp\/v2\/pages\/3867\/revisions"}],"predecessor-version":[{"id":7331,"href":"https:\/\/serveiseducatius.xtec.cat\/baixllobregat1\/wp-json\/wp\/v2\/pages\/3867\/revisions\/7331"}],"up":[{"embeddable":true,"href":"https:\/\/serveiseducatius.xtec.cat\/baixllobregat1\/wp-json\/wp\/v2\/pages\/3996"}],"wp:attachment":[{"href":"https:\/\/serveiseducatius.xtec.cat\/baixllobregat1\/wp-json\/wp\/v2\/media?parent=3867"}],"curies":[{"name":"wp","href":"https:\/\/api.w.org\/{rel}","templated":true}]}}