{"id":377,"date":"2015-11-25T14:17:51","date_gmt":"2015-11-25T13:17:51","guid":{"rendered":"http:\/\/serveiseducatius.xtec.cat\/se-baixllobregat1\/?page_id=377"},"modified":"2025-03-10T13:50:22","modified_gmt":"2025-03-10T12:50:22","slug":"escoles-bressol","status":"publish","type":"page","link":"https:\/\/serveiseducatius.xtec.cat\/baixllobregat1\/comunitat\/centres-educatius\/escoles-bressol\/","title":{"rendered":"Escoles Bressol p\u00fabliques"},"content":{"rendered":"<h4><span style=\"color: #800080;\"><strong>Molins de Rei\u00a0<\/strong><\/span><\/h4>\n<p><strong style=\"font-family: inherit; font-size: 1em;\">Escola Bressol El Mol\u00ed<\/strong><\/p>\n<p>Ctra. Caldes, 20.. 08750 Molins de Rei<br \/>\n<a href=\"https:\/\/goo.gl\/maps\/zpPA1airgxq\" target=\"_blank\" rel=\"noopener noreferrer\">Ubicaci\u00f3 al mapa <\/a><br \/>\nTel. 93 668 46 60<br \/>\nCorreu electr\u00f2nic: <a href=\"mailto:eei-elmoli@xtec.cat\" target=\"_blank\" rel=\"noopener\">eei-elmoli@xtec.cat<\/a><br \/>\n<a href=\"http:\/\/www.llarinfantselcucutpapiol.cat\" target=\"_blank\" rel=\"noopener\">Portal web<\/a><\/p>\n<p style=\"text-align: justify;\"><strong>Escola Bressol El Rod\u00f3<br \/>\n<\/strong>C.del Cam\u00ed Antic de Santa Creu d&#8217;Olorda, 2.\u00a008750 Molins de Rei<br \/>\n<a href=\"https:\/\/goo.gl\/maps\/46yUFXKK7HQ2\" target=\"_blank\" rel=\"noopener noreferrer\">Ubicaci\u00f3 al mapa <\/a><br \/>\nTel. 93 668 22 26<br \/>\nCorreu electr\u00f2nic: <a class=\"waffle-rich-text-link\" data-sheets-formula-bar-text-link=\"mailto:a8046098@xtec.cat\" data-sheets-formula-bar-text-style=\"font-size:15px;color:#0000ff;font-weight:normal;text-decoration:underline;font-family:'docs-Calibri';font-style:normal;text-decoration-skip-ink:none;\">a8046098@xtec.cat<\/a><br \/>\n<a href=\"https:\/\/agora.xtec.cat\/eeielrodo\/\/\" target=\"_blank\" rel=\"noopener\">Portal web<\/a><\/p>\n<p><strong>Escola Bressol\u00a0La Traca<br \/>\n<\/strong>C. Ferr\u00e1n Agull\u00f3, 5.\u00a008750 Molins de Rei<br \/>\n<a href=\"https:\/\/www.google.es\/maps\/dir\/Llar+d'Infants+Public+La+Traca,+Carrer+de+Ferran+Agull%C3%B3,+5,+08750+Molins+de+Rei,+Barcelona\/41.4068496,2.0208691\/@41.4068326,2.0187341,17z\/data=!4m8!4m7!1m5!1m1!1s0x12a49a8c4394afaf:0x6233a0d4221412db!2m2!1d2.0209502!2d41.4069039!1m0\" target=\"_blank\" rel=\"noopener noreferrer\">Ubicaci\u00f3 al mapa<\/a><br \/>\nTel. 93 668 84 32<br \/>\nCorreu electr\u00f2nic: <a href=\"mailto:a8069657@xtec.cat\">a8069657@xtec.cat<\/a><br \/>\n<a href=\"http:\/\/www.cooperativaelcargol.com\/escola-bressol-la-traca\/\" target=\"_blank\" rel=\"noopener\">Portal web<\/a><\/p>\n<h4><span style=\"color: #800080;\"><strong>El Papiol<\/strong><\/span><\/h4>\n<p><strong>Escola Bressol\u00a0El Cucut<br \/>\n<\/strong>Av. la Generalitat de Catalunya, 76. 08754 El Papiol<br \/>\n<a href=\"https:\/\/www.google.es\/maps\/dir\/''\/llar+infants+cucut\/@41.4367987,1.9730219,13z\/data=!4m8!4m7!1m0!1m5!1m1!1s0x12a4906cd41ce64f:0x57509e0c3300cfec!2m2!1d2.0080422!2d41.4368319\" target=\"_blank\" rel=\"noopener noreferrer\">Ubicaci\u00f3 al mapa<\/a><br \/>\nTel. 93 673 12 79<br \/>\nCorreu electr\u00f2nic:\u00a0 <a id=\"m_-40367616041748098OWAcd4dccac-b67a-c057-24bf-0e5a8f9d9f2e\" href=\"mailto:info@llarinfantselcucutpapiol.cat\" target=\"_blank\" rel=\"noreferrer noopener\">info@<wbr \/>llarinfantselcucutpapiol.cat<\/a><br \/>\n<a href=\"http:\/\/www.llarinfantselcucutpapiol.cat\" target=\"_blank\" rel=\"noopener\">Portal web<\/a><\/p>\n<h4><span style=\"color: #800080;\"><strong>Sant Feliu de Llobregat<\/strong><\/span><\/h4>\n<p><strong>Escola Bressol F\u00e0bregas<br \/>\n<\/strong>Carretera Sanson, s\/n. 08980 Sant Feliu de Llobregat<br \/>\n<a href=\"https:\/\/www.google.es\/maps\/dir\/''\/Colegio+Fabregas,+Ctra.+Sans%C3%B3n,+17,+08980+Sant+Feliu+de+Llobregat,+Barcelona\/@41.3884959,2.0404972,15.75z\/data=!4m8!4m7!1m0!1m5!1m1!1s0x12a49a499014c64d:0x99e691e56cee6e91!2m2!1d2.0451844!2d41.3889942\" target=\"_blank\" rel=\"noopener noreferrer\">Ubicaci\u00f3 al mapa<\/a><br \/>\nTel. 93 666 37 32<br \/>\nCorreu electr\u00f2nic:\u00a0<a href=\"mailto:ebfabregas@santfeliu.cat\">ebfabregas@santfeliu.cat<\/a><br \/>\n<a href=\"https:\/\/escolabressolfabregas.blog\/\" target=\"_blank\" rel=\"noopener\">Portal web<\/a><\/p>\n<p><strong>Escola Bressol Ginesta<br \/>\n<\/strong>C\/ Jacint Rius, 1\u00a0 08980 Sant Feliu de Llobregat<br \/>\n<a href=\"https:\/\/goo.gl\/maps\/5nZr9tFWp1q\" target=\"_blank\" rel=\"noopener noreferrer\">Ubicaci\u00f3 al mapa <\/a><br \/>\nTel.93 666 49 29<br \/>\nCorreu electr\u00f2nic: <a href=\"mailto:ebginesta@santfeliu.cat\" target=\"_blank\" rel=\"noopener\">ebginesta@santfeliu.cat<\/a><br \/>\n<a href=\"https:\/\/escolabressolginesta.wordpress.com\/\" target=\"_blank\" rel=\"noopener\">Portal web<\/a><\/p>\n<p><strong>Escola Bressol Patufet<br \/>\n<\/strong>Riera Pahissa, 30-32 08980 Sant Feliu de Llobregat<br \/>\n<a href=\"https:\/\/www.google.com\/maps\/place\/Riera+de+Pahissa,+30,+08980+Sant+Feliu+de+Llobregat,+Barcelona\/@41.3776,2.04578,17z\/data=!4m5!3m4!1s0x12a49bb60ce1c343:0xe89e9471b9de85a8!8m2!3d41.3776!4d2.04578?hl=es-ES\" target=\"_blank\" rel=\"noopener noreferrer\">Ubicaci\u00f3 al mapa <\/a><br \/>\nTel. 93 666 37 56<br \/>\nCorreu electr\u00f2nic: <a href=\"mailto:ebpatufet@santfeliu.cat\" target=\"_blank\" rel=\"noopener\">ebpatufet@santfeliu.cat<\/a><br \/>\n<a href=\"https:\/\/escolabressolpatufet.wordpress.com\/\" target=\"_blank\" rel=\"noopener\">Portal web<\/a><\/p>\n<p><strong>Escola Bressol Tambor<br \/>\n<\/strong>C. de Jaume Ribas, 31-33 08980 Sant Feliu de Llobregat<br \/>\n<a href=\"https:\/\/goo.gl\/maps\/2ULmHY7o6LB2\" target=\"_blank\" rel=\"noopener noreferrer\">Ubicaci\u00f3 al mapa <\/a><br \/>\nTel. 93 685 39 45<br \/>\nCorreu electr\u00f2nic: <a href=\"mailto:ebtambor@santfeliu.cat\" target=\"_blank\" rel=\"noopener\">ebtambor@santfeliu.cat<\/a><br \/>\n<a href=\"https:\/\/escolabressoltambor.wordpress.com\/\" target=\"_blank\" rel=\"noopener\">Portal web<\/a><\/p>\n<p>&nbsp;<\/p>\n","protected":false},"excerpt":{"rendered":"<p>Molins de Rei\u00a0 Escola Bressol El Mol\u00ed Ctra. Caldes, 20.. 08750 Molins de Rei Ubicaci\u00f3 al mapa Tel. 93 668 46 60 Correu electr\u00f2nic: eei-elmoli@xtec.cat Portal web Escola Bressol El Rod\u00f3 C.del Cam\u00ed Antic de Santa Creu d&#8217;Olorda, 2.\u00a008750 Molins de Rei Ubicaci\u00f3 al mapa Tel. 93 668 22 26 Correu electr\u00f2nic: a8046098@xtec.cat Portal web [&hellip;]<\/p>\n","protected":false},"author":1,"featured_media":0,"parent":338,"menu_order":10,"comment_status":"closed","ping_status":"closed","template":"page-templates\/side-menu.php","meta":{"_bbp_topic_count":0,"_bbp_reply_count":0,"_bbp_total_topic_count":0,"_bbp_total_reply_count":0,"_bbp_voice_count":0,"_bbp_anonymous_reply_count":0,"_bbp_topic_count_hidden":0,"_bbp_reply_count_hidden":0,"_bbp_forum_subforum_count":0,"site-sidebar-layout":"default","site-content-layout":"","ast-site-content-layout":"","site-content-style":"default","site-sidebar-style":"default","ast-global-header-display":"","ast-banner-title-visibility":"","ast-main-header-display":"","ast-hfb-above-header-display":"","ast-hfb-below-header-display":"","ast-hfb-mobile-header-display":"","site-post-title":"","ast-breadcrumbs-content":"","ast-featured-img":"","footer-sml-layout":"","theme-transparent-header-meta":"","adv-header-id-meta":"","stick-header-meta":"","header-above-stick-meta":"","header-main-stick-meta":"","header-below-stick-meta":"","astra-migrate-meta-layouts":"default","ast-page-background-enabled":"default","ast-page-background-meta":{"desktop":{"background-color":"var(--ast-global-color-4)","background-image":"","background-repeat":"repeat","background-position":"center center","background-size":"auto","background-attachment":"scroll","background-type":"","background-media":"","overlay-type":"","overlay-color":"","overlay-opacity":"","overlay-gradient":""},"tablet":{"background-color":"","background-image":"","background-repeat":"repeat","background-position":"center center","background-size":"auto","background-attachment":"scroll","background-type":"","background-media":"","overlay-type":"","overlay-color":"","overlay-opacity":"","overlay-gradient":""},"mobile":{"background-color":"","background-image":"","background-repeat":"repeat","background-position":"center center","background-size":"auto","background-attachment":"scroll","background-type":"","background-media":"","overlay-type":"","overlay-color":"","overlay-opacity":"","overlay-gradient":""}},"ast-content-background-meta":{"desktop":{"background-color":"var(--ast-global-color-5)","background-image":"","background-repeat":"repeat","background-position":"center center","background-size":"auto","background-attachment":"scroll","background-type":"","background-media":"","overlay-type":"","overlay-color":"","overlay-opacity":"","overlay-gradient":""},"tablet":{"background-color":"var(--ast-global-color-5)","background-image":"","background-repeat":"repeat","background-position":"center center","background-size":"auto","background-attachment":"scroll","background-type":"","background-media":"","overlay-type":"","overlay-color":"","overlay-opacity":"","overlay-gradient":""},"mobile":{"background-color":"var(--ast-global-color-5)","background-image":"","background-repeat":"repeat","background-position":"center center","background-size":"auto","background-attachment":"scroll","background-type":"","background-media":"","overlay-type":"","overlay-color":"","overlay-opacity":"","overlay-gradient":""}},"footnotes":""},"class_list":["post-377","page","type-page","status-publish","hentry"],"post_mailing_queue_ids":[],"_links":{"self":[{"href":"https:\/\/serveiseducatius.xtec.cat\/baixllobregat1\/wp-json\/wp\/v2\/pages\/377","targetHints":{"allow":["GET"]}}],"collection":[{"href":"https:\/\/serveiseducatius.xtec.cat\/baixllobregat1\/wp-json\/wp\/v2\/pages"}],"about":[{"href":"https:\/\/serveiseducatius.xtec.cat\/baixllobregat1\/wp-json\/wp\/v2\/types\/page"}],"author":[{"embeddable":true,"href":"https:\/\/serveiseducatius.xtec.cat\/baixllobregat1\/wp-json\/wp\/v2\/users\/1"}],"replies":[{"embeddable":true,"href":"https:\/\/serveiseducatius.xtec.cat\/baixllobregat1\/wp-json\/wp\/v2\/comments?post=377"}],"version-history":[{"count":5,"href":"https:\/\/serveiseducatius.xtec.cat\/baixllobregat1\/wp-json\/wp\/v2\/pages\/377\/revisions"}],"predecessor-version":[{"id":8062,"href":"https:\/\/serveiseducatius.xtec.cat\/baixllobregat1\/wp-json\/wp\/v2\/pages\/377\/revisions\/8062"}],"up":[{"embeddable":true,"href":"https:\/\/serveiseducatius.xtec.cat\/baixllobregat1\/wp-json\/wp\/v2\/pages\/338"}],"wp:attachment":[{"href":"https:\/\/serveiseducatius.xtec.cat\/baixllobregat1\/wp-json\/wp\/v2\/media?parent=377"}],"curies":[{"name":"wp","href":"https:\/\/api.w.org\/{rel}","templated":true}]}}