{"id":3764,"date":"2020-11-17T17:08:50","date_gmt":"2020-11-17T16:08:50","guid":{"rendered":"http:\/\/serveiseducatius.xtec.cat\/baixllobregat1\/?page_id=3764"},"modified":"2022-03-24T10:29:58","modified_gmt":"2022-03-24T09:29:58","slug":"centres-formacions-adults","status":"publish","type":"page","link":"https:\/\/serveiseducatius.xtec.cat\/baixllobregat1\/comunitat\/centres-educatius\/centres-formacions-adults\/","title":{"rendered":"Centres de Formaci\u00f3 d&#8217;Adults"},"content":{"rendered":"<h4><span style=\"color: #800080;\"><strong>Molins de Rei\u00a0<\/strong><\/span><\/h4>\n<p><strong>CFA Rafael Farr\u00e9<br \/>\n<\/strong>C. del Canal de la Infanta, 23 08750 Molins de Rei<br \/>\n<a href=\"https:\/\/goo.gl\/maps\/1PF9oWGhbXq\" target=\"_blank\" rel=\"noopener noreferrer\">Ubicaci\u00f3 al mapa <\/a><br \/>\nTel. 93 680 16 36<br \/>\nCorreu electr\u00f2nic:<a href=\"mailto:a8055695@xtec.cat\"> a8055695@xtec.cat<\/a><br \/>\n<a href=\"http:\/\/www.xtec.cat\/centres\/a8055695\/index4.htm\">Portal web<\/a><\/p>\n<h4><span style=\"color: #800080;\"><strong>Sant Feliu de Llobregat<\/strong><\/span><\/h4>\n<p><strong>CFA Mestre Esteve<br \/>\n<\/strong>Carretera del S\u00e0nson, 74 08980 Sant Feliu de Llobregat<br \/>\n<a href=\"https:\/\/goo.gl\/maps\/zBQGeVuT32T2\" target=\"_blank\" rel=\"noopener noreferrer\">Ubicaci\u00f3 al mapa <\/a><br \/>\nTel. 93 632 67 77<br \/>\nCorreu electr\u00f2nic: <a href=\"mailto:a8055439@xtec.cat\">a8055439@xtec.cat<\/a><br \/>\n<a href=\"https:\/\/agora.xtec.cat\/cfa-mestre\/\">Portal web<\/a><\/p>\n<p>&nbsp;<\/p>\n","protected":false},"excerpt":{"rendered":"<p>Molins de Rei\u00a0 CFA Rafael Farr\u00e9 C. del Canal de la Infanta, 23 08750 Molins de Rei Ubicaci\u00f3 al mapa Tel. 93 680 16 36 Correu electr\u00f2nic: a8055695@xtec.cat Portal web Sant Feliu de Llobregat CFA Mestre Esteve Carretera del S\u00e0nson, 74 08980 Sant Feliu de Llobregat Ubicaci\u00f3 al mapa Tel. 93 632 67 77 Correu [&hellip;]<\/p>\n","protected":false},"author":10,"featured_media":0,"parent":338,"menu_order":60,"comment_status":"closed","ping_status":"closed","template":"page-templates\/side-menu.php","meta":{"_bbp_topic_count":0,"_bbp_reply_count":0,"_bbp_total_topic_count":0,"_bbp_total_reply_count":0,"_bbp_voice_count":0,"_bbp_anonymous_reply_count":0,"_bbp_topic_count_hidden":0,"_bbp_reply_count_hidden":0,"_bbp_forum_subforum_count":0,"site-sidebar-layout":"default","site-content-layout":"","ast-site-content-layout":"","site-content-style":"default","site-sidebar-style":"default","ast-global-header-display":"","ast-banner-title-visibility":"","ast-main-header-display":"","ast-hfb-above-header-display":"","ast-hfb-below-header-display":"","ast-hfb-mobile-header-display":"","site-post-title":"","ast-breadcrumbs-content":"","ast-featured-img":"","footer-sml-layout":"","theme-transparent-header-meta":"","adv-header-id-meta":"","stick-header-meta":"","header-above-stick-meta":"","header-main-stick-meta":"","header-below-stick-meta":"","astra-migrate-meta-layouts":"default","ast-page-background-enabled":"default","ast-page-background-meta":{"desktop":{"background-color":"var(--ast-global-color-4)","background-image":"","background-repeat":"repeat","background-position":"center center","background-size":"auto","background-attachment":"scroll","background-type":"","background-media":"","overlay-type":"","overlay-color":"","overlay-opacity":"","overlay-gradient":""},"tablet":{"background-color":"","background-image":"","background-repeat":"repeat","background-position":"center center","background-size":"auto","background-attachment":"scroll","background-type":"","background-media":"","overlay-type":"","overlay-color":"","overlay-opacity":"","overlay-gradient":""},"mobile":{"background-color":"","background-image":"","background-repeat":"repeat","background-position":"center center","background-size":"auto","background-attachment":"scroll","background-type":"","background-media":"","overlay-type":"","overlay-color":"","overlay-opacity":"","overlay-gradient":""}},"ast-content-background-meta":{"desktop":{"background-color":"var(--ast-global-color-5)","background-image":"","background-repeat":"repeat","background-position":"center center","background-size":"auto","background-attachment":"scroll","background-type":"","background-media":"","overlay-type":"","overlay-color":"","overlay-opacity":"","overlay-gradient":""},"tablet":{"background-color":"var(--ast-global-color-5)","background-image":"","background-repeat":"repeat","background-position":"center center","background-size":"auto","background-attachment":"scroll","background-type":"","background-media":"","overlay-type":"","overlay-color":"","overlay-opacity":"","overlay-gradient":""},"mobile":{"background-color":"var(--ast-global-color-5)","background-image":"","background-repeat":"repeat","background-position":"center center","background-size":"auto","background-attachment":"scroll","background-type":"","background-media":"","overlay-type":"","overlay-color":"","overlay-opacity":"","overlay-gradient":""}},"footnotes":""},"class_list":["post-3764","page","type-page","status-publish","hentry"],"post_mailing_queue_ids":[],"_links":{"self":[{"href":"https:\/\/serveiseducatius.xtec.cat\/baixllobregat1\/wp-json\/wp\/v2\/pages\/3764","targetHints":{"allow":["GET"]}}],"collection":[{"href":"https:\/\/serveiseducatius.xtec.cat\/baixllobregat1\/wp-json\/wp\/v2\/pages"}],"about":[{"href":"https:\/\/serveiseducatius.xtec.cat\/baixllobregat1\/wp-json\/wp\/v2\/types\/page"}],"author":[{"embeddable":true,"href":"https:\/\/serveiseducatius.xtec.cat\/baixllobregat1\/wp-json\/wp\/v2\/users\/10"}],"replies":[{"embeddable":true,"href":"https:\/\/serveiseducatius.xtec.cat\/baixllobregat1\/wp-json\/wp\/v2\/comments?post=3764"}],"version-history":[{"count":3,"href":"https:\/\/serveiseducatius.xtec.cat\/baixllobregat1\/wp-json\/wp\/v2\/pages\/3764\/revisions"}],"predecessor-version":[{"id":3772,"href":"https:\/\/serveiseducatius.xtec.cat\/baixllobregat1\/wp-json\/wp\/v2\/pages\/3764\/revisions\/3772"}],"up":[{"embeddable":true,"href":"https:\/\/serveiseducatius.xtec.cat\/baixllobregat1\/wp-json\/wp\/v2\/pages\/338"}],"wp:attachment":[{"href":"https:\/\/serveiseducatius.xtec.cat\/baixllobregat1\/wp-json\/wp\/v2\/media?parent=3764"}],"curies":[{"name":"wp","href":"https:\/\/api.w.org\/{rel}","templated":true}]}}