{"id":3561,"date":"2020-01-30T11:24:41","date_gmt":"2020-01-30T10:24:41","guid":{"rendered":"http:\/\/serveiseducatius.xtec.cat\/baixllobregat1\/?page_id=3561"},"modified":"2020-01-30T13:39:40","modified_gmt":"2020-01-30T12:39:40","slug":"quin-quadre-laboratori-de-lectura","status":"publish","type":"page","link":"https:\/\/serveiseducatius.xtec.cat\/baixllobregat1\/recursos\/maletes-pedagogiques\/maletes-danimacio-lectora\/quin-quadre-laboratori-de-lectura\/","title":{"rendered":"Quin Quadre! Laboratori de lectura"},"content":{"rendered":"<p>Els laboratoris de lectura s\u00f3n \u00a0<em>Una f\u00f3rmula per descobrir lectures, llegir i experimentar<\/em>\u201c<img loading=\"lazy\" decoding=\"async\" class=\"wp-image-3563 alignright\" src=\"https:\/\/serveiseducatius.xtec.cat\/baixllobregat1\/wp-content\/uploads\/usu767\/2019\/11\/difusio_reduida-300x218.jpg\" alt=\"\" width=\"328\" height=\"238\" srcset=\"https:\/\/serveiseducatius.xtec.cat\/baixllobregat1\/wp-content\/uploads\/usu767\/2019\/11\/difusio_reduida-300x218.jpg 300w, https:\/\/serveiseducatius.xtec.cat\/baixllobregat1\/wp-content\/uploads\/usu767\/2019\/11\/difusio_reduida.jpg 414w\" sizes=\"auto, (max-width: 328px) 100vw, 328px\" \/><\/p>\n<p>El laboratori de lectura \u201cQuin quadre\u201d \u00e9s una proposta d\u2019activitat de promoci\u00f3 de la\u00a0lectura\u00a0que convida a experimentar al voltant de la\u00a0lectura\u00a0en el seu sentit m\u00e9s ampli, amb llibres i \u00e0lbums il\u00b7lustrats sobre pintura i pintors de totes les \u00e8poques i estils.<\/p>\n<p>L\u2019activitat \u00e9s adre\u00e7ada a educaci\u00f3 prim\u00e0ria (1r a 6\u00e8) per\u00f2 tamb\u00e9, es pot utilitzar a educaci\u00f3 infantil.<\/p>\n<p>El \u00a0laboratori de lectura Quin quadre!, inclou:<\/p>\n<ul>\n<li style=\"list-style-type: none;\">\n<ul>\n<li style=\"list-style-type: none;\">\n<ul>\n<li><a href=\"https:\/\/drive.google.com\/open?id=11lRS4Bpmf2RQN2RU5AEZXaaMEpjDwsA7\" target=\"_blank\" rel=\"noopener noreferrer\">Una selecci\u00f3 de llibres i \u00e0lbums il\u00b7lustrats sobre pintura i pintors.<\/a><\/li>\n<li>La <a href=\"https:\/\/drive.google.com\/open?id=1cuOiZxYVyKyvpJJkLt1znLN_7zl8bQ4c\" target=\"_blank\" rel=\"noopener noreferrer\">proposta did\u00e0ctica<\/a> per treballar de manera l\u00fadica i atractiva la lectura al voltant de tots els elements que envolten la pintura i els pintors de diferents estilis i \u00e8poques.<\/li>\n<li>Marcs de quadres de diferents mides per poder ambientar l\u2019espai.<\/li>\n<li><a href=\"https:\/\/drive.google.com\/drive\/folders\/1xCzxcAZx3_PCig_92FM-djmhNYoJ5lTD?usp=sharing\">Plantila<\/a> per fer les entrades al Museus<\/li>\n<\/ul>\n<\/li>\n<\/ul>\n<\/li>\n<\/ul>\n<p>Tot el material est\u00e0. disponible al servei de pr\u00e9stec al CRP, en una maleta.<\/p>\n<p>L\u2019elaboraci\u00f3 de la \u00a0proposta did\u00e0ctica \u00a0i \u00a0el disseny del l contingut del laboratori ha estat realitzat \u00a0\u00a0en el marc del seminari de coordinaci\u00f3: \u201cDinamitzaci\u00f3 de la Biblioteca Escolar\u201c del CRP Baix Llobregat 1 (Sant Feliu de Llobregat) durant el \u00a0curs 2018-2019.<\/p>\n<p><a href=\"https:\/\/serveiseducatius.xtec.cat\/baixllobregat1\/portada\/laboratoris-de-lectures\/\" target=\"_blank\" rel=\"noopener noreferrer\">M\u00e9s informaci\u00f3\u00a0 del \u00a0treball sobre els laboratoris de lectura<\/a><\/p>\n","protected":false},"excerpt":{"rendered":"<p>Els laboratoris de lectura s\u00f3n \u00a0Una f\u00f3rmula per descobrir lectures, llegir i experimentar\u201c El laboratori de lectura \u201cQuin quadre\u201d \u00e9s una proposta d\u2019activitat de promoci\u00f3 de la\u00a0lectura\u00a0que convida a experimentar al voltant de la\u00a0lectura\u00a0en el seu sentit m\u00e9s ampli, amb llibres i \u00e0lbums il\u00b7lustrats sobre pintura i pintors de totes les \u00e8poques i estils. L\u2019activitat [&hellip;]<\/p>\n","protected":false},"author":10,"featured_media":0,"parent":2344,"menu_order":30,"comment_status":"closed","ping_status":"closed","template":"page-templates\/side-menu.php","meta":{"_bbp_topic_count":0,"_bbp_reply_count":0,"_bbp_total_topic_count":0,"_bbp_total_reply_count":0,"_bbp_voice_count":0,"_bbp_anonymous_reply_count":0,"_bbp_topic_count_hidden":0,"_bbp_reply_count_hidden":0,"_bbp_forum_subforum_count":0,"site-sidebar-layout":"default","site-content-layout":"","ast-site-content-layout":"","site-content-style":"default","site-sidebar-style":"default","ast-global-header-display":"","ast-banner-title-visibility":"","ast-main-header-display":"","ast-hfb-above-header-display":"","ast-hfb-below-header-display":"","ast-hfb-mobile-header-display":"","site-post-title":"","ast-breadcrumbs-content":"","ast-featured-img":"","footer-sml-layout":"","theme-transparent-header-meta":"","adv-header-id-meta":"","stick-header-meta":"","header-above-stick-meta":"","header-main-stick-meta":"","header-below-stick-meta":"","astra-migrate-meta-layouts":"default","ast-page-background-enabled":"default","ast-page-background-meta":{"desktop":{"background-color":"var(--ast-global-color-4)","background-image":"","background-repeat":"repeat","background-position":"center center","background-size":"auto","background-attachment":"scroll","background-type":"","background-media":"","overlay-type":"","overlay-color":"","overlay-opacity":"","overlay-gradient":""},"tablet":{"background-color":"","background-image":"","background-repeat":"repeat","background-position":"center center","background-size":"auto","background-attachment":"scroll","background-type":"","background-media":"","overlay-type":"","overlay-color":"","overlay-opacity":"","overlay-gradient":""},"mobile":{"background-color":"","background-image":"","background-repeat":"repeat","background-position":"center center","background-size":"auto","background-attachment":"scroll","background-type":"","background-media":"","overlay-type":"","overlay-color":"","overlay-opacity":"","overlay-gradient":""}},"ast-content-background-meta":{"desktop":{"background-color":"var(--ast-global-color-5)","background-image":"","background-repeat":"repeat","background-position":"center center","background-size":"auto","background-attachment":"scroll","background-type":"","background-media":"","overlay-type":"","overlay-color":"","overlay-opacity":"","overlay-gradient":""},"tablet":{"background-color":"var(--ast-global-color-5)","background-image":"","background-repeat":"repeat","background-position":"center center","background-size":"auto","background-attachment":"scroll","background-type":"","background-media":"","overlay-type":"","overlay-color":"","overlay-opacity":"","overlay-gradient":""},"mobile":{"background-color":"var(--ast-global-color-5)","background-image":"","background-repeat":"repeat","background-position":"center center","background-size":"auto","background-attachment":"scroll","background-type":"","background-media":"","overlay-type":"","overlay-color":"","overlay-opacity":"","overlay-gradient":""}},"footnotes":""},"class_list":["post-3561","page","type-page","status-publish","hentry"],"post_mailing_queue_ids":[],"_links":{"self":[{"href":"https:\/\/serveiseducatius.xtec.cat\/baixllobregat1\/wp-json\/wp\/v2\/pages\/3561","targetHints":{"allow":["GET"]}}],"collection":[{"href":"https:\/\/serveiseducatius.xtec.cat\/baixllobregat1\/wp-json\/wp\/v2\/pages"}],"about":[{"href":"https:\/\/serveiseducatius.xtec.cat\/baixllobregat1\/wp-json\/wp\/v2\/types\/page"}],"author":[{"embeddable":true,"href":"https:\/\/serveiseducatius.xtec.cat\/baixllobregat1\/wp-json\/wp\/v2\/users\/10"}],"replies":[{"embeddable":true,"href":"https:\/\/serveiseducatius.xtec.cat\/baixllobregat1\/wp-json\/wp\/v2\/comments?post=3561"}],"version-history":[{"count":3,"href":"https:\/\/serveiseducatius.xtec.cat\/baixllobregat1\/wp-json\/wp\/v2\/pages\/3561\/revisions"}],"predecessor-version":[{"id":3588,"href":"https:\/\/serveiseducatius.xtec.cat\/baixllobregat1\/wp-json\/wp\/v2\/pages\/3561\/revisions\/3588"}],"up":[{"embeddable":true,"href":"https:\/\/serveiseducatius.xtec.cat\/baixllobregat1\/wp-json\/wp\/v2\/pages\/2344"}],"wp:attachment":[{"href":"https:\/\/serveiseducatius.xtec.cat\/baixllobregat1\/wp-json\/wp\/v2\/media?parent=3561"}],"curies":[{"name":"wp","href":"https:\/\/api.w.org\/{rel}","templated":true}]}}