{"id":608,"date":"2015-11-27T10:04:51","date_gmt":"2015-11-27T09:04:51","guid":{"rendered":"http:\/\/serveiseducatius.xtec.cat\/baixemporda\/?page_id=608"},"modified":"2025-07-03T10:32:36","modified_gmt":"2025-07-03T08:32:36","slug":"horari-i-calendari","status":"publish","type":"page","link":"https:\/\/serveiseducatius.xtec.cat\/baixemporda\/el-servei-educatiu\/horari-i-calendari\/","title":{"rendered":"Horari i calendari"},"content":{"rendered":"<p><a href=\"https:\/\/serveiseducatius.xtec.cat\/baixemporda\/wp-content\/uploads\/usu1155\/2020\/09\/Calendari.jpg\"><img loading=\"lazy\" decoding=\"async\" class=\"size-full wp-image-8618 aligncenter\" src=\"https:\/\/serveiseducatius.xtec.cat\/baixemporda\/wp-content\/uploads\/usu1155\/2020\/09\/Calendari.jpg\" alt=\"\" width=\"360\" height=\"216\" srcset=\"https:\/\/serveiseducatius.xtec.cat\/baixemporda\/wp-content\/uploads\/usu1155\/2020\/09\/Calendari.jpg 360w, https:\/\/serveiseducatius.xtec.cat\/baixemporda\/wp-content\/uploads\/usu1155\/2020\/09\/Calendari-300x180.jpg 300w\" sizes=\"auto, (max-width: 360px) 100vw, 360px\" \/><\/a><\/p>\n<p style=\"text-align: justify;\">El Servei Educatiu del Baix Empord\u00e0 (SEBE) \u00e9s un servei educatiu de zona format per un equip multidisciplinari que integra els diferents serveis que ofereixen atenci\u00f3 a la comunitat educativa de la nostra comarca: el Centre de Recursos Pedag\u00f2gics (CRP), l&#8217;Equip d&#8217;Assessorament Psicopedag\u00f2gic (EAP) i l&#8217;Equip d&#8217;assessors en Llengua, Interculturalitat i Cohesi\u00f3 social (ELIC).<\/p>\n<p style=\"text-align: justify;\">La nostra voluntat \u00e9s la d&#8217;actuar de manera coordinada per tal d&#8217;oferir el millor servei possible als centres i al professorat del Baix Empord\u00e0.<\/p>\n<p style=\"text-align: justify;\"><strong>Horari curs 2025-2026<\/strong><\/p>\n<p style=\"text-align: justify;\">El nostre horari d&#8217;atenci\u00f3 al p\u00fablic per a aquest curs 2025-2026 \u00e9s el seg\u00fcent:<\/p>\n<p style=\"text-align: justify;\"><strong>Matins<\/strong>: de dilluns a divendres de 8:30h a 14h.<br \/>\n<strong>Tardes<\/strong>: de dilluns a dijous de 16h a 18h. Divendres: cita pr\u00e8via. Cal comunicar-ho abans del dijous anterior (el dia abans) a les 14h.<\/p>\n<p style=\"text-align: justify;\">Fins el dia 5 de setembre realitzem la jornada continuada coincidint amb els centres de la zona, i tindrem obert al p\u00fablic els matins de 8:30h a 14h.<\/p>\n<p style=\"text-align: justify;\"><strong>Calendari curs 2025-2026<\/strong><\/p>\n<p style=\"text-align: justify;\">El nostre servei educatiu romandr\u00e0 tancat al p\u00fablic, a part dels per\u00edodes de vacances escolars i dels dies de festes laborals oficials a Catalunya, els seg\u00fcents dies de lliure disposici\u00f3 i festes locals acordats pel Consell Escolar Municipal de La Bisbal d&#8217;Empord\u00e0:<\/p>\n<ul>\n<li>31-10-25 (Castanyada)<\/li>\n<li>03-11-25 (Castanyada)<\/li>\n<li>13-02-26 (Carnestoltes)<\/li>\n<li>16-02-26 (Carnestoltes)<\/li>\n<li>17-02-26 (Carnestoltes)<\/li>\n<\/ul>\n<p><strong>Festa local<\/strong><\/p>\n<ul>\n<li>25-05-26<\/li>\n<\/ul>\n<p><strong>Vacances de Nadal:<\/strong><\/p>\n<ul>\n<li>Del 22 de desembre fins el 7 de gener, ambd\u00f3s inclosos<\/li>\n<\/ul>\n<p><strong>Setmana Santa:<\/strong><\/p>\n<ul>\n<li>Del 30 de mar\u00e7 al 6 d&#8217;abril, ambd\u00f3s inclosos<\/li>\n<\/ul>\n","protected":false},"excerpt":{"rendered":"<p>El Servei Educatiu del Baix Empord\u00e0 (SEBE) \u00e9s un servei educatiu de zona format per un equip multidisciplinari que integra els diferents serveis que ofereixen atenci\u00f3 a la comunitat educativa de la nostra comarca: el Centre de Recursos Pedag\u00f2gics (CRP), l&#8217;Equip d&#8217;Assessorament Psicopedag\u00f2gic (EAP) i l&#8217;Equip d&#8217;assessors en Llengua, Interculturalitat i Cohesi\u00f3 social (ELIC). La [&hellip;]<\/p>\n","protected":false},"author":1,"featured_media":0,"parent":806,"menu_order":30,"comment_status":"closed","ping_status":"closed","template":"page-templates\/side-menu.php","meta":{"_bbp_topic_count":0,"_bbp_reply_count":0,"_bbp_total_topic_count":0,"_bbp_total_reply_count":0,"_bbp_voice_count":0,"_bbp_anonymous_reply_count":0,"_bbp_topic_count_hidden":0,"_bbp_reply_count_hidden":0,"_bbp_forum_subforum_count":0,"site-sidebar-layout":"default","site-content-layout":"","ast-site-content-layout":"","site-content-style":"default","site-sidebar-style":"default","ast-global-header-display":"","ast-banner-title-visibility":"","ast-main-header-display":"","ast-hfb-above-header-display":"","ast-hfb-below-header-display":"","ast-hfb-mobile-header-display":"","site-post-title":"","ast-breadcrumbs-content":"","ast-featured-img":"","footer-sml-layout":"","theme-transparent-header-meta":"","adv-header-id-meta":"","stick-header-meta":"","header-above-stick-meta":"","header-main-stick-meta":"","header-below-stick-meta":"","astra-migrate-meta-layouts":"default","ast-page-background-enabled":"default","ast-page-background-meta":{"desktop":{"background-color":"var(--ast-global-color-4)","background-image":"","background-repeat":"repeat","background-position":"center center","background-size":"auto","background-attachment":"scroll","background-type":"","background-media":"","overlay-type":"","overlay-color":"","overlay-opacity":"","overlay-gradient":""},"tablet":{"background-color":"","background-image":"","background-repeat":"repeat","background-position":"center center","background-size":"auto","background-attachment":"scroll","background-type":"","background-media":"","overlay-type":"","overlay-color":"","overlay-opacity":"","overlay-gradient":""},"mobile":{"background-color":"","background-image":"","background-repeat":"repeat","background-position":"center center","background-size":"auto","background-attachment":"scroll","background-type":"","background-media":"","overlay-type":"","overlay-color":"","overlay-opacity":"","overlay-gradient":""}},"ast-content-background-meta":{"desktop":{"background-color":"var(--ast-global-color-5)","background-image":"","background-repeat":"repeat","background-position":"center center","background-size":"auto","background-attachment":"scroll","background-type":"","background-media":"","overlay-type":"","overlay-color":"","overlay-opacity":"","overlay-gradient":""},"tablet":{"background-color":"var(--ast-global-color-5)","background-image":"","background-repeat":"repeat","background-position":"center center","background-size":"auto","background-attachment":"scroll","background-type":"","background-media":"","overlay-type":"","overlay-color":"","overlay-opacity":"","overlay-gradient":""},"mobile":{"background-color":"var(--ast-global-color-5)","background-image":"","background-repeat":"repeat","background-position":"center center","background-size":"auto","background-attachment":"scroll","background-type":"","background-media":"","overlay-type":"","overlay-color":"","overlay-opacity":"","overlay-gradient":""}},"footnotes":""},"class_list":["post-608","page","type-page","status-publish","hentry"],"post_mailing_queue_ids":[],"_links":{"self":[{"href":"https:\/\/serveiseducatius.xtec.cat\/baixemporda\/wp-json\/wp\/v2\/pages\/608","targetHints":{"allow":["GET"]}}],"collection":[{"href":"https:\/\/serveiseducatius.xtec.cat\/baixemporda\/wp-json\/wp\/v2\/pages"}],"about":[{"href":"https:\/\/serveiseducatius.xtec.cat\/baixemporda\/wp-json\/wp\/v2\/types\/page"}],"author":[{"embeddable":true,"href":"https:\/\/serveiseducatius.xtec.cat\/baixemporda\/wp-json\/wp\/v2\/users\/1"}],"replies":[{"embeddable":true,"href":"https:\/\/serveiseducatius.xtec.cat\/baixemporda\/wp-json\/wp\/v2\/comments?post=608"}],"version-history":[{"count":6,"href":"https:\/\/serveiseducatius.xtec.cat\/baixemporda\/wp-json\/wp\/v2\/pages\/608\/revisions"}],"predecessor-version":[{"id":17035,"href":"https:\/\/serveiseducatius.xtec.cat\/baixemporda\/wp-json\/wp\/v2\/pages\/608\/revisions\/17035"}],"up":[{"embeddable":true,"href":"https:\/\/serveiseducatius.xtec.cat\/baixemporda\/wp-json\/wp\/v2\/pages\/806"}],"wp:attachment":[{"href":"https:\/\/serveiseducatius.xtec.cat\/baixemporda\/wp-json\/wp\/v2\/media?parent=608"}],"curies":[{"name":"wp","href":"https:\/\/api.w.org\/{rel}","templated":true}]}}