{"id":434,"date":"2015-11-25T16:37:46","date_gmt":"2015-11-25T15:37:46","guid":{"rendered":"http:\/\/serveiseducatius.xtec.cat\/baixemporda\/?page_id=434"},"modified":"2020-09-14T13:15:46","modified_gmt":"2020-09-14T11:15:46","slug":"cercador-dactivitats-2","status":"publish","type":"page","link":"https:\/\/serveiseducatius.xtec.cat\/baixemporda\/formacio\/cercador-dactivitats-2\/","title":{"rendered":"Cercador d&#8217;activitats"},"content":{"rendered":"<p><iframe loading=\"lazy\" src=\"https:\/\/aplicacions.gestioeducativa.gencat.cat\/pls\/soloas\/pk_for_mod_ins.p_for_form_cons_act\" width=\"100%\" height=\"500px\"><\/iframe><\/p>\n<div><b>Cursos telem\u00e0tics<\/b><\/div>\n<div>Per a veure la relaci\u00f3 de totes les activitats de formaci\u00f3 telem\u00e0tiques que hi ha per a aquest curs cal que aneu a l&#8217;apartat\u00a0<a href=\"http:\/\/xtec.gencat.cat\/ca\/formacio\/\" target=\"_blank\" rel=\"nofollow noopener noreferrer\"><b>Formaci\u00f3<\/b><\/a>\u00a0de la p\u00e0gina web de l&#8217;<a href=\"http:\/\/xtec.gencat.cat\/ca\/inici\/\" target=\"_blank\" rel=\"nofollow noopener noreferrer\"><b>XTEC<\/b><\/a>. Dins la part de\u00a0<a href=\"http:\/\/xtec.gencat.cat\/ca\/formacio\/info-general\/\" target=\"_blank\" rel=\"nofollow noopener noreferrer\"><b>Informaci\u00f3 General<\/b><\/a>\u00a0trobareu el\u00a0<a href=\"http:\/\/xtec.gencat.cat\/ca\/formacio\/info-general\/cercador-activitats\/\" target=\"_blank\" rel=\"nofollow noopener noreferrer\"><b>Cercador d&#8217;activitats<\/b><\/a>. A dins, nom\u00e9s cal que aneu al desplegable\u00a0<b>Modalitat\u00a0<\/b>i seleccioneu la opci\u00f3\u00a0<b>Formaci\u00f3 Telem\u00e0tica<\/b>. La cerca us donar\u00e0 tot el llistat d&#8217;aquestes activitats.<\/div>\n","protected":false},"excerpt":{"rendered":"<p>Cursos telem\u00e0tics Per a veure la relaci\u00f3 de totes les activitats de formaci\u00f3 telem\u00e0tiques que hi ha per a aquest curs cal que aneu a l&#8217;apartat\u00a0Formaci\u00f3\u00a0de la p\u00e0gina web de l&#8217;XTEC. Dins la part de\u00a0Informaci\u00f3 General\u00a0trobareu el\u00a0Cercador d&#8217;activitats. A dins, nom\u00e9s cal que aneu al desplegable\u00a0Modalitat\u00a0i seleccioneu la opci\u00f3\u00a0Formaci\u00f3 Telem\u00e0tica. La cerca us donar\u00e0 tot [&hellip;]<\/p>\n","protected":false},"author":1,"featured_media":0,"parent":416,"menu_order":15,"comment_status":"closed","ping_status":"closed","template":"","meta":{"_bbp_topic_count":0,"_bbp_reply_count":0,"_bbp_total_topic_count":0,"_bbp_total_reply_count":0,"_bbp_voice_count":0,"_bbp_anonymous_reply_count":0,"_bbp_topic_count_hidden":0,"_bbp_reply_count_hidden":0,"_bbp_forum_subforum_count":0,"site-sidebar-layout":"default","site-content-layout":"","ast-site-content-layout":"","site-content-style":"default","site-sidebar-style":"default","ast-global-header-display":"","ast-banner-title-visibility":"","ast-main-header-display":"","ast-hfb-above-header-display":"","ast-hfb-below-header-display":"","ast-hfb-mobile-header-display":"","site-post-title":"","ast-breadcrumbs-content":"","ast-featured-img":"","footer-sml-layout":"","theme-transparent-header-meta":"","adv-header-id-meta":"","stick-header-meta":"","header-above-stick-meta":"","header-main-stick-meta":"","header-below-stick-meta":"","astra-migrate-meta-layouts":"default","ast-page-background-enabled":"default","ast-page-background-meta":{"desktop":{"background-color":"var(--ast-global-color-4)","background-image":"","background-repeat":"repeat","background-position":"center center","background-size":"auto","background-attachment":"scroll","background-type":"","background-media":"","overlay-type":"","overlay-color":"","overlay-opacity":"","overlay-gradient":""},"tablet":{"background-color":"","background-image":"","background-repeat":"repeat","background-position":"center center","background-size":"auto","background-attachment":"scroll","background-type":"","background-media":"","overlay-type":"","overlay-color":"","overlay-opacity":"","overlay-gradient":""},"mobile":{"background-color":"","background-image":"","background-repeat":"repeat","background-position":"center center","background-size":"auto","background-attachment":"scroll","background-type":"","background-media":"","overlay-type":"","overlay-color":"","overlay-opacity":"","overlay-gradient":""}},"ast-content-background-meta":{"desktop":{"background-color":"var(--ast-global-color-5)","background-image":"","background-repeat":"repeat","background-position":"center center","background-size":"auto","background-attachment":"scroll","background-type":"","background-media":"","overlay-type":"","overlay-color":"","overlay-opacity":"","overlay-gradient":""},"tablet":{"background-color":"var(--ast-global-color-5)","background-image":"","background-repeat":"repeat","background-position":"center center","background-size":"auto","background-attachment":"scroll","background-type":"","background-media":"","overlay-type":"","overlay-color":"","overlay-opacity":"","overlay-gradient":""},"mobile":{"background-color":"var(--ast-global-color-5)","background-image":"","background-repeat":"repeat","background-position":"center center","background-size":"auto","background-attachment":"scroll","background-type":"","background-media":"","overlay-type":"","overlay-color":"","overlay-opacity":"","overlay-gradient":""}},"footnotes":""},"class_list":["post-434","page","type-page","status-publish","hentry"],"post_mailing_queue_ids":[],"_links":{"self":[{"href":"https:\/\/serveiseducatius.xtec.cat\/baixemporda\/wp-json\/wp\/v2\/pages\/434","targetHints":{"allow":["GET"]}}],"collection":[{"href":"https:\/\/serveiseducatius.xtec.cat\/baixemporda\/wp-json\/wp\/v2\/pages"}],"about":[{"href":"https:\/\/serveiseducatius.xtec.cat\/baixemporda\/wp-json\/wp\/v2\/types\/page"}],"author":[{"embeddable":true,"href":"https:\/\/serveiseducatius.xtec.cat\/baixemporda\/wp-json\/wp\/v2\/users\/1"}],"replies":[{"embeddable":true,"href":"https:\/\/serveiseducatius.xtec.cat\/baixemporda\/wp-json\/wp\/v2\/comments?post=434"}],"version-history":[{"count":3,"href":"https:\/\/serveiseducatius.xtec.cat\/baixemporda\/wp-json\/wp\/v2\/pages\/434\/revisions"}],"predecessor-version":[{"id":8692,"href":"https:\/\/serveiseducatius.xtec.cat\/baixemporda\/wp-json\/wp\/v2\/pages\/434\/revisions\/8692"}],"up":[{"embeddable":true,"href":"https:\/\/serveiseducatius.xtec.cat\/baixemporda\/wp-json\/wp\/v2\/pages\/416"}],"wp:attachment":[{"href":"https:\/\/serveiseducatius.xtec.cat\/baixemporda\/wp-json\/wp\/v2\/media?parent=434"}],"curies":[{"name":"wp","href":"https:\/\/api.w.org\/{rel}","templated":true}]}}