{"id":10335,"date":"2021-02-24T09:34:08","date_gmt":"2021-02-24T08:34:08","guid":{"rendered":"http:\/\/serveiseducatius.xtec.cat\/baixemporda\/?page_id=10335"},"modified":"2021-02-24T11:00:21","modified_gmt":"2021-02-24T10:00:21","slug":"jocs-florals","status":"publish","type":"page","link":"https:\/\/serveiseducatius.xtec.cat\/baixemporda\/jocs-florals\/","title":{"rendered":"VIII Jocs Florals Escolars"},"content":{"rendered":"<p><a href=\"https:\/\/serveiseducatius.xtec.cat\/baixemporda\/wp-content\/uploads\/usu1155\/2021\/02\/Et75KBBWgAE1kE8.jpg\"><img loading=\"lazy\" decoding=\"async\" class=\"size-medium wp-image-10161 aligncenter\" src=\"https:\/\/serveiseducatius.xtec.cat\/baixemporda\/wp-content\/uploads\/usu1155\/2021\/02\/Et75KBBWgAE1kE8-300x146.jpg\" alt=\"\" width=\"300\" height=\"146\" srcset=\"https:\/\/serveiseducatius.xtec.cat\/baixemporda\/wp-content\/uploads\/usu1155\/2021\/02\/Et75KBBWgAE1kE8-300x146.jpg 300w, https:\/\/serveiseducatius.xtec.cat\/baixemporda\/wp-content\/uploads\/usu1155\/2021\/02\/Et75KBBWgAE1kE8.jpg 553w\" sizes=\"auto, (max-width: 300px) 100vw, 300px\" \/><\/a><\/p>\n<p>El Departament d\u2019Educaci\u00f3 convoca els<a href=\"http:\/\/xtec.gencat.cat\/ca\/centres\/alscentres\/premis\/jocsflorals\/2021\/\" target=\"_blank\" rel=\"noopener noreferrer\"> VIII Jocs Florals Escolars de Catalunya<\/a> amb l\u2019objectiu de\u00a0<strong>promoure l\u2019escriptura<\/strong>\u00a0tant en prosa com en poesia en\u00a0<strong>infants i joves de sis a divuit anys.\u00a0<\/strong>Per tal d\u2019impulsar la producci\u00f3 de textos escrits en poesia, enguany a cada cicle escolar, es premiar\u00e0 una producci\u00f3 escrita en poesia i una altra en prosa.<\/p>\n<p>La categoria del conte il\u00b7lustrat est\u00e0 adre\u00e7at a tots els alumnes de prim\u00e0ria i als alumnes de prim\u00e0ria de les escoles d\u2019educaci\u00f3 especial.<\/p>\n<p>L\u2019objectiu \u00e9s promoure la creaci\u00f3 liter\u00e0ria potenciant el treball interdisciplinari des de l\u2019\u00e0mbit ling\u00fc\u00edstic, l\u2019\u00e0mbit digital i l\u2019\u00e0mbit art\u00edstic.<\/p>\n<p>En aquesta categoria s\u2019han d\u2019abordar noves t\u00e8cniques narratives com el gui\u00f3, la llengua oral, la banda sonora i la dimensi\u00f3 visual i pl\u00e0stica.<\/p>\n<p>En el\u00a0<a href=\"https:\/\/blocs.xtec.cat\/jocsflorals-conteaudiovisual\/projecte\/#_ga=2.55315179.192357894.1580657198-217959981.1497171735\" target=\"_blank\" rel=\"noopener noreferrer\">blog Conte audiovisual il\u00b7lustrat<\/a>\u00a0podeu trobar una proposta per treballar el conte audiovisual com a projecte de treball interdisciplinari, aix\u00ed com un llistat de recursos d\u2019\u00e0udio i v\u00eddeo que es pot utilitzar per a l\u2019elaboraci\u00f3 del conte audiovisual.<\/p>\n<p><a href=\"https:\/\/drive.google.com\/file\/d\/1M5XxA-mE6XWcLhyNeHWEuqPdZ8qucktA\/view?usp=sharing\" target=\"_blank\" rel=\"noopener noreferrer\">Vegeu les BASES del concurs<\/a><\/p>\n<p>Aqu\u00ed hi trobareu les\u00a0<a href=\"https:\/\/drive.google.com\/file\/d\/1HhgGsO4BzrM9vcK0DywGuRa50d-J7AxK\/view?usp=sharing\" target=\"_blank\" rel=\"noopener noreferrer\">BASES del conte audiovisual<\/a><\/p>\n<p>A l\u2019apartat\u00a0<a href=\"http:\/\/xtec.gencat.cat\/ca\/centres\/alscentres\/premis\/jocsflorals\/2021\/\" target=\"_blank\" rel=\"noopener noreferrer\">\u201cDestacats\u201d\u00a0<\/a>\u00a0a part de trobar- hi les bases dels Jocs Florals i les bases del conte audiovisual, \u00a0tamb\u00e9 hi trobareu\u00a0 enlla\u00e7os diversos sobre el proc\u00e9s escriptor.<\/p>\n<p>&nbsp;<\/p>\n<h4 class=\"sites-embed-title\">Formulari d\u2019inscripci\u00f3 i de tramesa dels treballs seleccionats:<\/h4>\n<p><b><u>ENTRE EL 18 DE FEBRER I EL 26\u00a0 D\u2019ABRIL\u00a0<\/u><\/b><\/p>\n<ul>\n<li>Omplir <a href=\"https:\/\/docs.google.com\/forms\/d\/e\/1FAIpQLSccZcBam1xvlxjElAIpjsr21aTIvS3gM3PdPfEE9Hy30D7YAA\/viewform\" target=\"_blank\" rel=\"noopener noreferrer\">formulari d\u2019inscripci\u00f3<\/a> i lliurar els treballs seleccionats del centre al Servei Educatiu del Baix Empord\u00e0: b7990102@xtec.cat<\/li>\n<\/ul>\n","protected":false},"excerpt":{"rendered":"<p>El Departament d\u2019Educaci\u00f3 convoca els VIII Jocs Florals Escolars de Catalunya amb l\u2019objectiu de\u00a0promoure l\u2019escriptura\u00a0tant en prosa com en poesia en\u00a0infants i joves de sis a divuit anys.\u00a0Per tal d\u2019impulsar la producci\u00f3 de textos escrits en poesia, enguany a cada cicle escolar, es premiar\u00e0 una producci\u00f3 escrita en poesia i una altra en prosa. La [&hellip;]<\/p>\n","protected":false},"author":1,"featured_media":0,"parent":0,"menu_order":0,"comment_status":"closed","ping_status":"closed","template":"","meta":{"_bbp_topic_count":0,"_bbp_reply_count":0,"_bbp_total_topic_count":0,"_bbp_total_reply_count":0,"_bbp_voice_count":0,"_bbp_anonymous_reply_count":0,"_bbp_topic_count_hidden":0,"_bbp_reply_count_hidden":0,"_bbp_forum_subforum_count":0,"site-sidebar-layout":"default","site-content-layout":"","ast-site-content-layout":"","site-content-style":"default","site-sidebar-style":"default","ast-global-header-display":"","ast-banner-title-visibility":"","ast-main-header-display":"","ast-hfb-above-header-display":"","ast-hfb-below-header-display":"","ast-hfb-mobile-header-display":"","site-post-title":"","ast-breadcrumbs-content":"","ast-featured-img":"","footer-sml-layout":"","theme-transparent-header-meta":"","adv-header-id-meta":"","stick-header-meta":"","header-above-stick-meta":"","header-main-stick-meta":"","header-below-stick-meta":"","astra-migrate-meta-layouts":"default","ast-page-background-enabled":"default","ast-page-background-meta":{"desktop":{"background-color":"var(--ast-global-color-4)","background-image":"","background-repeat":"repeat","background-position":"center center","background-size":"auto","background-attachment":"scroll","background-type":"","background-media":"","overlay-type":"","overlay-color":"","overlay-opacity":"","overlay-gradient":""},"tablet":{"background-color":"","background-image":"","background-repeat":"repeat","background-position":"center center","background-size":"auto","background-attachment":"scroll","background-type":"","background-media":"","overlay-type":"","overlay-color":"","overlay-opacity":"","overlay-gradient":""},"mobile":{"background-color":"","background-image":"","background-repeat":"repeat","background-position":"center center","background-size":"auto","background-attachment":"scroll","background-type":"","background-media":"","overlay-type":"","overlay-color":"","overlay-opacity":"","overlay-gradient":""}},"ast-content-background-meta":{"desktop":{"background-color":"var(--ast-global-color-5)","background-image":"","background-repeat":"repeat","background-position":"center center","background-size":"auto","background-attachment":"scroll","background-type":"","background-media":"","overlay-type":"","overlay-color":"","overlay-opacity":"","overlay-gradient":""},"tablet":{"background-color":"var(--ast-global-color-5)","background-image":"","background-repeat":"repeat","background-position":"center center","background-size":"auto","background-attachment":"scroll","background-type":"","background-media":"","overlay-type":"","overlay-color":"","overlay-opacity":"","overlay-gradient":""},"mobile":{"background-color":"var(--ast-global-color-5)","background-image":"","background-repeat":"repeat","background-position":"center center","background-size":"auto","background-attachment":"scroll","background-type":"","background-media":"","overlay-type":"","overlay-color":"","overlay-opacity":"","overlay-gradient":""}},"footnotes":""},"class_list":["post-10335","page","type-page","status-publish","hentry"],"post_mailing_queue_ids":[],"_links":{"self":[{"href":"https:\/\/serveiseducatius.xtec.cat\/baixemporda\/wp-json\/wp\/v2\/pages\/10335","targetHints":{"allow":["GET"]}}],"collection":[{"href":"https:\/\/serveiseducatius.xtec.cat\/baixemporda\/wp-json\/wp\/v2\/pages"}],"about":[{"href":"https:\/\/serveiseducatius.xtec.cat\/baixemporda\/wp-json\/wp\/v2\/types\/page"}],"author":[{"embeddable":true,"href":"https:\/\/serveiseducatius.xtec.cat\/baixemporda\/wp-json\/wp\/v2\/users\/1"}],"replies":[{"embeddable":true,"href":"https:\/\/serveiseducatius.xtec.cat\/baixemporda\/wp-json\/wp\/v2\/comments?post=10335"}],"version-history":[{"count":4,"href":"https:\/\/serveiseducatius.xtec.cat\/baixemporda\/wp-json\/wp\/v2\/pages\/10335\/revisions"}],"predecessor-version":[{"id":10345,"href":"https:\/\/serveiseducatius.xtec.cat\/baixemporda\/wp-json\/wp\/v2\/pages\/10335\/revisions\/10345"}],"wp:attachment":[{"href":"https:\/\/serveiseducatius.xtec.cat\/baixemporda\/wp-json\/wp\/v2\/media?parent=10335"}],"curies":[{"name":"wp","href":"https:\/\/api.w.org\/{rel}","templated":true}]}}