{"id":385,"date":"2015-11-25T14:26:15","date_gmt":"2015-11-25T13:26:15","guid":{"rendered":"http:\/\/serveiseducatius.xtec.cat\/se-baixebre\/?page_id=385"},"modified":"2021-12-20T10:46:03","modified_gmt":"2021-12-20T09:46:03","slug":"ensenyament-secundari-batxillerat-i-formacio-professional","status":"publish","type":"page","link":"https:\/\/serveiseducatius.xtec.cat\/baixebre\/comunitat\/centres-educatius\/ensenyament-secundari-batxillerat-i-formacio-professional\/","title":{"rendered":"Ensenyament secundari i Batxillerat."},"content":{"rendered":"<p><strong>INS\u00a0Crist\u00f2fol Despuig<br \/>\n<\/strong>C. Rub\u00ed, 16, Tortosa, CP 43500<br \/>\nTel. 977 50 07 44<br \/>\nCorreu electr\u00f2nic: e3011170@xtec.cat<br \/>\nWeb:\u00a0<a href=\"https:\/\/agora.xtec.cat\/insdespuig\/\" target=\"_blank\" rel=\"noopener noreferrer\">https:\/\/agora.xtec.cat\/insdespuig\/<\/a><\/p>\n<p><strong>INS Dertosa<br \/>\n<\/strong>Av. Estadi, 14, Tortosa, CP 43500<br \/>\nTel. 977 50 13 10<br \/>\nCorreu electr\u00f2nic: e3004438@xtec.cat<br \/>\nWeb:\u00a0<a href=\"https:\/\/agora.xtec.cat\/insdertosa\/\" target=\"_blank\" rel=\"noopener noreferrer\">https:\/\/agora.xtec.cat\/insdertosa<\/a><\/p>\n<p><strong>INS\u00a0Camarles<br \/>\n<\/strong>C. de la Granadella, s\/n, Camarles, CP 43894<br \/>\nTel. 977 47 04 44<br \/>\nCorreu electr\u00f2nic: e3008419@xtec.cat<br \/>\nWeb: <a href=\"https:\/\/agora.xtec.cat\/iescamarles\/\">https:\/\/agora.xtec.cat\/iescamarles\/<\/a><\/p>\n<p><strong>Institut Escola El Perell\u00f3<br \/>\n<\/strong>Av. Sant Jordi, 1, El Perell\u00f3, CP 43519<br \/>\nTel. 977 49 04 10<br \/>\nCorreu electr\u00f2nic:<br \/>\nWeb: <a href=\"https:\/\/agora.xtec.cat\/ies-blanca-danjou\/\">https:\/\/agora.xtec.cat\/ies-blanca-danjou\/<\/a><\/p>\n<p><strong>INS\u00a0Deltebre<br \/>\n<\/strong>Av. de Catalunya, s\/n, Deltebre, CP 43580<br \/>\nTel. 977 48 91 23<br \/>\nCorreu electr\u00f2nic: e3006964@xtec.cat<br \/>\nWeb: <a href=\"https:\/\/agora.xtec.cat\/iesdeltebre\/\">https:\/\/agora.xtec.cat\/iesdeltebre\/<\/a><\/p>\n<p><strong>INS Candelera<br \/>\n<\/strong>Av. l&#8217;Ensenyament, s\/n, Ametlla de Mar, CP 43860<br \/>\nTel. 977 45 64 42<br \/>\nCorreu electr\u00f2nic: e3006976@xtec.cat<br \/>\nWeb: <a href=\"https:\/\/agora.xtec.cat\/iescandelera\/\">https:\/\/agora.xtec.cat\/iescandelera\/<\/a><\/p>\n<p><strong>INS\u00a0Roquetes<br \/>\n<\/strong>C. Anselm Clav\u00e9, 8, Roquetes, CP 43520<br \/>\nTel. 977 50 28 33<br \/>\nCorreu electr\u00f2nic: e3008420@xtec.cat<br \/>\nWeb:<a href=\"https:\/\/agora.xtec.cat\/iesroquetes\/\"> https:\/\/agora.xtec.cat\/iesroquetes\/<\/a><\/p>\n<p><strong>Institut Escola\u00a0Daniel Mangran\u00e9<br \/>\n<\/strong>Ctra. Jes\u00fas-Roquetes, s\/n, Jes\u00fas (Tortosa), CP 43590<br \/>\nTel. 977 50 23 16<br \/>\nCorreu electr\u00f2nic: e3012307@xtec.cat<br \/>\nWeb: <a href=\"https:\/\/agora.xtec.cat\/ins-esc-danielmangrane\/\">https:\/\/agora.xtec.cat\/ins-esc-danielmangrane\/<\/a><\/p>\n<p><strong><span style=\"color: #000000;\">Institut Escola El Temple<\/span><br \/>\n<\/strong>C. Adri\u00e0 d\u2019Utrech, s\/n, Tortosa, CP 43500<br \/>\nTel. 977 44 25 21<br \/>\nCorreu electr\u00f2nic: e3013142@xtec.cat<br \/>\nWeb:\u00a0<a href=\"https:\/\/agora.xtec.cat\/ietemple\/\">https:\/\/agora.xtec.cat\/ietemple\/<\/a><\/p>\n<p><strong>COL Consolaci\u00f3<br \/>\n<\/strong>C. Argentina, 32-34, Tortosa, CP 43500<br \/>\nTel. 977 44 03 26<br \/>\nCorreu electr\u00f2nic: e3004311@xtec.cat<br \/>\nWeb: <a href=\"https:\/\/www.consolaciotortosa.com\/\">https:\/\/www.consolaciotortosa.com\/<\/a><\/p>\n<p><strong>COL\u00a0Sagrada Fam\u00edlia<br \/>\n<\/strong>C. Pujada al Seminari, 16, Tortosa, CP 43500<br \/>\nTel. 977 44 08 88<br \/>\nCorreu electr\u00f2nic: e3004402@xtec.cat<br \/>\nWeb: <a href=\"https:\/\/www.csagrada.com\/\">https:\/\/www.csagrada.com\/<\/a><\/p>\n<p><strong>COL\u00a0Teresi\u00e0<br \/>\n<\/strong>C. Rossell\u00f3, 31-37, Tortosa, CP 43500<br \/>\nTel. 977 44 04 44<br \/>\nCorreu electr\u00f2nic: e3004372@xtec.cat<br \/>\nWeb: <a href=\"https:\/\/tortosa.escolateresiana.com\/\">https:\/\/tortosa.escolateresiana.com\/<\/a><\/p>\n","protected":false},"excerpt":{"rendered":"<p>INS\u00a0Crist\u00f2fol Despuig C. Rub\u00ed, 16, Tortosa, CP 43500 Tel. 977 50 07 44 Correu electr\u00f2nic: e3011170@xtec.cat Web:\u00a0https:\/\/agora.xtec.cat\/insdespuig\/ INS Dertosa Av. [&hellip;]<\/p>\n","protected":false},"author":1,"featured_media":0,"parent":338,"menu_order":30,"comment_status":"closed","ping_status":"closed","template":"page-templates\/side-menu.php","meta":{"_bbp_topic_count":0,"_bbp_reply_count":0,"_bbp_total_topic_count":0,"_bbp_total_reply_count":0,"_bbp_voice_count":0,"_bbp_anonymous_reply_count":0,"_bbp_topic_count_hidden":0,"_bbp_reply_count_hidden":0,"_bbp_forum_subforum_count":0,"site-sidebar-layout":"default","site-content-layout":"","ast-site-content-layout":"","site-content-style":"default","site-sidebar-style":"default","ast-global-header-display":"","ast-banner-title-visibility":"","ast-main-header-display":"","ast-hfb-above-header-display":"","ast-hfb-below-header-display":"","ast-hfb-mobile-header-display":"","site-post-title":"","ast-breadcrumbs-content":"","ast-featured-img":"","footer-sml-layout":"","theme-transparent-header-meta":"","adv-header-id-meta":"","stick-header-meta":"","header-above-stick-meta":"","header-main-stick-meta":"","header-below-stick-meta":"","astra-migrate-meta-layouts":"default","ast-page-background-enabled":"default","ast-page-background-meta":{"desktop":{"background-color":"var(--ast-global-color-4)","background-image":"","background-repeat":"repeat","background-position":"center center","background-size":"auto","background-attachment":"scroll","background-type":"","background-media":"","overlay-type":"","overlay-color":"","overlay-opacity":"","overlay-gradient":""},"tablet":{"background-color":"","background-image":"","background-repeat":"repeat","background-position":"center center","background-size":"auto","background-attachment":"scroll","background-type":"","background-media":"","overlay-type":"","overlay-color":"","overlay-opacity":"","overlay-gradient":""},"mobile":{"background-color":"","background-image":"","background-repeat":"repeat","background-position":"center center","background-size":"auto","background-attachment":"scroll","background-type":"","background-media":"","overlay-type":"","overlay-color":"","overlay-opacity":"","overlay-gradient":""}},"ast-content-background-meta":{"desktop":{"background-color":"var(--ast-global-color-5)","background-image":"","background-repeat":"repeat","background-position":"center center","background-size":"auto","background-attachment":"scroll","background-type":"","background-media":"","overlay-type":"","overlay-color":"","overlay-opacity":"","overlay-gradient":""},"tablet":{"background-color":"var(--ast-global-color-5)","background-image":"","background-repeat":"repeat","background-position":"center center","background-size":"auto","background-attachment":"scroll","background-type":"","background-media":"","overlay-type":"","overlay-color":"","overlay-opacity":"","overlay-gradient":""},"mobile":{"background-color":"var(--ast-global-color-5)","background-image":"","background-repeat":"repeat","background-position":"center center","background-size":"auto","background-attachment":"scroll","background-type":"","background-media":"","overlay-type":"","overlay-color":"","overlay-opacity":"","overlay-gradient":""}},"footnotes":""},"class_list":["post-385","page","type-page","status-publish","hentry"],"post_mailing_queue_ids":[],"_links":{"self":[{"href":"https:\/\/serveiseducatius.xtec.cat\/baixebre\/wp-json\/wp\/v2\/pages\/385","targetHints":{"allow":["GET"]}}],"collection":[{"href":"https:\/\/serveiseducatius.xtec.cat\/baixebre\/wp-json\/wp\/v2\/pages"}],"about":[{"href":"https:\/\/serveiseducatius.xtec.cat\/baixebre\/wp-json\/wp\/v2\/types\/page"}],"author":[{"embeddable":true,"href":"https:\/\/serveiseducatius.xtec.cat\/baixebre\/wp-json\/wp\/v2\/users\/1"}],"replies":[{"embeddable":true,"href":"https:\/\/serveiseducatius.xtec.cat\/baixebre\/wp-json\/wp\/v2\/comments?post=385"}],"version-history":[{"count":6,"href":"https:\/\/serveiseducatius.xtec.cat\/baixebre\/wp-json\/wp\/v2\/pages\/385\/revisions"}],"predecessor-version":[{"id":7650,"href":"https:\/\/serveiseducatius.xtec.cat\/baixebre\/wp-json\/wp\/v2\/pages\/385\/revisions\/7650"}],"up":[{"embeddable":true,"href":"https:\/\/serveiseducatius.xtec.cat\/baixebre\/wp-json\/wp\/v2\/pages\/338"}],"wp:attachment":[{"href":"https:\/\/serveiseducatius.xtec.cat\/baixebre\/wp-json\/wp\/v2\/media?parent=385"}],"curies":[{"name":"wp","href":"https:\/\/api.w.org\/{rel}","templated":true}]}}