{"id":2171,"date":"2016-02-25T10:00:51","date_gmt":"2016-02-25T09:00:51","guid":{"rendered":"http:\/\/serveiseducatius.xtec.cat\/se-baixebre\/?page_id=2171"},"modified":"2016-05-23T17:00:07","modified_gmt":"2016-05-23T16:00:07","slug":"cataleg-de-recursos-del-crp-baix-ebre-a-merli","status":"publish","type":"page","link":"https:\/\/serveiseducatius.xtec.cat\/baixebre\/recursos\/cataleg-de-recursos-del-crp-baix-ebre-a-merli\/","title":{"rendered":"Cat\u00e0leg de recursos del CRP Baix Ebre"},"content":{"rendered":"<p>En aquest cat\u00e0leg es mostren els recursos f\u00edsics que el CRP del Baix Ebre t\u00e9 disponibles en servei pr\u00e9stec, aix\u00ed com els recursos en l\u00ednia que es troben al Cat\u00e0leg de Recursos Educatius <a href=\"http:\/\/merli.xtec.cat\/merli\/cerca\/directoriInicial.jsp\" target=\"_blank\">Merl\u00ed<\/a> desenvolupat pel Departament d&#8217;Ensenyament.\u00a0El cat\u00e0leg est\u00e0 organitzat per nivells educatius, \u00e0rees i mat\u00e8ries curriculars.<\/p>\n<p>En seleccionar per a un nivell determinat i una \u00e0rea o mat\u00e8ria, la tipologia dels recursos, f\u00edsics o en l\u00ednia, s\u2019obrir\u00e0 una p\u00e0gina del Cat\u00e0leg de recursos educatius Merl\u00ed on estaran seleccionats els recursos sol\u00b7licitats.\u00a0A cada p\u00e0gina, els recursos s\u00f3n presentats ordenats per data de publicaci\u00f3 del m\u00e9s recent al m\u00e9s antic, mostrant per tant en primer lloc els recursos m\u00e9s nous.<\/p>\n<p>Al men\u00fa de l\u2019esquerra es pot acabar d\u2019ajustar el format del recurs:<\/p>\n<ul>\n<li>en el cas dels <strong>recursos f\u00edsics<\/strong> poden apar\u00e8ixer: V\u00eddeo, Escrit, Maleta pedag\u00f2gica, Recurs electr\u00f2nic, Objecte, \u00c0udio, Material visual i Altres recursos, tots ells <strong>disponibles al CRP del Baix Ebre<\/strong>.<\/li>\n<li>en el cas dels <strong>recursos en l\u00ednia<\/strong> poden apar\u00e8ixer: Interactiu, Aplicaci\u00f3, Imatge, \u00c0udio, V\u00eddeo, Document, P\u00e0gina Web i Altres recursos. En la fitxa de cada recurs es troba l\u2019enlla\u00e7 directe per accedir-hi.<\/li>\n<\/ul>\n<p>Esperem que aquesta selecci\u00f3 us sigui \u00fatil per accedir a recursos de suport a la vostra tasca educativa.<\/p>\n<ul>\n<li><a href=\"http:\/\/serveiseducatius.xtec.cat\/baixebre\/recursos\/cataleg-de-recursos-del-crp-baix-ebre-a-merli\/cataleg-educacio-infantil\/\">Cat\u00e0leg d&#8217;Educaci\u00f3 Infantil<\/a><\/li>\n<li><a href=\"http:\/\/serveiseducatius.xtec.cat\/baixebre\/recursos\/cataleg-de-recursos-del-crp-baix-ebre-a-merli\/cataleg-educacio-primaria\/\">Cat\u00e0leg d&#8217;Educaci\u00f3 Prim\u00e0ria<\/a><\/li>\n<li><a href=\"http:\/\/serveiseducatius.xtec.cat\/baixebre\/recursos\/cataleg-de-recursos-del-crp-baix-ebre-a-merli\/cataleg-educacio-secundaria-obligatoria\/\">Cat\u00e0leg d&#8217;Educaci\u00f3 Secund\u00e0ria Obligat\u00f2ria<\/a><\/li>\n<li><a href=\"http:\/\/serveiseducatius.xtec.cat\/baixebre\/recursos\/cataleg-de-recursos-del-crp-baix-ebre-a-merli\/cataleg-batxillerat\/\">Cat\u00e0leg de Batxillerat<\/a><\/li>\n<li><a href=\"http:\/\/serveiseducatius.xtec.cat\/baixebre\/recursos\/cataleg-de-recursos-del-crp-baix-ebre-a-merli\/cataleg-per-ambits-tematics\/\">Cat\u00e0leg per \u00e0mbits tem\u00e0tics<\/a><\/li>\n<\/ul>\n","protected":false},"excerpt":{"rendered":"<p>En aquest cat\u00e0leg es mostren els recursos f\u00edsics que el CRP del Baix Ebre t\u00e9 disponibles en servei pr\u00e9stec, aix\u00ed [&hellip;]<\/p>\n","protected":false},"author":5,"featured_media":0,"parent":906,"menu_order":0,"comment_status":"closed","ping_status":"closed","template":"page-templates\/side-menu.php","meta":{"_bbp_topic_count":0,"_bbp_reply_count":0,"_bbp_total_topic_count":0,"_bbp_total_reply_count":0,"_bbp_voice_count":0,"_bbp_anonymous_reply_count":0,"_bbp_topic_count_hidden":0,"_bbp_reply_count_hidden":0,"_bbp_forum_subforum_count":0,"site-sidebar-layout":"default","site-content-layout":"","ast-site-content-layout":"","site-content-style":"default","site-sidebar-style":"default","ast-global-header-display":"","ast-banner-title-visibility":"","ast-main-header-display":"","ast-hfb-above-header-display":"","ast-hfb-below-header-display":"","ast-hfb-mobile-header-display":"","site-post-title":"","ast-breadcrumbs-content":"","ast-featured-img":"","footer-sml-layout":"","theme-transparent-header-meta":"","adv-header-id-meta":"","stick-header-meta":"","header-above-stick-meta":"","header-main-stick-meta":"","header-below-stick-meta":"","astra-migrate-meta-layouts":"default","ast-page-background-enabled":"default","ast-page-background-meta":{"desktop":{"background-color":"var(--ast-global-color-4)","background-image":"","background-repeat":"repeat","background-position":"center center","background-size":"auto","background-attachment":"scroll","background-type":"","background-media":"","overlay-type":"","overlay-color":"","overlay-opacity":"","overlay-gradient":""},"tablet":{"background-color":"","background-image":"","background-repeat":"repeat","background-position":"center center","background-size":"auto","background-attachment":"scroll","background-type":"","background-media":"","overlay-type":"","overlay-color":"","overlay-opacity":"","overlay-gradient":""},"mobile":{"background-color":"","background-image":"","background-repeat":"repeat","background-position":"center center","background-size":"auto","background-attachment":"scroll","background-type":"","background-media":"","overlay-type":"","overlay-color":"","overlay-opacity":"","overlay-gradient":""}},"ast-content-background-meta":{"desktop":{"background-color":"var(--ast-global-color-5)","background-image":"","background-repeat":"repeat","background-position":"center center","background-size":"auto","background-attachment":"scroll","background-type":"","background-media":"","overlay-type":"","overlay-color":"","overlay-opacity":"","overlay-gradient":""},"tablet":{"background-color":"var(--ast-global-color-5)","background-image":"","background-repeat":"repeat","background-position":"center center","background-size":"auto","background-attachment":"scroll","background-type":"","background-media":"","overlay-type":"","overlay-color":"","overlay-opacity":"","overlay-gradient":""},"mobile":{"background-color":"var(--ast-global-color-5)","background-image":"","background-repeat":"repeat","background-position":"center center","background-size":"auto","background-attachment":"scroll","background-type":"","background-media":"","overlay-type":"","overlay-color":"","overlay-opacity":"","overlay-gradient":""}},"footnotes":""},"class_list":["post-2171","page","type-page","status-publish","hentry"],"post_mailing_queue_ids":[],"_links":{"self":[{"href":"https:\/\/serveiseducatius.xtec.cat\/baixebre\/wp-json\/wp\/v2\/pages\/2171","targetHints":{"allow":["GET"]}}],"collection":[{"href":"https:\/\/serveiseducatius.xtec.cat\/baixebre\/wp-json\/wp\/v2\/pages"}],"about":[{"href":"https:\/\/serveiseducatius.xtec.cat\/baixebre\/wp-json\/wp\/v2\/types\/page"}],"author":[{"embeddable":true,"href":"https:\/\/serveiseducatius.xtec.cat\/baixebre\/wp-json\/wp\/v2\/users\/5"}],"replies":[{"embeddable":true,"href":"https:\/\/serveiseducatius.xtec.cat\/baixebre\/wp-json\/wp\/v2\/comments?post=2171"}],"version-history":[{"count":4,"href":"https:\/\/serveiseducatius.xtec.cat\/baixebre\/wp-json\/wp\/v2\/pages\/2171\/revisions"}],"predecessor-version":[{"id":2436,"href":"https:\/\/serveiseducatius.xtec.cat\/baixebre\/wp-json\/wp\/v2\/pages\/2171\/revisions\/2436"}],"up":[{"embeddable":true,"href":"https:\/\/serveiseducatius.xtec.cat\/baixebre\/wp-json\/wp\/v2\/pages\/906"}],"wp:attachment":[{"href":"https:\/\/serveiseducatius.xtec.cat\/baixebre\/wp-json\/wp\/v2\/media?parent=2171"}],"curies":[{"name":"wp","href":"https:\/\/api.w.org\/{rel}","templated":true}]}}