{"id":2066,"date":"2016-02-16T11:03:37","date_gmt":"2016-02-16T10:03:37","guid":{"rendered":"http:\/\/serveiseducatius.xtec.cat\/se-baixebre\/?page_id=2066"},"modified":"2016-02-16T11:06:43","modified_gmt":"2016-02-16T10:06:43","slug":"recursos-biblioteques","status":"publish","type":"page","link":"https:\/\/serveiseducatius.xtec.cat\/baixebre\/recursos-biblioteques\/","title":{"rendered":"Formaci\u00f3 &#8211; Biblioteques"},"content":{"rendered":"<h3 style=\"text-align: justify;\"><b><span lang=\"ES\">Suport a la formaci\u00f3 institucional del programa <em>Biblioteca escolar &#8220;puntedu&#8221;<\/em><\/span><\/b><\/h3>\n<ul>\n<li style=\"text-align: justify;\"><a href=\"http:\/\/ateneu.xtec.cat\/wikiform\/wikiexport\/cmd\/bib\/be1e\/index\" target=\"_blank\" rel=\"nofollow\">BE1E: eP\u00e8rgam, gesti\u00f3 i organitzaci\u00f3<\/a><\/li>\n<li style=\"text-align: justify;\"><a href=\"http:\/\/ateneu.xtec.cat\/wikiform\/wikiexport\/cmd\/bib\/be1d\/index\" target=\"_blank\" rel=\"nofollow\">BE1D: Concepte i dinamitzaci\u00f3<\/a><\/li>\n<li style=\"text-align: justify;\"><a href=\"http:\/\/ateneu.xtec.cat\/wikiform\/wikiexport\/cmd\/bib\/be2\/index\" target=\"_blank\" rel=\"nofollow\">BE2: La compet\u00e8ncia informacional des de la biblioteca escolar<\/a><\/li>\n<li style=\"text-align: justify;\"><a href=\"http:\/\/ateneu.xtec.cat\/wikiform\/wikiexport\/cmd\/bib\/be3\/index\" target=\"_blank\" rel=\"nofollow\">BE3: El Pla de Lectura de Centre (PLEC)<\/a><\/li>\n<li style=\"text-align: justify;\"><a href=\"http:\/\/ateneu.xtec.cat\/wikiform\/wikiexport\/cmd\/bib\/becl\/index\" target=\"_blank\" rel=\"nofollow\">BECL: La compet\u00e8ncia lectora des de la biblioteca escolar<\/a><\/li>\n<li style=\"text-align: justify;\"><a href=\"http:\/\/ateneu.xtec.cat\/wikiform\/wikiexport\/cmd\/bib\/beed\/index\" target=\"_blank\" rel=\"nofollow\">BEED: Eines 2.0 per a la biblioteca escolar<\/a><\/li>\n<li style=\"text-align: justify;\"><a href=\"http:\/\/ateneu.xtec.cat\/wikiform\/wikiexport\/cmd\/bib\/begl\/index\" target=\"_blank\" rel=\"nofollow\">BEGL: El gust per llegir des de la biblioteca escolar<\/a><\/li>\n<\/ul>\n<h3 style=\"text-align: justify;\"><b><span lang=\"ES\">Disseny i organitzaci\u00f3, dins del\u00a0 Pla de Formaci\u00f3 del Baix Ebre, d\u2019activitats relacionades amb la biblioteca escolar<\/span><\/b><\/h3>\n<ul>\n<li style=\"text-align: justify;\"><span lang=\"ES\">8030511803 <b><span style=\"color: #0b5394;\"><a href=\"https:\/\/sites.google.com\/a\/xtec.cat\/seminari-de-biblioteques-baix-ebre\/\" target=\"_blank\" rel=\"nofollow\">Seminari de coordinaci\u00f3. Biblioteques escolars<\/a><\/span><\/b><\/span><\/li>\n<li style=\"text-align: justify;\">8000110508 <span style=\"color: #333333;\"><strong>Jornada. Biblioteques escolars<\/strong><\/span><\/li>\n<\/ul>\n<h3 style=\"text-align: justify;\"><span lang=\"ES\"><b>Disseny i organitzaci\u00f3 de formaci\u00f3 en centre relacionada amb la biblioteca escolar<\/b><\/span><\/h3>\n<p style=\"text-align: justify;\">Assessoraments puntuals que formen part de la carta de serveis del CRP del Baix Ebre inclosos als plans d\u2019actuaci\u00f3 a centre.<\/p>\n<h3 style=\"text-align: justify;\"><span style=\"font-size: medium;\"><span lang=\"FR\">DB4 Elaboraci\u00f3 d&#8217;un projecte de biblioteques escolars\/suport al projecte PuntEdu<\/span><\/span><\/h3>\n<p style=\"text-align: justify;\"><span lang=\"ES\">Fer propostes, facilitar recursos i aportar documentaci\u00f3 per a l\u2019elaboraci\u00f3 d\u2019un projecte de biblioteques escolars i acompanyar-ne el desplegament.<\/span><\/p>\n<p style=\"text-align: justify;\"><span style=\"font-size: medium;\"><b>DB5 ePergam i catalogaci\u00f3<\/b><\/span><\/p>\n<p style=\"text-align: justify;\"><span lang=\"ES\">5.1.- Assessorament sobre aspectes d\u2019organitzaci\u00f3 d&#8217;una biblioteca escolar: espais, consulta, lectura, informaci\u00f3, pr\u00e9stec, seccions,. treball intern, magatzem, mobiliari ,&#8230;<\/span><\/p>\n<p style=\"text-align: justify;\"><span lang=\"ES\">5.2.- Assessorament sobre l\u2019\u00fas del programa eP\u00e8rgam, l\u2019aplicatiu de gesti\u00f3 de les biblioteques escolars del Departament d\u2019Educaci\u00f3\u00a0 i CDU (Classificaci\u00f3 Decimal Universal).<\/span><\/p>\n<p style=\"text-align: justify;\"><span lang=\"ES\">5.3.- Elaboraci\u00f3 d\u2019una proposta de programaci\u00f3 d\u2019activitat dirigides a ensenyar els alumnes a utilitzar la biblioteca i els seus recursos.<\/span><\/p>\n<p style=\"text-align: justify;\"><b><span lang=\"ES\"><span style=\"font-size: medium;\">DB6 Dinamitzaci\u00f3 de la biblioteca escolar<\/span><\/span><\/b><\/p>\n<p style=\"text-align: justify;\"><span lang=\"ES\">6.1.- Programaci\u00f3 d\u2019accions amb l\u2019objectiu de fomentar l&#8217;\u00fas curricular de la biblioteca escolar, de donar-la a con\u00e8ixer i fomentar la seua utilitzaci\u00f3 entre la comunitat educativa.<\/span><\/p>\n<p style=\"text-align: justify;\"><span lang=\"ES\">6.2.- Proposta d\u2019estrat\u00e8gies, recursos i activitats per a fomentar la lectura entre els alumnes. Suport a l\u2019elaboraci\u00f3 i redacci\u00f3 del Pla Lector de Centre.<\/span><\/p>\n<p style=\"text-align: justify;\"><span lang=\"ES\">6.3.- Reculls bibliogr\u00e0fics selectius de coneixement i de ficci\u00f3, disponibles al mercat i destinats a l&#8217;alumnat d\u2019educaci\u00f3 infantil, prim\u00e0ria i secund\u00e0ria. Facilitaci\u00f3 de novetats editorials de llibres i acc\u00e9s a enlla\u00e7os i recursos i propostes did\u00e0ctiques educatives de qualitat sobre materials de la biblioteca.<\/span><\/p>\n<h3 style=\"text-align: justify;\">DB7 Compet\u00e8ncia informacional a l&#8217;aula<\/h3>\n<p style=\"text-align: justify;\"><span lang=\"ES\">Planificaci\u00f3 de l\u2019alfabetitzaci\u00f3 en l\u2019\u00fas de les eines de cerca d\u2019informaci\u00f3 per a desenvolupar la compet\u00e8ncia en l\u2019acc\u00e9s i \u00fas de la informaci\u00f3.<\/span><\/p>\n<h3 style=\"text-align: justify;\">DB8 Banc de recursos digitals del centre<\/h3>\n<p style=\"text-align: justify;\">Formaci\u00f3 amb l\u2019objectiu de donar les bases per l\u2019elaboraci\u00f3 d\u2019un banc de recursos digitals al centre.<\/p>\n","protected":false},"excerpt":{"rendered":"<p>Suport a la formaci\u00f3 institucional del programa Biblioteca escolar &#8220;puntedu&#8221; BE1E: eP\u00e8rgam, gesti\u00f3 i organitzaci\u00f3 BE1D: Concepte i dinamitzaci\u00f3 BE2: [&hellip;]<\/p>\n","protected":false},"author":5,"featured_media":0,"parent":0,"menu_order":0,"comment_status":"closed","ping_status":"closed","template":"","meta":{"_bbp_topic_count":0,"_bbp_reply_count":0,"_bbp_total_topic_count":0,"_bbp_total_reply_count":0,"_bbp_voice_count":0,"_bbp_anonymous_reply_count":0,"_bbp_topic_count_hidden":0,"_bbp_reply_count_hidden":0,"_bbp_forum_subforum_count":0,"site-sidebar-layout":"default","site-content-layout":"","ast-site-content-layout":"","site-content-style":"default","site-sidebar-style":"default","ast-global-header-display":"","ast-banner-title-visibility":"","ast-main-header-display":"","ast-hfb-above-header-display":"","ast-hfb-below-header-display":"","ast-hfb-mobile-header-display":"","site-post-title":"","ast-breadcrumbs-content":"","ast-featured-img":"","footer-sml-layout":"","theme-transparent-header-meta":"","adv-header-id-meta":"","stick-header-meta":"","header-above-stick-meta":"","header-main-stick-meta":"","header-below-stick-meta":"","astra-migrate-meta-layouts":"default","ast-page-background-enabled":"default","ast-page-background-meta":{"desktop":{"background-color":"var(--ast-global-color-4)","background-image":"","background-repeat":"repeat","background-position":"center center","background-size":"auto","background-attachment":"scroll","background-type":"","background-media":"","overlay-type":"","overlay-color":"","overlay-opacity":"","overlay-gradient":""},"tablet":{"background-color":"","background-image":"","background-repeat":"repeat","background-position":"center center","background-size":"auto","background-attachment":"scroll","background-type":"","background-media":"","overlay-type":"","overlay-color":"","overlay-opacity":"","overlay-gradient":""},"mobile":{"background-color":"","background-image":"","background-repeat":"repeat","background-position":"center center","background-size":"auto","background-attachment":"scroll","background-type":"","background-media":"","overlay-type":"","overlay-color":"","overlay-opacity":"","overlay-gradient":""}},"ast-content-background-meta":{"desktop":{"background-color":"var(--ast-global-color-5)","background-image":"","background-repeat":"repeat","background-position":"center center","background-size":"auto","background-attachment":"scroll","background-type":"","background-media":"","overlay-type":"","overlay-color":"","overlay-opacity":"","overlay-gradient":""},"tablet":{"background-color":"var(--ast-global-color-5)","background-image":"","background-repeat":"repeat","background-position":"center center","background-size":"auto","background-attachment":"scroll","background-type":"","background-media":"","overlay-type":"","overlay-color":"","overlay-opacity":"","overlay-gradient":""},"mobile":{"background-color":"var(--ast-global-color-5)","background-image":"","background-repeat":"repeat","background-position":"center center","background-size":"auto","background-attachment":"scroll","background-type":"","background-media":"","overlay-type":"","overlay-color":"","overlay-opacity":"","overlay-gradient":""}},"footnotes":""},"class_list":["post-2066","page","type-page","status-publish","hentry"],"post_mailing_queue_ids":[],"_links":{"self":[{"href":"https:\/\/serveiseducatius.xtec.cat\/baixebre\/wp-json\/wp\/v2\/pages\/2066","targetHints":{"allow":["GET"]}}],"collection":[{"href":"https:\/\/serveiseducatius.xtec.cat\/baixebre\/wp-json\/wp\/v2\/pages"}],"about":[{"href":"https:\/\/serveiseducatius.xtec.cat\/baixebre\/wp-json\/wp\/v2\/types\/page"}],"author":[{"embeddable":true,"href":"https:\/\/serveiseducatius.xtec.cat\/baixebre\/wp-json\/wp\/v2\/users\/5"}],"replies":[{"embeddable":true,"href":"https:\/\/serveiseducatius.xtec.cat\/baixebre\/wp-json\/wp\/v2\/comments?post=2066"}],"version-history":[{"count":3,"href":"https:\/\/serveiseducatius.xtec.cat\/baixebre\/wp-json\/wp\/v2\/pages\/2066\/revisions"}],"predecessor-version":[{"id":2069,"href":"https:\/\/serveiseducatius.xtec.cat\/baixebre\/wp-json\/wp\/v2\/pages\/2066\/revisions\/2069"}],"wp:attachment":[{"href":"https:\/\/serveiseducatius.xtec.cat\/baixebre\/wp-json\/wp\/v2\/media?parent=2066"}],"curies":[{"name":"wp","href":"https:\/\/api.w.org\/{rel}","templated":true}]}}