{"id":1941,"date":"2016-02-09T17:13:03","date_gmt":"2016-02-09T16:13:03","guid":{"rendered":"http:\/\/serveiseducatius.xtec.cat\/se-baixebre\/?page_id=1941"},"modified":"2016-02-10T12:08:38","modified_gmt":"2016-02-10T11:08:38","slug":"models-transferibles","status":"publish","type":"page","link":"https:\/\/serveiseducatius.xtec.cat\/baixebre\/innovacio-2\/projecte-de-servei-comunitari\/models-transferibles\/","title":{"rendered":"Models transferibles"},"content":{"rendered":"<p style=\"text-align: justify;\">Els<strong> Models Transferibles<\/strong> s\u00f3n exemples d\u2019accions, amb activitats did\u00e0ctiques i recursos, que es poden dur a terme amb els alumnes abans, durant i despr\u00e9s de la realitzaci\u00f3 del servei, en el marc d\u2019un projecte de Servei comunitari.<\/p>\n<p style=\"text-align: justify;\">Actualment, hi ha disponibles els seg\u00fcents:<\/p>\n<ul>\n<li style=\"text-align: justify;\"><a href=\"https:\/\/drive.google.com\/open?id=0B0yth2U5sJxhSVZ4LUtQVG9zUkE\" target=\"_blank\">Intercanvi generacional: Col\u00b7laboraci\u00f3 amb entitats que atenen gent gran<\/a><\/li>\n<li style=\"text-align: justify;\"><a href=\"http:\/\/www.google.com\/url?q=http%3A%2F%2Fwww.xtec.cat%2Falfresco%2Fd%2Fd%2Fworkspace%2FSpacesStore%2F621e5342-4e41-4b3c-9b61-0d5fc673b44c%2FRIUS_transferible.pdf&amp;sa=D&amp;sntz=1&amp;usg=AFrqEzc54I05WxiZICgxSWnXQPUokfLaNQ\" target=\"_blank\">Medi ambient: Ecosistemes fluvials<\/a><\/li>\n<li style=\"text-align: justify;\"><a href=\"https:\/\/drive.google.com\/open?id=0B0yth2U5sJxhai05R0NZVVhtVlk\" target=\"_blank\">Participaci\u00f3 ciutadana: Internet de tu a tu<\/a><\/li>\n<li style=\"text-align: justify;\"><a href=\"https:\/\/drive.google.com\/open?id=0B0yth2U5sJxhMjVkRVQxQnlPOHM\" target=\"_blank\">Participaci\u00f3 ciutadana: Prevenci\u00f3 conductes odi i discriminaci\u00f3<\/a><\/li>\n<li style=\"text-align: justify;\"><a href=\"https:\/\/drive.google.com\/open?id=0B0yth2U5sJxhYnJKZW85YXE5XzQ\" target=\"_blank\">Participaci\u00f3 ciutadana: Salut mental<\/a><\/li>\n<li style=\"text-align: justify;\"><a href=\"https:\/\/drive.google.com\/open?id=0B0yth2U5sJxhRkktdWNtNHdtNDQ\" target=\"_blank\">Participaci\u00f3 ciutadana: Donaci\u00f3 de sang<\/a><\/li>\n<li style=\"text-align: justify;\"><a href=\"https:\/\/drive.google.com\/open?id=0B0yth2U5sJxhU2FZRUNVNWJZT2s\" target=\"_blank\">Suport a necessitats b\u00e0siques: Pobresa aliment\u00e0ria<\/a><\/li>\n<li style=\"text-align: justify;\"><a href=\"https:\/\/drive.google.com\/open?id=0B0yth2U5sJxhSFgzWmwzLVdrdHc\" target=\"_blank\">Suport a la tasca escolar: Suport a la tasca escolar<\/a><\/li>\n<\/ul>\n<p style=\"text-align: justify;\">Tamb\u00e9 podeu disposar d&#8217;una versi\u00f3 en format de curs Moodle. Els fitxers de la part inferior permeten que els centres restaurin al seu entorn Moodle el curs i que aix\u00ed puguin disposar de tots els enlla\u00e7os i arxius vinculats.<\/p>\n<p style=\"text-align: justify;\">Per a veure i provar els cursos en format Moodle <a href=\"http:\/\/www.google.com\/url?q=http%3A%2F%2Fodissea.xtec.cat%2Fcourse%2Findex.php%3Fcategoryid%3D201&amp;sa=D&amp;sntz=1&amp;usg=AFrqEzdfz3LvqR2YY8y_6AFtyetaj3airQ\" target=\"_blank\">es pot accedir a com a visitants a l&#8217;entorn Odissea<\/a>, es tracta nom\u00e9s d&#8217;un entorn de proves. A m\u00e9s de l&#8217;enlla\u00e7 per a visitar-los us posem l&#8217;enlla\u00e7 del fitxer en format Moodle 2 per tal que el pugueu instal\u00b7lar en l&#8217;entorn Moodle 2 del vostre centre:<\/p>\n<ul>\n<li style=\"text-align: justify;\"><a href=\"http:\/\/www.google.com\/url?q=http%3A%2F%2Fodissea.xtec.cat%2Fcourse%2Fview.php%3Fid%3D35222&amp;sa=D&amp;sntz=1&amp;usg=AFrqEzdkrsmgnzxBBFk7qvTYvmGNX6dPjw\" target=\"_blank\">Educaci\u00f3 en el lleure<\/a>\u00a0(visitar-lo) &#8211; <a href=\"https:\/\/sites.google.com\/a\/xtec.cat\/servei-comunitari-formacio\/moduls-transferibles\/trans_lleure.mbz?attredirects=0&amp;d=1\" target=\"_blank\">descarrega<\/a><\/li>\n<li style=\"text-align: justify;\"><a href=\"http:\/\/www.google.com\/url?q=http%3A%2F%2Fodissea.xtec.cat%2Fcourse%2Fview.php%3Fid%3D32382&amp;sa=D&amp;sntz=1&amp;usg=AFrqEzfgoZUr-KQhtvv9PZRNzWgdEqttFw\" target=\"_blank\">Intercanvi generacional<\/a>\u00a0(visitar-lo) &#8211; <a href=\"https:\/\/sites.google.com\/a\/xtec.cat\/servei-comunitari-formacio\/moduls-transferibles\/trans_int_generacion.mbz?attredirects=0&amp;d=1\" target=\"_blank\">descarrega<\/a><\/li>\n<li style=\"text-align: justify;\"><a href=\"http:\/\/www.google.com\/url?q=http%3A%2F%2Fodissea.xtec.cat%2Fcourse%2Fview.php%3Fid%3D35162&amp;sa=D&amp;sntz=1&amp;usg=AFrqEzflCyN47uiT3Ms-M1u5ozU812RPvA\" target=\"_blank\">Medi ambient.\u00a0Ecosistemes fluvials<\/a>\u00a0(visitar-lo) &#8211; <a href=\"https:\/\/sites.google.com\/a\/xtec.cat\/servei-comunitari-formacio\/moduls-transferibles\/trans_medi.mbz?attredirects=0&amp;d=1\" target=\"_blank\">descarrega<\/a><\/li>\n<li style=\"text-align: justify;\"><a href=\"http:\/\/www.google.com\/url?q=http%3A%2F%2Fodissea.xtec.cat%2Fcourse%2Fview.php%3Fid%3D37662&amp;sa=D&amp;sntz=1&amp;usg=AFrqEzd7XKgO32YXmpDIabuM664DWe420w\" target=\"_blank\">Donaci\u00f3 de sang<\/a>\u00a0(visitar-lo) &#8211; <a href=\"https:\/\/sites.google.com\/a\/xtec.cat\/servei-comunitari-formacio\/moduls-transferibles\/trans_sang.mbz?attredirects=0&amp;d=1\" target=\"_blank\">descarrega<\/a><\/li>\n<li style=\"text-align: justify;\"><a href=\"http:\/\/www.google.com\/url?q=http%3A%2F%2Fodissea.xtec.cat%2Fcourse%2Fview.php%3Fid%3D35742&amp;sa=D&amp;sntz=1&amp;usg=AFrqEzfZClyXgW6dtgnTJNmrb4ZT2uiqvg\" target=\"_blank\">Medi ambient.\u00a0Ecosistemes fluvials\u00a0(Educaci\u00f3 especial)<\/a>\u00a0(visitar-lo) &#8211; <a href=\"https:\/\/sites.google.com\/a\/xtec.cat\/servei-comunitari-formacio\/moduls-transferibles\/trans_medi_ee.mbz?attredirects=0&amp;d=1\" target=\"_blank\">descarrega<\/a><\/li>\n<li style=\"text-align: justify;\"><a href=\"http:\/\/www.google.com\/url?q=http%3A%2F%2Fodissea.xtec.cat%2Fcourse%2Fview.php%3Fid%3D35182&amp;sa=D&amp;sntz=1&amp;usg=AFrqEzeysmc1-6Xa84Nigd9LuTmn6H4Tsg\" target=\"_blank\">Participaci\u00f3 ciutadana.\u00a0Internet de tu a tu<\/a>\u00a0(visitar-lo) &#8211; <a href=\"https:\/\/sites.google.com\/a\/xtec.cat\/servei-comunitari-formacio\/moduls-transferibles\/trans_internet.mbz?attredirects=0&amp;d=1\" target=\"_blank\">descarrega<\/a><\/li>\n<li style=\"text-align: justify;\"><a href=\"http:\/\/www.google.com\/url?q=http%3A%2F%2Fodissea.xtec.cat%2Fcourse%2Fview.php%3Fid%3D35262&amp;sa=D&amp;sntz=1&amp;usg=AFrqEzcIYuZXsqbmvxVxcnlJArNecJnPSg\" target=\"_blank\">Suport escolar<\/a>\u00a0(visitar-lo) &#8211; <a href=\"https:\/\/sites.google.com\/a\/xtec.cat\/servei-comunitari-formacio\/moduls-transferibles\/trans_suport.mbz?attredirects=0&amp;d=1\" target=\"_blank\">descarrega<\/a><\/li>\n<li style=\"text-align: justify;\"><a href=\"http:\/\/www.google.com\/url?q=http%3A%2F%2Fodissea.xtec.cat%2Fcourse%2Fview.php%3Fid%3D35582&amp;sa=D&amp;sntz=1&amp;usg=AFrqEzddEppghXhOQY4Rb-J_OIryCnzb0g\" target=\"_blank\">Pobresa aliment\u00e0ria<\/a>\u00a0(visitar-lo) &#8211; <a href=\"https:\/\/sites.google.com\/a\/xtec.cat\/servei-comunitari-formacio\/moduls-transferibles\/trans_pobresa.mbz?attredirects=0&amp;d=1\" target=\"_blank\">descarrega<\/a><\/li>\n<li style=\"text-align: justify;\"><a href=\"http:\/\/www.google.com\/url?q=http%3A%2F%2Fodissea.xtec.cat%2Fcourse%2Fview.php%3Fid%3D37202&amp;sa=D&amp;sntz=1&amp;usg=AFrqEzf_4Qd3769U_ezaUq_hxkF5z254eA\" target=\"_blank\">Salut mental<\/a>\u00a0(visitar-lo) &#8211; <a href=\"https:\/\/sites.google.com\/a\/xtec.cat\/servei-comunitari-formacio\/moduls-transferibles\/trans_salut_mental.mbz?attredirects=0&amp;d=1\" target=\"_blank\">descarrega<\/a><\/li>\n<li style=\"text-align: justify;\"><a href=\"http:\/\/www.google.com\/url?q=http%3A%2F%2Fodissea.xtec.cat%2Fcourse%2Fview.php%3Fid%3D35602&amp;sa=D&amp;sntz=1&amp;usg=AFrqEzf7eI9kZ63qR5Q8WsYyK5Wm2kGi4Q\" target=\"_blank\">Odi i discrimaci\u00f3<\/a>\u00a0(visitar-lo) &#8211; <a href=\"https:\/\/sites.google.com\/a\/xtec.cat\/servei-comunitari-formacio\/moduls-transferibles\/trans_odi.mbz?attredirects=0&amp;d=1\" target=\"_blank\">descarrega<\/a><\/li>\n<\/ul>\n","protected":false},"excerpt":{"rendered":"<p>Els Models Transferibles s\u00f3n exemples d\u2019accions, amb activitats did\u00e0ctiques i recursos, que es poden dur a terme amb els alumnes [&hellip;]<\/p>\n","protected":false},"author":5,"featured_media":0,"parent":1933,"menu_order":0,"comment_status":"closed","ping_status":"closed","template":"","meta":{"_bbp_topic_count":0,"_bbp_reply_count":0,"_bbp_total_topic_count":0,"_bbp_total_reply_count":0,"_bbp_voice_count":0,"_bbp_anonymous_reply_count":0,"_bbp_topic_count_hidden":0,"_bbp_reply_count_hidden":0,"_bbp_forum_subforum_count":0,"site-sidebar-layout":"default","site-content-layout":"","ast-site-content-layout":"","site-content-style":"default","site-sidebar-style":"default","ast-global-header-display":"","ast-banner-title-visibility":"","ast-main-header-display":"","ast-hfb-above-header-display":"","ast-hfb-below-header-display":"","ast-hfb-mobile-header-display":"","site-post-title":"","ast-breadcrumbs-content":"","ast-featured-img":"","footer-sml-layout":"","theme-transparent-header-meta":"","adv-header-id-meta":"","stick-header-meta":"","header-above-stick-meta":"","header-main-stick-meta":"","header-below-stick-meta":"","astra-migrate-meta-layouts":"default","ast-page-background-enabled":"default","ast-page-background-meta":{"desktop":{"background-color":"var(--ast-global-color-4)","background-image":"","background-repeat":"repeat","background-position":"center center","background-size":"auto","background-attachment":"scroll","background-type":"","background-media":"","overlay-type":"","overlay-color":"","overlay-opacity":"","overlay-gradient":""},"tablet":{"background-color":"","background-image":"","background-repeat":"repeat","background-position":"center center","background-size":"auto","background-attachment":"scroll","background-type":"","background-media":"","overlay-type":"","overlay-color":"","overlay-opacity":"","overlay-gradient":""},"mobile":{"background-color":"","background-image":"","background-repeat":"repeat","background-position":"center center","background-size":"auto","background-attachment":"scroll","background-type":"","background-media":"","overlay-type":"","overlay-color":"","overlay-opacity":"","overlay-gradient":""}},"ast-content-background-meta":{"desktop":{"background-color":"var(--ast-global-color-5)","background-image":"","background-repeat":"repeat","background-position":"center center","background-size":"auto","background-attachment":"scroll","background-type":"","background-media":"","overlay-type":"","overlay-color":"","overlay-opacity":"","overlay-gradient":""},"tablet":{"background-color":"var(--ast-global-color-5)","background-image":"","background-repeat":"repeat","background-position":"center center","background-size":"auto","background-attachment":"scroll","background-type":"","background-media":"","overlay-type":"","overlay-color":"","overlay-opacity":"","overlay-gradient":""},"mobile":{"background-color":"var(--ast-global-color-5)","background-image":"","background-repeat":"repeat","background-position":"center center","background-size":"auto","background-attachment":"scroll","background-type":"","background-media":"","overlay-type":"","overlay-color":"","overlay-opacity":"","overlay-gradient":""}},"footnotes":""},"class_list":["post-1941","page","type-page","status-publish","hentry"],"post_mailing_queue_ids":[],"_links":{"self":[{"href":"https:\/\/serveiseducatius.xtec.cat\/baixebre\/wp-json\/wp\/v2\/pages\/1941","targetHints":{"allow":["GET"]}}],"collection":[{"href":"https:\/\/serveiseducatius.xtec.cat\/baixebre\/wp-json\/wp\/v2\/pages"}],"about":[{"href":"https:\/\/serveiseducatius.xtec.cat\/baixebre\/wp-json\/wp\/v2\/types\/page"}],"author":[{"embeddable":true,"href":"https:\/\/serveiseducatius.xtec.cat\/baixebre\/wp-json\/wp\/v2\/users\/5"}],"replies":[{"embeddable":true,"href":"https:\/\/serveiseducatius.xtec.cat\/baixebre\/wp-json\/wp\/v2\/comments?post=1941"}],"version-history":[{"count":3,"href":"https:\/\/serveiseducatius.xtec.cat\/baixebre\/wp-json\/wp\/v2\/pages\/1941\/revisions"}],"predecessor-version":[{"id":1997,"href":"https:\/\/serveiseducatius.xtec.cat\/baixebre\/wp-json\/wp\/v2\/pages\/1941\/revisions\/1997"}],"up":[{"embeddable":true,"href":"https:\/\/serveiseducatius.xtec.cat\/baixebre\/wp-json\/wp\/v2\/pages\/1933"}],"wp:attachment":[{"href":"https:\/\/serveiseducatius.xtec.cat\/baixebre\/wp-json\/wp\/v2\/media?parent=1941"}],"curies":[{"name":"wp","href":"https:\/\/api.w.org\/{rel}","templated":true}]}}