{"id":9402,"date":"2018-11-29T09:47:35","date_gmt":"2018-11-29T08:47:35","guid":{"rendered":"http:\/\/serveiseducatius.xtec.cat\/baixcamp\/?page_id=9402"},"modified":"2022-07-01T12:26:48","modified_gmt":"2022-07-01T10:26:48","slug":"conferencies","status":"publish","type":"page","link":"https:\/\/serveiseducatius.xtec.cat\/baixcamp\/dinamitzacions\/projecte-ted-ed-club\/conferencies\/","title":{"rendered":"Confer\u00e8ncies"},"content":{"rendered":"<h6><strong>Participaci\u00f3 IV Ted Ed Club, curs 21\/22<\/strong><\/h6>\n<table style=\"border-collapse: collapse; width: 97.461%; height: 303px;\">\n<tbody>\n<tr style=\"height: 49px;\">\n<td style=\"height: 49px; background-color: #a41159; width: 16.8438%;\"><span style=\"color: #ffffff;\"><strong>Centre de Lectura 25 d&#8217;abril<br \/>\n<\/strong><\/span><\/td>\n<td style=\"height: 49px; background-color: #a41159; width: 13.1974%;\"><span style=\"color: #ffffff;\"><strong>Centre de Lectura 26 d&#8217;abril<\/strong><\/span><\/td>\n<td style=\"height: 49px; background-color: #a41159; width: 11.4021%;\"><span style=\"color: #ffffff;\"><strong>Auditori Infant Pere (Hospitalet de l&#8217;Infant) 3 de maig<br \/>\n<\/strong><\/span><\/td>\n<td style=\"background-color: #a41159; width: 14.3739%; height: 49px;\"><span style=\"color: #ffffff;\"><strong>Centre de Lectura 16 de juny<\/strong><\/span><\/td>\n<td style=\"background-color: #a41159; width: 12.8991%; height: 49px;\"><span style=\"color: #ffffff;\"><strong>Casal Riudomenc 17 de juny<\/strong><\/span><\/td>\n<\/tr>\n<tr style=\"height: 33px;\">\n<td style=\"height: 33px; width: 16.8438%;\">Ins Gabriel Ferrater i Soler<\/td>\n<td style=\"height: 33px; width: 13.1974%;\">Ins Fontanelles<\/td>\n<td style=\"height: 33px; width: 11.4021%;\">Ins Miami<\/td>\n<td style=\"width: 14.3739%; height: 33px;\">ESC Prat de la Riba<\/td>\n<td style=\"width: 12.8991%; height: 33px;\">ESC Beat Bonaventura Gran<\/td>\n<\/tr>\n<tr style=\"height: 33px;\">\n<td style=\"height: 33px; width: 16.8438%;\">I-E Pi del Burgar<\/td>\n<td style=\"height: 33px; width: 13.1974%;\">Ins Baix Camp<\/td>\n<td style=\"height: 33px; width: 11.4021%;\">Ins Berenguer d&#8217;Enten\u00e7a<\/td>\n<td style=\"width: 14.3739%; height: 33px;\">ESC Eduard Toda<\/td>\n<td style=\"width: 12.8991%; height: 33px;\">ESC Santa Caterina<\/td>\n<\/tr>\n<tr style=\"height: 33px;\">\n<td style=\"height: 33px; width: 16.8438%;\">COL Maria Rosa Molas<\/td>\n<td style=\"height: 33px; width: 13.1974%;\">Ins Josep Tapir\u00f3<\/td>\n<td style=\"height: 33px; width: 11.4021%;\"><\/td>\n<td style=\"width: 14.3739%; height: 33px;\">ESC Teresa Miquel i P\u00e0mies<\/td>\n<td style=\"width: 12.8991%; height: 33px;\"><\/td>\n<\/tr>\n<tr style=\"height: 33px;\">\n<td style=\"height: 33px; width: 16.8438%;\">Ins Roseta Mauri<\/td>\n<td style=\"height: 33px; width: 13.1974%;\">Ins Gabriel Ferrater i Soler<\/td>\n<td style=\"height: 33px; width: 11.4021%;\"><\/td>\n<td style=\"width: 14.3739%; height: 33px;\">ESC General Prim<\/td>\n<td style=\"width: 12.8991%; height: 33px;\"><\/td>\n<\/tr>\n<tr>\n<td style=\"width: 16.8438%;\"><\/td>\n<td style=\"width: 13.1974%;\"><\/td>\n<td style=\"width: 11.4021%;\"><\/td>\n<td style=\"width: 14.3739%;\">ESC Mari\u00e0 Fortuny<\/td>\n<td style=\"width: 12.8991%;\"><\/td>\n<\/tr>\n<tr>\n<td style=\"width: 16.8438%;\"><\/td>\n<td style=\"width: 13.1974%;\"><\/td>\n<td style=\"width: 11.4021%;\"><\/td>\n<td style=\"width: 14.3739%;\">COL Sant Rafael<\/td>\n<td style=\"width: 12.8991%;\"><\/td>\n<\/tr>\n<tr style=\"height: 33px;\">\n<td style=\"height: 10px; width: 16.8438%; background-color: #81a68a; text-align: center; vertical-align: middle;\">\n<div class=\"gmail_default\"><strong>\u00a01: <a href=\"https:\/\/youtu.be\/F0bpm00Yd4w\" target=\"_blank\" rel=\"noopener\" data-saferedirecturl=\"https:\/\/www.google.com\/url?q=https:\/\/youtu.be\/F0bpm00Yd4w&amp;source=gmail&amp;ust=1651920671404000&amp;usg=AOvVaw33sNWhpP8vuGkdVXP428iu\">https:\/\/youtu.be\/F0bpm00Yd4w<\/a><\/strong><\/div>\n<\/td>\n<td style=\"height: 10px; width: 13.1974%; background-color: #81a68a; text-align: center; vertical-align: middle;\">\n<div class=\"gmail_default\">\n<div><strong>1: <a href=\"https:\/\/youtu.be\/x1NXb98w8C0\" target=\"_blank\" rel=\"noopener\" data-saferedirecturl=\"https:\/\/www.google.com\/url?q=https:\/\/youtu.be\/x1NXb98w8C0&amp;source=gmail&amp;ust=1651920671404000&amp;usg=AOvVaw3zH-bNq3vk_Ma40lw6Arvw\">https:\/\/youtu.be\/x1NXb98w8C0<\/a><\/strong><\/div>\n<\/div>\n<\/td>\n<td style=\"height: 10px; width: 11.4021%; background-color: #81a68a; text-align: center; vertical-align: middle;\"><a href=\"https:\/\/youtu.be\/sTCk-ezbgNc\">https:\/\/youtu.be\/sTCk-ezbgNc<\/a><\/td>\n<td style=\"width: 14.3739%; background-color: #fafafa; height: 10px; vertical-align: middle; text-align: left;\">ESC Dr Alberich i Casas<strong><br \/>\n<\/strong><\/td>\n<td style=\"width: 12.8991%; background-color: #81a68a; text-align: center; vertical-align: middle; height: 10px;\"><a href=\"https:\/\/youtu.be\/TQRU_oJJUfg\">https:\/\/youtu.be\/TQRU_oJJUfg\u00a0<\/a><\/td>\n<\/tr>\n<tr style=\"height: 33px;\">\n<td style=\"height: 33px; width: 16.8438%; background-color: #81a68a; text-align: center; vertical-align: middle;\"><strong>2: <a href=\"https:\/\/youtu.be\/-qFoc4f4sjY\" target=\"_blank\" rel=\"noopener\" data-saferedirecturl=\"https:\/\/www.google.com\/url?q=https:\/\/youtu.be\/-qFoc4f4sjY&amp;source=gmail&amp;ust=1651920671404000&amp;usg=AOvVaw36L2k6eBUx4jF0_VvJ4A8Z\">https:\/\/youtu.be\/-qFoc4f4sjY<\/a><\/strong><\/td>\n<td style=\"height: 33px; width: 13.1974%; background-color: #81a68a; text-align: center; vertical-align: middle;\"><strong>2: <a href=\"https:\/\/youtu.be\/J5gXg0dPwp8\" target=\"_blank\" rel=\"noopener\" data-saferedirecturl=\"https:\/\/www.google.com\/url?q=https:\/\/youtu.be\/J5gXg0dPwp8&amp;source=gmail&amp;ust=1651920671404000&amp;usg=AOvVaw1BIHjji95pKTHlDzoIdImh\">https:\/\/youtu.be\/J5gXg0dPwp8<\/a><\/strong><\/td>\n<td style=\"height: 33px; width: 11.4021%; background-color: #81a68a; text-align: center; vertical-align: middle;\"><\/td>\n<td style=\"width: 14.3739%; background-color: #81a68a; text-align: center; vertical-align: middle; height: 33px;\"><a href=\"https:\/\/youtu.be\/_1xon6uSbrM\">https:\/\/youtu.be\/_1xon6uSbrM<\/a><\/td>\n<td style=\"width: 12.8991%; background-color: #81a68a; text-align: center; vertical-align: middle; height: 33px;\"><strong><span style=\"color: #ffffff;\">*obriu la descripci\u00f3 dels v\u00eddeos per accedir als enlla\u00e7os<\/span><\/strong><\/td>\n<\/tr>\n<\/tbody>\n<\/table>\n<h6><\/h6>\n<h6><\/h6>\n<h6><strong>Participaci\u00f3 III Ted Ed Club, curs 20\/21<\/strong><\/h6>\n<p>Degut a la situaci\u00f3 sanit\u00e0ria causada per la Covid 19, el format de les jornades va ser virtual<\/p>\n<p>Programa <a href=\"https:\/\/docs.google.com\/document\/d\/1OIiv6UNKUfDawltoZCufhEQbJn1SY_XA_Duk8TYqFpA\/edit?usp=sharing\">TED ED Club 2021<\/a><\/p>\n<p>&nbsp;<\/p>\n<h6><strong>Participaci\u00f3 II Ted Ed Club, curs 18\/19<br \/>\n<\/strong><\/h6>\n<p>L&#8217;esdeveniment es va realitzar en tres llocs diferents durant tres dies:<\/p>\n<table style=\"border-collapse: collapse; width: 69.5432%;\">\n<tbody>\n<tr style=\"height: 49px;\">\n<td style=\"height: 49px; background-color: #a41159; width: 23.2342%;\"><span style=\"color: #ffffff;\"><strong>Auditori\u00a0<\/strong><strong>Riudoms &#8211; 16 de maig<br \/>\n<\/strong><\/span><\/td>\n<td style=\"height: 49px; background-color: #a41159; width: 20.2901%;\"><span style=\"color: #ffffff;\"><strong>Escola Mare Molas &#8211; 21 de Maig<br \/>\n<\/strong><\/span><\/td>\n<td style=\"height: 49px; background-color: #a41159; width: 25.1921%;\"><span style=\"color: #ffffff;\"><strong>Institut Baix Camp &#8211; 22 de Maig<br \/>\n<\/strong><\/span><\/td>\n<\/tr>\n<tr style=\"height: 33px;\">\n<td style=\"height: 33px; width: 23.2342%;\">Esc Josep Maria Soler i Gen\u00e9<\/td>\n<td style=\"height: 33px; width: 20.2901%;\">Col Maria Rosa Molas<\/td>\n<td style=\"height: 33px; width: 25.1921%;\">Esc Mari\u00e0 Fortuny<\/td>\n<\/tr>\n<tr style=\"height: 33px;\">\n<td style=\"height: 33px; width: 23.2342%;\">Esc Beat Bonaventura Gran<\/td>\n<td style=\"height: 33px; width: 20.2901%;\">Esc Teresa Miquel i P\u00e0mies<\/td>\n<td style=\"height: 33px; width: 25.1921%;\">Ins Josep Tapir\u00f3<\/td>\n<\/tr>\n<tr style=\"height: 33px;\">\n<td style=\"height: 33px; width: 23.2342%;\">Ins Miami Platja<\/td>\n<td style=\"height: 33px; width: 20.2901%;\">Esc General Prim<\/td>\n<td style=\"height: 33px; width: 25.1921%;\">Esc Doctor Alberich i Casas<\/td>\n<\/tr>\n<tr style=\"height: 33px;\">\n<td style=\"height: 33px; width: 23.2342%;\">Ins Joan Guinjoan<\/td>\n<td style=\"height: 33px; width: 20.2901%;\">Col La Salle<\/td>\n<td style=\"height: 33px; width: 25.1921%;\">Ins Baix Camp<\/td>\n<\/tr>\n<tr style=\"height: 33px;\">\n<td style=\"height: 33px; width: 23.2342%;\">Ins Fontanelles<\/td>\n<td style=\"height: 33px; width: 20.2901%;\">Ins Gaud\u00ed<\/td>\n<td style=\"height: 33px; width: 25.1921%;\">Esc Prat de la Riba<\/td>\n<\/tr>\n<tr style=\"height: 33px;\">\n<td style=\"height: 33px; width: 23.2342%;\"><\/td>\n<td style=\"height: 33px; width: 20.2901%;\">Esc Miseric\u00f2rdia<\/td>\n<td style=\"height: 33px; width: 25.1921%;\"><\/td>\n<\/tr>\n<tr>\n<td style=\"width: 68.7164%; background-color: #81a68a;\" colspan=\"3\">\n<h5 style=\"text-align: center;\"><a href=\"https:\/\/drive.google.com\/file\/d\/1eUbMvMkEmMByAUOdeilUfRZdfO0fryE1\/view?usp=sharing\"><strong><span style=\"color: #000000;\"><span style=\"color: #ffffff;\">PROGRAMA<\/span><\/span><\/strong><\/a><\/h5>\n<\/td>\n<\/tr>\n<\/tbody>\n<\/table>\n<p>&nbsp;<\/p>\n<h6><strong>Participaci\u00f3 I Ted Ed Club &#8211; curs 2017\/18<br \/>\n<\/strong><\/h6>\n<p>Aquesta \u00e9s la participaci\u00f3 de centres i les confer\u00e8ncies de l&#8217;alumnat del I Ted Ed Club que es va realitzar a l&#8217;Auditori de Riudoms:<\/p>\n<table style=\"height: 495px;\" width=\"70%\">\n<tbody>\n<tr style=\"height: 33px;\">\n<td style=\"background-color: #a41159; width: 5%; height: 852px;\" rowspan=\"17\"><a href=\"https:\/\/serveiseducatius.xtec.cat\/baixcamp\/wp-content\/uploads\/usu950\/2018\/12\/Programa-de-m\u00e0-TED-Ed-Club.pdf\"><span style=\"color: #ffffff;\"><strong>P<\/strong><\/span><\/a><\/p>\n<p><a href=\"https:\/\/serveiseducatius.xtec.cat\/baixcamp\/wp-content\/uploads\/usu950\/2018\/12\/Programa-de-m\u00e0-TED-Ed-Club.pdf\"><span style=\"color: #ffffff;\"><strong>R<\/strong><\/span><\/a><\/p>\n<p><a href=\"https:\/\/serveiseducatius.xtec.cat\/baixcamp\/wp-content\/uploads\/usu950\/2018\/12\/Programa-de-m\u00e0-TED-Ed-Club.pdf\"><span style=\"color: #ffffff;\"><strong>O<\/strong><\/span><\/a><\/p>\n<p><a href=\"https:\/\/serveiseducatius.xtec.cat\/baixcamp\/wp-content\/uploads\/usu950\/2018\/12\/Programa-de-m\u00e0-TED-Ed-Club.pdf\"><span style=\"color: #ffffff;\"><strong>G<\/strong><\/span><\/a><\/p>\n<p><a href=\"https:\/\/serveiseducatius.xtec.cat\/baixcamp\/wp-content\/uploads\/usu950\/2018\/12\/Programa-de-m\u00e0-TED-Ed-Club.pdf\"><span style=\"color: #ffffff;\"><strong>R<\/strong><\/span><\/a><\/p>\n<p><a href=\"https:\/\/serveiseducatius.xtec.cat\/baixcamp\/wp-content\/uploads\/usu950\/2018\/12\/Programa-de-m\u00e0-TED-Ed-Club.pdf\"><span style=\"color: #ffffff;\"><strong>A<\/strong><\/span><\/a><\/p>\n<p><a href=\"https:\/\/serveiseducatius.xtec.cat\/baixcamp\/wp-content\/uploads\/usu950\/2018\/12\/Programa-de-m\u00e0-TED-Ed-Club.pdf\"><span style=\"color: #ffffff;\"><strong>M<\/strong><\/span><\/a><\/p>\n<p><a href=\"https:\/\/serveiseducatius.xtec.cat\/baixcamp\/wp-content\/uploads\/usu950\/2018\/12\/Programa-de-m\u00e0-TED-Ed-Club.pdf\"><span style=\"color: #ffffff;\"><strong>A<\/strong><\/span><\/a><\/td>\n<td style=\"background-color: #a41159; height: 33px; width: 25%;\"><span style=\"color: #ffffff;\"><strong>Nom del centre<\/strong><\/span><\/td>\n<td style=\"background-color: #a41159; height: 33px; width: 29.0155%;\"><span style=\"color: #ffffff;\"><strong>Localitat<\/strong><\/span><\/td>\n<td style=\"background-color: #a41159; height: 33px; width: 35.9586%;\"><span style=\"color: #ffffff;\"><strong>Confer\u00e8ncia<\/strong><\/span><\/td>\n<\/tr>\n<tr style=\"height: 33px;\">\n<td style=\"height: 33px; width: 16.9948%;\" width=\"25%\">ESC Mari\u00e0 Fortuny<\/td>\n<td style=\"height: 33px; width: 29.0155%;\" width=\"29%\">Reus<\/td>\n<td style=\"height: 33px; width: 35.9586%;\" width=\"36%\"><a href=\"https:\/\/www.youtube.com\/watch?v=9Io09280T3U&amp;index=2&amp;list=PLxDyz1lzKmBbbVeLEvrUYWKE9LQ-iUTSi&amp;t=28s\">Internet de les coses<\/a><\/td>\n<\/tr>\n<tr style=\"height: 33px;\">\n<td style=\"height: 33px; width: 16.9948%;\" width=\"25%\">INS Gaud\u00ed<\/td>\n<td style=\"height: 33px; width: 29.0155%;\" width=\"29%\">Reus<\/td>\n<td style=\"height: 33px; width: 35.9586%;\" width=\"36%\"><a href=\"https:\/\/www.youtube.com\/watch?v=APwq3vD33Qw&amp;index=3&amp;list=PLxDyz1lzKmBbbVeLEvrUYWKE9LQ-iUTSi&amp;t=19s\">Being different doesn&#8217;t mean bad<\/a><\/td>\n<\/tr>\n<tr style=\"height: 33px;\">\n<td style=\"height: 33px; width: 16.9948%;\" width=\"25%\">INS Gaud\u00ed<\/td>\n<td style=\"height: 33px; width: 29.0155%;\" width=\"29%\">Reus<\/td>\n<td style=\"height: 33px; width: 35.9586%;\" width=\"36%\"><a href=\"https:\/\/www.youtube.com\/watch?v=kTgONZhnvJM&amp;index=4&amp;list=PLxDyz1lzKmBbbVeLEvrUYWKE9LQ-iUTSi&amp;t=19s\">Educating printers<\/a><\/td>\n<\/tr>\n<tr style=\"height: 33px;\">\n<td style=\"height: 33px; width: 16.9948%;\" width=\"25%\">INS Gaud\u00ed<\/td>\n<td style=\"height: 33px; width: 29.0155%;\" width=\"29%\">Reus<\/td>\n<td style=\"height: 33px; width: 35.9586%;\" width=\"36%\"><a href=\"https:\/\/www.youtube.com\/watch?v=LHZeNfCq85k&amp;index=5&amp;list=PLxDyz1lzKmBbbVeLEvrUYWKE9LQ-iUTSi&amp;t=15s\">The rainbow<\/a><\/td>\n<\/tr>\n<tr style=\"height: 33px;\">\n<td style=\"height: 34px; width: 16.9948%;\" width=\"25%\">INS Gaud\u00ed<\/td>\n<td style=\"height: 34px; width: 29.0155%;\" width=\"29%\">Reus<\/td>\n<td style=\"height: 34px; width: 35.9586%;\" width=\"36%\"><a href=\"https:\/\/www.youtube.com\/watch?v=06Hheyaf5JA&amp;index=6&amp;list=PLxDyz1lzKmBbbVeLEvrUYWKE9LQ-iUTSi&amp;t=37s\">Videogames addiction<\/a><\/td>\n<\/tr>\n<tr style=\"height: 33px;\">\n<td style=\"height: 33px; width: 16.9948%;\" width=\"25%\">ESC Beat Bonaventura<\/td>\n<td style=\"height: 33px; width: 29.0155%;\" width=\"29%\">Riudoms<\/td>\n<td style=\"height: 33px; width: 35.9586%;\" width=\"36%\"><a href=\"https:\/\/www.youtube.com\/watch?v=oAIg8n-xYWk&amp;index=7&amp;list=PLxDyz1lzKmBbbVeLEvrUYWKE9LQ-iUTSi&amp;t=18s\">Leishmaniosi<\/a><\/td>\n<\/tr>\n<tr style=\"height: 33px;\">\n<td style=\"height: 33px; width: 16.9948%;\" width=\"25%\">ESC Beat Bonaventura<\/td>\n<td style=\"height: 33px; width: 29.0155%;\" width=\"29%\">Riudoms<\/td>\n<td style=\"height: 33px; width: 35.9586%;\" width=\"36%\"><a href=\"https:\/\/www.youtube.com\/watch?v=wczCm9oRB5M&amp;index=8&amp;list=PLxDyz1lzKmBbbVeLEvrUYWKE9LQ-iUTSi&amp;t=18s\">Devils<\/a><\/td>\n<\/tr>\n<tr style=\"height: 33px;\">\n<td style=\"height: 33px; width: 16.9948%;\" width=\"25%\">ESC Beat Bonaventura<\/td>\n<td style=\"height: 33px; width: 29.0155%;\" width=\"29%\">Riudoms<\/td>\n<td style=\"height: 33px; width: 35.9586%;\" width=\"36%\"><a href=\"https:\/\/www.youtube.com\/watch?v=VW1UE5_rWhw&amp;index=9&amp;list=PLxDyz1lzKmBbbVeLEvrUYWKE9LQ-iUTSi&amp;t=19s\">Once upon a time<\/a><\/td>\n<\/tr>\n<tr style=\"height: 33px;\">\n<td style=\"height: 32px; width: 16.9948%;\" width=\"25%\">ESC Beat Bonaventura<\/td>\n<td style=\"height: 32px; width: 29.0155%;\" width=\"29%\">Riudoms<\/td>\n<td style=\"height: 32px; width: 35.9586%;\" width=\"36%\"><a href=\"https:\/\/www.youtube.com\/watch?v=zblsRuGl7Ww&amp;index=10&amp;list=PLxDyz1lzKmBbbVeLEvrUYWKE9LQ-iUTSi&amp;t=21s\">Pimples<\/a><\/td>\n<\/tr>\n<tr style=\"height: 33px;\">\n<td style=\"height: 33px; width: 16.9948%;\" width=\"25%\">ESC Beat Bonaventura<\/td>\n<td style=\"height: 33px; width: 29.0155%;\" width=\"29%\">Riudoms<\/td>\n<td style=\"height: 33px; width: 35.9586%;\" width=\"36%\"><a href=\"https:\/\/www.youtube.com\/watch?v=6iJCLk1Q0GI&amp;index=11&amp;list=PLxDyz1lzKmBbbVeLEvrUYWKE9LQ-iUTSi&amp;t=30s\">Special effects<\/a><\/td>\n<\/tr>\n<tr style=\"height: 33px;\">\n<td style=\"height: 33px; width: 16.9948%;\" width=\"25%\">ESC Santa Anna<\/td>\n<td style=\"height: 33px; width: 29.0155%;\" width=\"29%\">Castellvell del Camp<\/td>\n<td style=\"height: 33px; width: 35.9586%;\" width=\"36%\"><a href=\"https:\/\/www.youtube.com\/watch?v=K8ccMHh2zYc&amp;index=12&amp;list=PLxDyz1lzKmBbbVeLEvrUYWKE9LQ-iUTSi&amp;t=13s\">Skaters ice<\/a><\/td>\n<\/tr>\n<tr style=\"height: 33px;\">\n<td style=\"height: 10px; width: 16.9948%;\" width=\"25%\">ESC Prat de la Riba<\/td>\n<td style=\"height: 10px; width: 29.0155%;\" width=\"29%\">Reus<\/td>\n<td style=\"height: 10px; width: 35.9586%;\" width=\"36%\"><a href=\"https:\/\/www.youtube.com\/watch?v=IuI9VCPB5F4&amp;index=13&amp;list=PLxDyz1lzKmBbbVeLEvrUYWKE9LQ-iUTSi&amp;t=23s\">Sugar breakfast<\/a><\/td>\n<\/tr>\n<tr style=\"height: 33px;\">\n<td style=\"height: 33px; width: 16.9948%;\" width=\"25%\">ESC Teresa Miquel<\/td>\n<td style=\"height: 33px; width: 29.0155%;\" width=\"29%\">Reus<\/td>\n<td style=\"height: 33px; width: 35.9586%;\" width=\"36%\"><a href=\"https:\/\/www.youtube.com\/watch?v=BWRLZLqekR0&amp;index=14&amp;list=PLxDyz1lzKmBbbVeLEvrUYWKE9LQ-iUTSi&amp;t=4s\">Stop bulling<\/a><\/td>\n<\/tr>\n<tr style=\"height: 33px;\">\n<td style=\"height: 33px; width: 16.9948%;\" width=\"25%\">COL Maria Rosa Molas<\/td>\n<td style=\"height: 33px; width: 29.0155%;\" width=\"29%\">Reus<\/td>\n<td style=\"height: 33px; width: 35.9586%;\" width=\"36%\"><a href=\"https:\/\/www.youtube.com\/watch?v=0yIBQ7fRo48\">To be a woman<\/a><\/td>\n<\/tr>\n<tr style=\"height: 33px;\">\n<td style=\"height: 33px; width: 16.9948%;\" width=\"25%\">COL Maria Rosa Molas<\/td>\n<td style=\"height: 33px; width: 29.0155%;\" width=\"29%\">Reus<\/td>\n<td style=\"height: 33px; width: 35.9586%;\" width=\"36%\"><a href=\"https:\/\/www.youtube.com\/watch?v=bUYhcscFBZg\">Football is art<\/a><\/td>\n<\/tr>\n<tr style=\"height: 142px;\">\n<td style=\"text-align: center; height: 142px; width: 81.9689%;\" colspan=\"3\">Difusi\u00f3 de l&#8217;acte a mitjans de comunicaci\u00f3<\/p>\n<ul>\n<li style=\"list-style-type: none;\"><a href=\"http:\/\/www.canalreustv.cat\/noticies\/riudoms-somple-amb-la-filosofia-les-xerrades-ted\">Canal Reus TV<\/a><br \/>\n<a href=\"https:\/\/www.diaridetarragona.com\/reus\/Compartir-i-comunicar-grans-idees-entre-companys-20180612-0002.html\">Diari de Tarragona<\/a><br \/>\n<a href=\"https:\/\/www.diarimes.com\/noticies\/camp_tarragona\/2018\/06\/08\/una_cinquantena_escolars_presenten_angles_els_clubs_ted_del_baix_camp_41229_1093.html\">Diari M\u00e9s<\/a><\/li>\n<\/ul>\n<\/td>\n<\/tr>\n<\/tbody>\n<\/table>\n<p>&nbsp;<\/p>\n","protected":false},"excerpt":{"rendered":"<p>Participaci\u00f3 IV Ted Ed Club, curs 21\/22 Centre de Lectura 25 d&#8217;abril Centre de Lectura 26 d&#8217;abril Auditori Infant Pere (Hospitalet de l&#8217;Infant) 3 de maig Centre de Lectura 16 de juny Casal Riudomenc 17 de juny Ins Gabriel Ferrater i Soler Ins Fontanelles Ins Miami ESC Prat de la Riba ESC Beat Bonaventura Gran [&hellip;]<\/p>\n","protected":false},"author":1,"featured_media":0,"parent":6894,"menu_order":20,"comment_status":"closed","ping_status":"closed","template":"page-templates\/side-menu.php","meta":{"_bbp_topic_count":0,"_bbp_reply_count":0,"_bbp_total_topic_count":0,"_bbp_total_reply_count":0,"_bbp_voice_count":0,"_bbp_anonymous_reply_count":0,"_bbp_topic_count_hidden":0,"_bbp_reply_count_hidden":0,"_bbp_forum_subforum_count":0,"site-sidebar-layout":"default","site-content-layout":"","ast-site-content-layout":"","site-content-style":"default","site-sidebar-style":"default","ast-global-header-display":"","ast-banner-title-visibility":"","ast-main-header-display":"","ast-hfb-above-header-display":"","ast-hfb-below-header-display":"","ast-hfb-mobile-header-display":"","site-post-title":"","ast-breadcrumbs-content":"","ast-featured-img":"","footer-sml-layout":"","theme-transparent-header-meta":"","adv-header-id-meta":"","stick-header-meta":"","header-above-stick-meta":"","header-main-stick-meta":"","header-below-stick-meta":"","astra-migrate-meta-layouts":"default","ast-page-background-enabled":"default","ast-page-background-meta":{"desktop":{"background-color":"var(--ast-global-color-4)","background-image":"","background-repeat":"repeat","background-position":"center center","background-size":"auto","background-attachment":"scroll","background-type":"","background-media":"","overlay-type":"","overlay-color":"","overlay-opacity":"","overlay-gradient":""},"tablet":{"background-color":"","background-image":"","background-repeat":"repeat","background-position":"center center","background-size":"auto","background-attachment":"scroll","background-type":"","background-media":"","overlay-type":"","overlay-color":"","overlay-opacity":"","overlay-gradient":""},"mobile":{"background-color":"","background-image":"","background-repeat":"repeat","background-position":"center center","background-size":"auto","background-attachment":"scroll","background-type":"","background-media":"","overlay-type":"","overlay-color":"","overlay-opacity":"","overlay-gradient":""}},"ast-content-background-meta":{"desktop":{"background-color":"var(--ast-global-color-5)","background-image":"","background-repeat":"repeat","background-position":"center center","background-size":"auto","background-attachment":"scroll","background-type":"","background-media":"","overlay-type":"","overlay-color":"","overlay-opacity":"","overlay-gradient":""},"tablet":{"background-color":"var(--ast-global-color-5)","background-image":"","background-repeat":"repeat","background-position":"center center","background-size":"auto","background-attachment":"scroll","background-type":"","background-media":"","overlay-type":"","overlay-color":"","overlay-opacity":"","overlay-gradient":""},"mobile":{"background-color":"var(--ast-global-color-5)","background-image":"","background-repeat":"repeat","background-position":"center center","background-size":"auto","background-attachment":"scroll","background-type":"","background-media":"","overlay-type":"","overlay-color":"","overlay-opacity":"","overlay-gradient":""}},"footnotes":""},"class_list":["post-9402","page","type-page","status-publish","hentry"],"post_mailing_queue_ids":[],"_links":{"self":[{"href":"https:\/\/serveiseducatius.xtec.cat\/baixcamp\/wp-json\/wp\/v2\/pages\/9402","targetHints":{"allow":["GET"]}}],"collection":[{"href":"https:\/\/serveiseducatius.xtec.cat\/baixcamp\/wp-json\/wp\/v2\/pages"}],"about":[{"href":"https:\/\/serveiseducatius.xtec.cat\/baixcamp\/wp-json\/wp\/v2\/types\/page"}],"author":[{"embeddable":true,"href":"https:\/\/serveiseducatius.xtec.cat\/baixcamp\/wp-json\/wp\/v2\/users\/1"}],"replies":[{"embeddable":true,"href":"https:\/\/serveiseducatius.xtec.cat\/baixcamp\/wp-json\/wp\/v2\/comments?post=9402"}],"version-history":[{"count":6,"href":"https:\/\/serveiseducatius.xtec.cat\/baixcamp\/wp-json\/wp\/v2\/pages\/9402\/revisions"}],"predecessor-version":[{"id":13938,"href":"https:\/\/serveiseducatius.xtec.cat\/baixcamp\/wp-json\/wp\/v2\/pages\/9402\/revisions\/13938"}],"up":[{"embeddable":true,"href":"https:\/\/serveiseducatius.xtec.cat\/baixcamp\/wp-json\/wp\/v2\/pages\/6894"}],"wp:attachment":[{"href":"https:\/\/serveiseducatius.xtec.cat\/baixcamp\/wp-json\/wp\/v2\/media?parent=9402"}],"curies":[{"name":"wp","href":"https:\/\/api.w.org\/{rel}","templated":true}]}}