{"id":9,"date":"2014-12-19T08:15:01","date_gmt":"2014-12-19T07:15:01","guid":{"rendered":"http:\/\/serveiseducatius.xtec.cat\/baixcamp\/?page_id=9"},"modified":"2025-09-04T18:01:13","modified_gmt":"2025-09-04T16:01:13","slug":"pagina-dinici-buida","status":"publish","type":"page","link":"https:\/\/serveiseducatius.xtec.cat\/baixcamp\/","title":{"rendered":"Inici"},"content":{"rendered":"\n<h4 class=\"wp-block-heading\">Pla de Formaci\u00f3 de Zona. Curs 2025-2026<\/h4>\n\n\n\n<figure class=\"wp-block-image alignright size-large is-resized\"><img loading=\"lazy\" decoding=\"async\" width=\"600\" height=\"600\" src=\"https:\/\/serveiseducatius.xtec.cat\/baixcamp\/wp-content\/uploads\/usu950\/2021\/04\/logo-detecci\u00f3-PFZ-1-600x600.png\" alt=\"\" class=\"wp-image-12577\" style=\"width:85px;height:auto\" srcset=\"https:\/\/serveiseducatius.xtec.cat\/baixcamp\/wp-content\/uploads\/usu950\/2021\/04\/logo-detecci\u00f3-PFZ-1-600x600.png 600w, https:\/\/serveiseducatius.xtec.cat\/baixcamp\/wp-content\/uploads\/usu950\/2021\/04\/logo-detecci\u00f3-PFZ-1-150x150.png 150w, https:\/\/serveiseducatius.xtec.cat\/baixcamp\/wp-content\/uploads\/usu950\/2021\/04\/logo-detecci\u00f3-PFZ-1-300x300.png 300w, https:\/\/serveiseducatius.xtec.cat\/baixcamp\/wp-content\/uploads\/usu950\/2021\/04\/logo-detecci\u00f3-PFZ-1-768x768.png 768w, https:\/\/serveiseducatius.xtec.cat\/baixcamp\/wp-content\/uploads\/usu950\/2021\/04\/logo-detecci\u00f3-PFZ-1.png 1080w\" sizes=\"auto, (max-width: 600px) 100vw, 600px\" \/><\/figure>\n\n\n\n<p>Es prioritzaran les formacions sobre: compet\u00e8ncies professionals docents, inducci\u00f3 a la doc\u00e8ncia, centres educatius en l\u00ednia, cultura digital, nous contextos i recursos per al desenvolupament professional, aprenentatge competencial, educaci\u00f3 inclusiva, perspectiva de g\u00e8nere, educaci\u00f3 per a la sostenibilitat, evid\u00e8ncies d&#8217;impacte (avaluaci\u00f3).<\/p>\n\n\n\n<h4 class=\"wp-block-heading\">Calendari de gesti\u00f3<br><a href=\"https:\/\/serveiseducatius.xtec.cat\/baixcamp\/formacio\/pla-de-formacio-de-zona-pfz\/oferta-dactivitats\/\"><\/a><a href=\"https:\/\/serveiseducatius.xtec.cat\/baixcamp\/formacio\/pla-de-formacio-de-zona-pfz\/oferta-dactivitats\/\">Oferta d&#8217;activitats PFZ 2025-25<\/a><\/h4>\n\n\n\n<figure class=\"wp-block-table\"><table class=\"has-fixed-layout\"><thead><tr><th>Per\u00edodes d&#8217;inscripci\u00f3<\/th><th>Sol\u00b7licitud de pla\u00e7a<\/th><th>Consulta d\u2019adjudicacions<\/th><th>Inici de les activitats<\/th><\/tr><\/thead><tbody><tr><th>Primer torn<\/th><td>del 5 al 21 de setembre<\/td><td>7 d\u2019octubre<\/td><td>a partir del 13 d&#8217;octubre<\/td><\/tr><tr><th>Segon torn<\/th><td>del 7 al 15 de gener<\/td><td>30 de gener<\/td><td>a partir del 5 de febrer<\/td><\/tr><tr><th>Formaci\u00f3 d&#8217;estiu<\/th><td>del 14 al 28 de maig<\/td><td>16 de juny<\/td><td>a partir de l&#8217;1 de juliol<\/td><\/tr><\/tbody><\/table><\/figure>\n","protected":false},"excerpt":{"rendered":"<p>Pla de Formaci\u00f3 de Zona. Curs 2025-2026 Es prioritzaran les formacions sobre: compet\u00e8ncies professionals docents, inducci\u00f3 a la doc\u00e8ncia, centres educatius en l\u00ednia, cultura digital, nous contextos i recursos per al desenvolupament professional, aprenentatge competencial, educaci\u00f3 inclusiva, perspectiva de g\u00e8nere, educaci\u00f3 per a la sostenibilitat, evid\u00e8ncies d&#8217;impacte (avaluaci\u00f3). Calendari de gesti\u00f3Oferta d&#8217;activitats PFZ 2025-25 Per\u00edodes [&hellip;]<\/p>\n","protected":false},"author":1,"featured_media":0,"parent":7,"menu_order":0,"comment_status":"closed","ping_status":"closed","template":"page-templates\/front-page.php","meta":{"_bbp_topic_count":0,"_bbp_reply_count":0,"_bbp_total_topic_count":0,"_bbp_total_reply_count":0,"_bbp_voice_count":0,"_bbp_anonymous_reply_count":0,"_bbp_topic_count_hidden":0,"_bbp_reply_count_hidden":0,"_bbp_forum_subforum_count":0,"site-sidebar-layout":"default","site-content-layout":"","ast-site-content-layout":"","site-content-style":"default","site-sidebar-style":"default","ast-global-header-display":"","ast-banner-title-visibility":"","ast-main-header-display":"","ast-hfb-above-header-display":"","ast-hfb-below-header-display":"","ast-hfb-mobile-header-display":"","site-post-title":"","ast-breadcrumbs-content":"","ast-featured-img":"","footer-sml-layout":"","theme-transparent-header-meta":"","adv-header-id-meta":"","stick-header-meta":"","header-above-stick-meta":"","header-main-stick-meta":"","header-below-stick-meta":"","astra-migrate-meta-layouts":"default","ast-page-background-enabled":"default","ast-page-background-meta":{"desktop":{"background-color":"var(--ast-global-color-4)","background-image":"","background-repeat":"repeat","background-position":"center center","background-size":"auto","background-attachment":"scroll","background-type":"","background-media":"","overlay-type":"","overlay-color":"","overlay-opacity":"","overlay-gradient":""},"tablet":{"background-color":"","background-image":"","background-repeat":"repeat","background-position":"center center","background-size":"auto","background-attachment":"scroll","background-type":"","background-media":"","overlay-type":"","overlay-color":"","overlay-opacity":"","overlay-gradient":""},"mobile":{"background-color":"","background-image":"","background-repeat":"repeat","background-position":"center center","background-size":"auto","background-attachment":"scroll","background-type":"","background-media":"","overlay-type":"","overlay-color":"","overlay-opacity":"","overlay-gradient":""}},"ast-content-background-meta":{"desktop":{"background-color":"var(--ast-global-color-5)","background-image":"","background-repeat":"repeat","background-position":"center center","background-size":"auto","background-attachment":"scroll","background-type":"","background-media":"","overlay-type":"","overlay-color":"","overlay-opacity":"","overlay-gradient":""},"tablet":{"background-color":"var(--ast-global-color-5)","background-image":"","background-repeat":"repeat","background-position":"center center","background-size":"auto","background-attachment":"scroll","background-type":"","background-media":"","overlay-type":"","overlay-color":"","overlay-opacity":"","overlay-gradient":""},"mobile":{"background-color":"var(--ast-global-color-5)","background-image":"","background-repeat":"repeat","background-position":"center center","background-size":"auto","background-attachment":"scroll","background-type":"","background-media":"","overlay-type":"","overlay-color":"","overlay-opacity":"","overlay-gradient":""}},"footnotes":""},"class_list":["post-9","page","type-page","status-publish","hentry"],"post_mailing_queue_ids":[],"_links":{"self":[{"href":"https:\/\/serveiseducatius.xtec.cat\/baixcamp\/wp-json\/wp\/v2\/pages\/9","targetHints":{"allow":["GET"]}}],"collection":[{"href":"https:\/\/serveiseducatius.xtec.cat\/baixcamp\/wp-json\/wp\/v2\/pages"}],"about":[{"href":"https:\/\/serveiseducatius.xtec.cat\/baixcamp\/wp-json\/wp\/v2\/types\/page"}],"author":[{"embeddable":true,"href":"https:\/\/serveiseducatius.xtec.cat\/baixcamp\/wp-json\/wp\/v2\/users\/1"}],"replies":[{"embeddable":true,"href":"https:\/\/serveiseducatius.xtec.cat\/baixcamp\/wp-json\/wp\/v2\/comments?post=9"}],"version-history":[{"count":6,"href":"https:\/\/serveiseducatius.xtec.cat\/baixcamp\/wp-json\/wp\/v2\/pages\/9\/revisions"}],"predecessor-version":[{"id":16077,"href":"https:\/\/serveiseducatius.xtec.cat\/baixcamp\/wp-json\/wp\/v2\/pages\/9\/revisions\/16077"}],"up":[{"embeddable":true,"href":"https:\/\/serveiseducatius.xtec.cat\/baixcamp\/wp-json\/wp\/v2\/pages\/7"}],"wp:attachment":[{"href":"https:\/\/serveiseducatius.xtec.cat\/baixcamp\/wp-json\/wp\/v2\/media?parent=9"}],"curies":[{"name":"wp","href":"https:\/\/api.w.org\/{rel}","templated":true}]}}