{"id":6716,"date":"2017-10-13T11:45:48","date_gmt":"2017-10-13T09:45:48","guid":{"rendered":"http:\/\/serveiseducatius.xtec.cat\/baixcamp\/?page_id=6716"},"modified":"2022-07-11T12:36:44","modified_gmt":"2022-07-11T10:36:44","slug":"xarxa-competencies-basiques","status":"publish","type":"page","link":"https:\/\/serveiseducatius.xtec.cat\/baixcamp\/projectes\/xarxa-competencies-basiques\/","title":{"rendered":"Xarxa Compet\u00e8ncies"},"content":{"rendered":"<p style=\"text-align: justify;\"><img loading=\"lazy\" decoding=\"async\" class=\" wp-image-13967 alignleft\" src=\"https:\/\/serveiseducatius.xtec.cat\/baixcamp\/wp-content\/uploads\/usu950\/2022\/07\/Nou-logo-cb-600x212.jpg\" alt=\"\" width=\"442\" height=\"156\" srcset=\"https:\/\/serveiseducatius.xtec.cat\/baixcamp\/wp-content\/uploads\/usu950\/2022\/07\/Nou-logo-cb-600x212.jpg 600w, https:\/\/serveiseducatius.xtec.cat\/baixcamp\/wp-content\/uploads\/usu950\/2022\/07\/Nou-logo-cb-300x106.jpg 300w, https:\/\/serveiseducatius.xtec.cat\/baixcamp\/wp-content\/uploads\/usu950\/2022\/07\/Nou-logo-cb-768x272.jpg 768w, https:\/\/serveiseducatius.xtec.cat\/baixcamp\/wp-content\/uploads\/usu950\/2022\/07\/Nou-logo-cb-1536x544.jpg 1536w, https:\/\/serveiseducatius.xtec.cat\/baixcamp\/wp-content\/uploads\/usu950\/2022\/07\/Nou-logo-cb-2048x725.jpg 2048w\" sizes=\"auto, (max-width: 442px) 100vw, 442px\" \/>La Xarxa de Compet\u00e8ncies est\u00e0 formada per un equip de docents, <a href=\"http:\/\/serveiseducatius.xtec.cat\/baixcamp\/xarxa-competencies-basiques\/carta-de-compromis-xcb\/\">compromesos de manera volunt\u00e0ria<\/a>,\u00a0a desenvolupar el <strong>treball per compet\u00e8ncies<\/strong> als seus centres, elaborant instruments de suport per orientar els processos de reflexi\u00f3 i la gesti\u00f3 del curr\u00edculum per compet\u00e8ncies b\u00e0siques i compartint\u00a0processos d&#8217;autoavaluaci\u00f3.<\/p>\n<p style=\"text-align: left;\">Actualment hi ha 14 xarxes territorials a Catalunya<em>.<\/em><\/p>\n<h6><img loading=\"lazy\" decoding=\"async\" class=\"wp-image-10477 aligncenter\" src=\"https:\/\/serveiseducatius.xtec.cat\/baixcamp\/wp-content\/uploads\/usu950\/2019\/11\/Mapa-XCB-600x338.jpg\" alt=\"\" width=\"600\" height=\"339\" srcset=\"https:\/\/serveiseducatius.xtec.cat\/baixcamp\/wp-content\/uploads\/usu950\/2019\/11\/Mapa-XCB-600x338.jpg 600w, https:\/\/serveiseducatius.xtec.cat\/baixcamp\/wp-content\/uploads\/usu950\/2019\/11\/Mapa-XCB-300x169.jpg 300w, https:\/\/serveiseducatius.xtec.cat\/baixcamp\/wp-content\/uploads\/usu950\/2019\/11\/Mapa-XCB-768x432.jpg 768w, https:\/\/serveiseducatius.xtec.cat\/baixcamp\/wp-content\/uploads\/usu950\/2019\/11\/Mapa-XCB.jpg 960w\" sizes=\"auto, (max-width: 600px) 100vw, 600px\" \/><\/h6>\n<h4><strong>XCB Territorial Tarragona<br \/>\n<\/strong><\/h4>\n<p>Aquest curs 21\/22,hi ha un total de <a href=\"https:\/\/serveiseducatius.xtec.cat\/baixcamp\/xarxa-competencies-basiques\/centres-participants-xcb-12\/\">30 centres<\/a> a la zona del Baix Camp que formen part de la <em><strong>XCB12 Territorial de Tarragona<\/strong>.<\/em><\/p>\n<p><iframe loading=\"lazy\" src=\"https:\/\/www.youtube.com\/embed\/sEy4HAzjr4Y\" width=\"560\" height=\"315\" frameborder=\"0\"><\/iframe><\/p>\n<h4><strong>Formaci\u00f3 de centres<\/strong><\/h4>\n<p>Per donar estructura al treball de la XCB, cada centre participant compta amb <strong>2 coordinadors i un grup impulsor.<\/strong><\/p>\n<p>&nbsp;<\/p>\n<ul>\n<li>Des dels Serveis Territorials de Tarragona s&#8217;organitza la <strong>formaci\u00f3 per als coordinadors<\/strong> de cada centre i que participen de la:<\/li>\n<\/ul>\n<p><span style=\"color: #000000;\"><strong>Coordinaci\u00f3 de la Xarxa de compet\u00e8ncies b\u00e0siques Territoria<\/strong><strong>l &#8211; <em>Seminari.<\/em><\/strong><\/span> 30h.<\/p>\n<p>Cada CRP t\u00e9 un referent de Xarxes a qui adre\u00e7ar-se en cas de dubtes o aclariments que sorgeixen durant la formaci\u00f3.<\/p>\n<p>&nbsp;<\/p>\n<ul>\n<li>Per altra banda cada centre participant inscriu els docents participants en la <strong>formaci\u00f3 pel grup impulsor<\/strong> a trav\u00e9s de:<\/li>\n<\/ul>\n<p><strong><span style=\"color: #000000;\">Xarxa de Compet\u00e8ncies B\u00e0siques Territorial &#8211;<\/span><em>Assessorament <\/em><em>a centre.<\/em><\/strong>30h.<\/p>\n<p>Els coordinadors de cada centre s\u00f3n els formadors de l&#8217;equip impulsor docent, es recomana que a cada centre hi participi com a\u00a0 m\u00ednim el 20% del claustre,<\/p>\n<table style=\"border-color: #ffffff;\">\n<tbody>\n<tr>\n<td style=\"border-color: #ffffff; background-color: #de68a1; width: 222px;\">\n<h5><a href=\"https:\/\/odissea.xtec.cat\/\"><span style=\"color: #ffffff;\">Recursos per a la formaci\u00f3<\/span><\/a><\/h5>\n<\/td>\n<td style=\"border-color: #ffffff; background-color: #b83071; width: 172px;\">\n<h5><a href=\"https:\/\/serveiseducatius.xtec.cat\/baixcamp\/xarxa-competencies-basiques\/centres-participants-xcb-12\/\"><span style=\"color: #ffffff;\">Centres participants<\/span><\/a><\/h5>\n<\/td>\n<td style=\"border-color: #a41159; width: 213px;\">\n<h6><span style=\"color: #a41159;\"><a style=\"color: #a41159;\" href=\"http:\/\/serveiseducatius.xtec.cat\/baixcamp\/categoria\/xcb\/\"><strong>Articles XCBT Baix Camp<\/strong><\/a><\/span><\/h6>\n<\/td>\n<\/tr>\n<\/tbody>\n<\/table>\n<h5><strong>Per saber-ne m\u00e9s<\/strong><\/h5>\n<p>La Xarxa de Compet\u00e8ncies B\u00e0siques (Xarxa CB) \u00e9s una modalitat de formaci\u00f3 i desenvolupament professional docent basat en l\u2019aprenentatge entre iguals i en xarxa, promoguda pel Departament d\u2019Educaci\u00f3, dins el seu pla de formaci\u00f3 permanent. Podeu accedir a tota la informaci\u00f3 a trav\u00e9s de la<a href=\"http:\/\/xtec.gencat.cat\/ca\/curriculum\/xarxacb\"> XTEC.<\/a><\/p>\n<h6 style=\"text-align: justify;\"><strong>Contacte<\/strong><\/h6>\n<p style=\"text-align: justify;\">Si esteu interessats en formar part de la XCB Baix Camp, poseu-vos en contacte amb:<\/p>\n<ul>\n<li style=\"text-align: justify;\">N\u00faria Vaqu\u00e9s, coordinadora de xarxes d&#8217;innovaci\u00f3 del Servei Territorial de Tarragona, <a href=\"mailto:nvaques@xtec.cat\">nvaques@xtec.cat<\/a><\/li>\n<li style=\"text-align: justify;\">Anna Par\u00e9s, referent de la XCB Baix Camp, <a href=\"mailto:e3990102@xtec.cat\">e3990102@xtec.cat<\/a> o telefonant al 977 31 27 04.<\/li>\n<\/ul>\n<h6 style=\"text-align: justify;\"><strong>Xarxa social<\/strong><\/h6>\n<p style=\"text-align: justify;\"><a class=\"twitter-follow-button\" href=\"https:\/\/twitter.com\/xarxaCb?ref_src=twsrc%5Etfw\" data-show-count=\"false\">Follow @xarxaC<\/a><script async src=\"https:\/\/platform.twitter.com\/widgets.js\" charset=\"utf-8\"><\/script><\/p>\n","protected":false},"excerpt":{"rendered":"<p>La Xarxa de Compet\u00e8ncies est\u00e0 formada per un equip de docents, compromesos de manera volunt\u00e0ria,\u00a0a desenvolupar el treball per compet\u00e8ncies als seus centres, elaborant instruments de suport per orientar els processos de reflexi\u00f3 i la gesti\u00f3 del curr\u00edculum per compet\u00e8ncies b\u00e0siques i compartint\u00a0processos d&#8217;autoavaluaci\u00f3. Actualment hi ha 14 xarxes territorials a Catalunya. XCB Territorial Tarragona [&hellip;]<\/p>\n","protected":false},"author":1,"featured_media":0,"parent":13463,"menu_order":0,"comment_status":"closed","ping_status":"closed","template":"page-templates\/side-menu.php","meta":{"_bbp_topic_count":0,"_bbp_reply_count":0,"_bbp_total_topic_count":0,"_bbp_total_reply_count":0,"_bbp_voice_count":0,"_bbp_anonymous_reply_count":0,"_bbp_topic_count_hidden":0,"_bbp_reply_count_hidden":0,"_bbp_forum_subforum_count":0,"site-sidebar-layout":"default","site-content-layout":"","ast-site-content-layout":"","site-content-style":"default","site-sidebar-style":"default","ast-global-header-display":"","ast-banner-title-visibility":"","ast-main-header-display":"","ast-hfb-above-header-display":"","ast-hfb-below-header-display":"","ast-hfb-mobile-header-display":"","site-post-title":"","ast-breadcrumbs-content":"","ast-featured-img":"","footer-sml-layout":"","theme-transparent-header-meta":"","adv-header-id-meta":"","stick-header-meta":"","header-above-stick-meta":"","header-main-stick-meta":"","header-below-stick-meta":"","astra-migrate-meta-layouts":"default","ast-page-background-enabled":"default","ast-page-background-meta":{"desktop":{"background-color":"var(--ast-global-color-4)","background-image":"","background-repeat":"repeat","background-position":"center center","background-size":"auto","background-attachment":"scroll","background-type":"","background-media":"","overlay-type":"","overlay-color":"","overlay-opacity":"","overlay-gradient":""},"tablet":{"background-color":"","background-image":"","background-repeat":"repeat","background-position":"center center","background-size":"auto","background-attachment":"scroll","background-type":"","background-media":"","overlay-type":"","overlay-color":"","overlay-opacity":"","overlay-gradient":""},"mobile":{"background-color":"","background-image":"","background-repeat":"repeat","background-position":"center center","background-size":"auto","background-attachment":"scroll","background-type":"","background-media":"","overlay-type":"","overlay-color":"","overlay-opacity":"","overlay-gradient":""}},"ast-content-background-meta":{"desktop":{"background-color":"var(--ast-global-color-5)","background-image":"","background-repeat":"repeat","background-position":"center center","background-size":"auto","background-attachment":"scroll","background-type":"","background-media":"","overlay-type":"","overlay-color":"","overlay-opacity":"","overlay-gradient":""},"tablet":{"background-color":"var(--ast-global-color-5)","background-image":"","background-repeat":"repeat","background-position":"center center","background-size":"auto","background-attachment":"scroll","background-type":"","background-media":"","overlay-type":"","overlay-color":"","overlay-opacity":"","overlay-gradient":""},"mobile":{"background-color":"var(--ast-global-color-5)","background-image":"","background-repeat":"repeat","background-position":"center center","background-size":"auto","background-attachment":"scroll","background-type":"","background-media":"","overlay-type":"","overlay-color":"","overlay-opacity":"","overlay-gradient":""}},"footnotes":""},"class_list":["post-6716","page","type-page","status-publish","hentry"],"post_mailing_queue_ids":[],"_links":{"self":[{"href":"https:\/\/serveiseducatius.xtec.cat\/baixcamp\/wp-json\/wp\/v2\/pages\/6716","targetHints":{"allow":["GET"]}}],"collection":[{"href":"https:\/\/serveiseducatius.xtec.cat\/baixcamp\/wp-json\/wp\/v2\/pages"}],"about":[{"href":"https:\/\/serveiseducatius.xtec.cat\/baixcamp\/wp-json\/wp\/v2\/types\/page"}],"author":[{"embeddable":true,"href":"https:\/\/serveiseducatius.xtec.cat\/baixcamp\/wp-json\/wp\/v2\/users\/1"}],"replies":[{"embeddable":true,"href":"https:\/\/serveiseducatius.xtec.cat\/baixcamp\/wp-json\/wp\/v2\/comments?post=6716"}],"version-history":[{"count":5,"href":"https:\/\/serveiseducatius.xtec.cat\/baixcamp\/wp-json\/wp\/v2\/pages\/6716\/revisions"}],"predecessor-version":[{"id":13344,"href":"https:\/\/serveiseducatius.xtec.cat\/baixcamp\/wp-json\/wp\/v2\/pages\/6716\/revisions\/13344"}],"up":[{"embeddable":true,"href":"https:\/\/serveiseducatius.xtec.cat\/baixcamp\/wp-json\/wp\/v2\/pages\/13463"}],"wp:attachment":[{"href":"https:\/\/serveiseducatius.xtec.cat\/baixcamp\/wp-json\/wp\/v2\/media?parent=6716"}],"curies":[{"name":"wp","href":"https:\/\/api.w.org\/{rel}","templated":true}]}}