{"id":4407,"date":"2017-02-09T20:20:20","date_gmt":"2017-02-09T19:20:20","guid":{"rendered":"http:\/\/serveiseducatius.xtec.cat\/baixcamp\/?page_id=4407"},"modified":"2025-12-15T13:15:28","modified_gmt":"2025-12-15T12:15:28","slug":"comissio-organitzadora","status":"publish","type":"page","link":"https:\/\/serveiseducatius.xtec.cat\/baixcamp\/dinamitzacions\/mostra-de-teatre\/comissio-organitzadora\/","title":{"rendered":"Comissi\u00f3 Organitzadora"},"content":{"rendered":"<h6><strong>Composici\u00f3<br \/>\n<\/strong><\/h6>\n<p><img loading=\"lazy\" decoding=\"async\" class=\"wp-image-2272 alignleft\" src=\"http:\/\/serveiseducatius.xtec.cat\/baixcamp\/wp-content\/uploads\/usu950\/2016\/11\/logo_principal-1.png\" alt=\"logo_principal\" width=\"135\" height=\"82\" \/><\/p>\n<table style=\"width: 21.9249%; border-color: #ffffff; height: 296px;\">\n<tbody>\n<tr style=\"height: 19px;\">\n<td style=\"width: 183px; height: 19px; background-color: #a41159; border-color: #ffffff;\"><span style=\"color: #ffffff;\"><strong>Nom i cognoms<br \/>\n<\/strong><\/span><\/td>\n<td style=\"width: 160px; height: 19px; background-color: #a41159; border-color: #ffffff;\"><span style=\"color: #ffffff;\"><strong>Funci\u00f3<\/strong><\/span><\/td>\n<\/tr>\n<tr style=\"height: 19px;\">\n<td style=\"width: 183px; height: 19px; background-color: #ffffff; border-color: #ffffff;\">Dolors Pascual<strong><br \/>\n<\/strong><\/td>\n<td style=\"width: 160px; height: 19px; background-color: #ffffff; border-color: #ffffff;\">Presidenta<\/td>\n<\/tr>\n<tr style=\"height: 33px;\">\n<td style=\"width: 183px; background-color: #ffffff; border-color: #ffffff; height: 33px;\">Carlos Garrido<\/td>\n<td style=\"width: 160px; background-color: #ffffff; border-color: #ffffff; height: 33px;\">Sotspresident<\/td>\n<\/tr>\n<tr style=\"height: 11px;\">\n<td style=\"width: 183px; height: 19px; background-color: #ffffff; border-color: #ffffff;\">Anna Par\u00e9s<\/td>\n<td style=\"width: 160px; height: 19px; background-color: #ffffff; border-color: #ffffff;\">Secret\u00e0ria<\/td>\n<\/tr>\n<tr style=\"height: 4px;\">\n<td style=\"width: 183px; height: 19px; background-color: #ffffff; border-color: #ffffff;\">Maria Llevat<\/td>\n<td style=\"width: 160px; height: 19px; background-color: #ffffff; border-color: #ffffff;\">Sotssecret\u00e0ria<\/td>\n<\/tr>\n<tr style=\"height: 4px;\">\n<td style=\"width: 183px; height: 19px; background-color: #ffffff; border-color: #ffffff;\">Helena Gon\u00e7alves<\/td>\n<td style=\"width: 160px; height: 19px; background-color: #ffffff; border-color: #ffffff;\">Vocal<\/td>\n<\/tr>\n<tr style=\"height: 10px;\">\n<td style=\"width: 183px; height: 19px; background-color: #ffffff; border-color: #ffffff;\">Cristina Asensio<\/td>\n<td style=\"width: 160px; height: 19px; background-color: #ffffff; border-color: #ffffff;\">Vocal<\/td>\n<\/tr>\n<tr style=\"height: 31px;\">\n<td style=\"width: 183px; background-color: #ffffff; border-color: #ffffff; height: 31px;\">No\u00e8lia Moliner<\/td>\n<td style=\"width: 160px; background-color: #ffffff; border-color: #ffffff; height: 31px;\">Vocal<\/td>\n<\/tr>\n<tr style=\"height: 33px;\">\n<td style=\"width: 183px; background-color: #ffffff; border-color: #ffffff; height: 33px;\">Carme Blasi Cristi\u00e0<\/td>\n<td style=\"width: 160px; background-color: #ffffff; border-color: #ffffff; height: 33px;\">Membre honorari<\/td>\n<\/tr>\n<tr style=\"height: 33px;\">\n<td style=\"width: 183px; background-color: #ffffff; border-color: #ffffff; height: 33px;\">Josep Cugat Puiggal\u00ed<\/td>\n<td style=\"width: 160px; background-color: #ffffff; border-color: #ffffff; height: 33px;\">Membre honorari<\/td>\n<\/tr>\n<\/tbody>\n<\/table>\n<p><span style=\"font-family: inherit; font-size: 1em;\">Modificada en reuni\u00f3 Comissi\u00f3 Organitzadora, el <b>7 d\u2019octubre de 2025<\/b><\/span><\/p>\n","protected":false},"excerpt":{"rendered":"<p>Composici\u00f3 Nom i cognoms Funci\u00f3 Dolors Pascual Presidenta Carlos Garrido Sotspresident Anna Par\u00e9s Secret\u00e0ria Maria Llevat Sotssecret\u00e0ria Helena Gon\u00e7alves Vocal Cristina Asensio Vocal No\u00e8lia Moliner Vocal Carme Blasi Cristi\u00e0 Membre honorari Josep Cugat Puiggal\u00ed Membre honorari Modificada en reuni\u00f3 Comissi\u00f3 Organitzadora, el 7 d\u2019octubre de 2025<\/p>\n","protected":false},"author":1,"featured_media":0,"parent":1795,"menu_order":20,"comment_status":"closed","ping_status":"closed","template":"page-templates\/side-menu.php","meta":{"_bbp_topic_count":0,"_bbp_reply_count":0,"_bbp_total_topic_count":0,"_bbp_total_reply_count":0,"_bbp_voice_count":0,"_bbp_anonymous_reply_count":0,"_bbp_topic_count_hidden":0,"_bbp_reply_count_hidden":0,"_bbp_forum_subforum_count":0,"site-sidebar-layout":"default","site-content-layout":"","ast-site-content-layout":"default","site-content-style":"default","site-sidebar-style":"default","ast-global-header-display":"","ast-banner-title-visibility":"","ast-main-header-display":"","ast-hfb-above-header-display":"","ast-hfb-below-header-display":"","ast-hfb-mobile-header-display":"","site-post-title":"","ast-breadcrumbs-content":"","ast-featured-img":"","footer-sml-layout":"","theme-transparent-header-meta":"","adv-header-id-meta":"","stick-header-meta":"","header-above-stick-meta":"","header-main-stick-meta":"","header-below-stick-meta":"","astra-migrate-meta-layouts":"set","ast-page-background-enabled":"default","ast-page-background-meta":{"desktop":{"background-color":"var(--ast-global-color-4)","background-image":"","background-repeat":"repeat","background-position":"center center","background-size":"auto","background-attachment":"scroll","background-type":"","background-media":"","overlay-type":"","overlay-color":"","overlay-opacity":"","overlay-gradient":""},"tablet":{"background-color":"","background-image":"","background-repeat":"repeat","background-position":"center center","background-size":"auto","background-attachment":"scroll","background-type":"","background-media":"","overlay-type":"","overlay-color":"","overlay-opacity":"","overlay-gradient":""},"mobile":{"background-color":"","background-image":"","background-repeat":"repeat","background-position":"center center","background-size":"auto","background-attachment":"scroll","background-type":"","background-media":"","overlay-type":"","overlay-color":"","overlay-opacity":"","overlay-gradient":""}},"ast-content-background-meta":{"desktop":{"background-color":"var(--ast-global-color-5)","background-image":"","background-repeat":"repeat","background-position":"center center","background-size":"auto","background-attachment":"scroll","background-type":"","background-media":"","overlay-type":"","overlay-color":"","overlay-opacity":"","overlay-gradient":""},"tablet":{"background-color":"var(--ast-global-color-5)","background-image":"","background-repeat":"repeat","background-position":"center center","background-size":"auto","background-attachment":"scroll","background-type":"","background-media":"","overlay-type":"","overlay-color":"","overlay-opacity":"","overlay-gradient":""},"mobile":{"background-color":"var(--ast-global-color-5)","background-image":"","background-repeat":"repeat","background-position":"center center","background-size":"auto","background-attachment":"scroll","background-type":"","background-media":"","overlay-type":"","overlay-color":"","overlay-opacity":"","overlay-gradient":""}},"footnotes":""},"class_list":["post-4407","page","type-page","status-publish","hentry"],"post_mailing_queue_ids":[],"_links":{"self":[{"href":"https:\/\/serveiseducatius.xtec.cat\/baixcamp\/wp-json\/wp\/v2\/pages\/4407","targetHints":{"allow":["GET"]}}],"collection":[{"href":"https:\/\/serveiseducatius.xtec.cat\/baixcamp\/wp-json\/wp\/v2\/pages"}],"about":[{"href":"https:\/\/serveiseducatius.xtec.cat\/baixcamp\/wp-json\/wp\/v2\/types\/page"}],"author":[{"embeddable":true,"href":"https:\/\/serveiseducatius.xtec.cat\/baixcamp\/wp-json\/wp\/v2\/users\/1"}],"replies":[{"embeddable":true,"href":"https:\/\/serveiseducatius.xtec.cat\/baixcamp\/wp-json\/wp\/v2\/comments?post=4407"}],"version-history":[{"count":5,"href":"https:\/\/serveiseducatius.xtec.cat\/baixcamp\/wp-json\/wp\/v2\/pages\/4407\/revisions"}],"predecessor-version":[{"id":16464,"href":"https:\/\/serveiseducatius.xtec.cat\/baixcamp\/wp-json\/wp\/v2\/pages\/4407\/revisions\/16464"}],"up":[{"embeddable":true,"href":"https:\/\/serveiseducatius.xtec.cat\/baixcamp\/wp-json\/wp\/v2\/pages\/1795"}],"wp:attachment":[{"href":"https:\/\/serveiseducatius.xtec.cat\/baixcamp\/wp-json\/wp\/v2\/media?parent=4407"}],"curies":[{"name":"wp","href":"https:\/\/api.w.org\/{rel}","templated":true}]}}