{"id":4397,"date":"2017-02-09T20:04:18","date_gmt":"2017-02-09T19:04:18","guid":{"rendered":"http:\/\/serveiseducatius.xtec.cat\/baixcamp\/?page_id=4397"},"modified":"2025-12-15T12:50:39","modified_gmt":"2025-12-15T11:50:39","slug":"bases","status":"publish","type":"page","link":"https:\/\/serveiseducatius.xtec.cat\/baixcamp\/dinamitzacions\/mostra-de-teatre\/bases\/","title":{"rendered":"Bases"},"content":{"rendered":"<ol>\n<li style=\"font-weight: 400;\" aria-level=\"1\"><span style=\"font-weight: 400;\">El proc\u00e9s d\u2019inscripci\u00f3 es realitzar\u00e0 mitjan\u00e7ant un formulari Google Drive. El centre podr\u00e0 informar de les prefer\u00e8ncies de calendari que s\u2019ajustaran a les dates de representaci\u00f3 en funci\u00f3 de la disponibilitat dels escenaris i el nivell educatiu del centre que ja l\u2019hagi sol\u00b7licitat en primer lloc.<\/span><\/li>\n<li style=\"font-weight: 400;\" aria-level=\"1\"><span style=\"font-weight: 400;\">Les dates de la <\/span><b>XLIV Mostra de Teatre<\/b><span style=\"font-weight: 400;\"> seran del <\/span><b>18 al 29 de maig de 2026<\/b><span style=\"font-weight: 400;\">.<\/span><\/li>\n<li style=\"font-weight: 400;\" aria-level=\"1\"><span style=\"font-weight: 400;\">Es podr\u00e0 fer un m\u00e0xim de 3 obres\/representacions di\u00e0ries per assegurar complir amb l\u2019horari lectiu de l\u2019alumnat participant.<\/span><\/li>\n<li style=\"font-weight: 400;\" aria-level=\"1\"><span style=\"font-weight: 400;\">L\u2019horari d\u2019inici de les obres ser\u00e0 a les<\/span><b> 10.00 h<\/b><span style=\"font-weight: 400;\">, per garantir i donar temps a la preparaci\u00f3 de l\u2019escenari. Les obres es realitzaran al <\/span><b>mat\u00ed*<\/b><span style=\"font-weight: 400;\">.<\/span><\/li>\n<li style=\"font-weight: 400;\" aria-level=\"1\"><span style=\"font-weight: 400;\">Els centres que hi participen han de ser de la comarca del Baix Camp.\u00a0<\/span><\/li>\n<li style=\"font-weight: 400;\" aria-level=\"1\"><span style=\"font-weight: 400;\">La titularitat dels centres educatius podr\u00e0 ser <\/span><b>p\u00fablica, concertada o privada<\/b><span style=\"font-weight: 400;\">, amb la participaci\u00f3 de qualsevol nivell educatiu: infantil, prim\u00e0ria, secund\u00e0ria i educaci\u00f3 especial.<\/span><\/li>\n<li style=\"font-weight: 400;\" aria-level=\"1\"><span style=\"font-weight: 400;\">Cada centre pot representar <\/span><b>una \u00fanica obra<\/b><span style=\"font-weight: 400;\"> i aquesta <\/span><b>ha de ser en catal\u00e0.<\/b><\/li>\n<li style=\"font-weight: 400;\" aria-level=\"1\"><span style=\"font-weight: 400;\">El format de les obres representades podr\u00e0 ser de: text editat o adaptacions, creaci\u00f3 pr\u00f2pia, mim, titelles, sketchos i\/o musicals.<\/span><\/li>\n<li style=\"font-weight: 400;\" aria-level=\"1\"><span style=\"font-weight: 400;\">La m\u00fasica i imatges utilitzades a les obres ha de garantir el <\/span><b>compliment de les lleis de drets d\u2019autor. IMPORTANT<\/b><span style=\"font-weight: 400;\">: Recordem que la violaci\u00f3 dels drets d\u2019autoria pot comportar ser silenciats o bloquejats en fer-ne difusi\u00f3. L&#8217;\u00faltima responsabilitat recaur\u00e0 en el centre participant.<\/span><\/li>\n<li style=\"font-weight: 400;\" aria-level=\"1\"><span style=\"font-weight: 400;\">Els responsables dels centres vetllaran perqu\u00e8 <\/span><b>el contingut i llenguatge de les obres no sigui ofensiu per a cap col\u00b7lectiu, <\/b><span style=\"font-weight: 400;\">i al mateix temps, tindran en compte el que els espectadors s\u00f3n menors d\u2019edat i, per tant, <\/span><b>garantiran l\u2019aptitud per a tots els p\u00fablics.<\/b><\/li>\n<li style=\"font-weight: 400;\" aria-level=\"1\"><span style=\"background-color: #ff99cc;\"><span style=\"font-weight: 400;\">Durada de l\u2019obra: <\/span><b>m\u00e0xim 30 minuts.<\/b><\/span><\/li>\n<li style=\"font-weight: 400;\" aria-level=\"1\"><span style=\"font-weight: 400;\">Els acompanyants i referents de cada centre s\u2019encarregaran de mantenir el bon comportament dels espectadors i actors i actrius durant els assajos i totes les sessions, garantint el respecte pels actors i actrius i el seu temps d&#8217;escena.<\/span><\/li>\n<li aria-level=\"1\">Les docents acompanyants han de mostrar una actitud activa i evitar l&#8217;\u00fas dels tel\u00e8fons m\u00f2bils durant les sessions. <strong>Us recordem que els dispositius m\u00f2bils no estan permesos a tota l\u2019etapa d\u2019educaci\u00f3 obligat\u00f2ria, ni a les aules ni a la resta d\u2019espais dels centres o activitats pedag\u00f2giques com \u00e9s la Mostra de Teatre.<\/strong>\u00a0 Aquesta \u00e9s una de les principals mesures per al curs 2025-2026, i que s\u2019emmarca en el <span style=\"background-color: #ff99cc;\">Pla de digitalitzaci\u00f3 responsable<\/span>.<\/li>\n<li aria-level=\"1\">Les informacions de la Mostra de Teatre s\u2019enviaran per duplicat al <b style=\"font-size: revert; background-color: rgba(0, 0, 0, 0);\">correu XTEC <\/b><span style=\"font-weight: 400;\">dels centres i a l\u2019adre\u00e7a corporativa de la persona responsable\u00a0 \u00a0 \u00a0 \u00a0designada.<\/span><\/li>\n<li aria-level=\"1\">\u00a0La Comissi\u00f3 Organitzadora de la Mostra, si ho creu convenient, pot modificar aquestes bases.<\/li>\n<li aria-level=\"1\">El Centre de Recursos Pedag\u00f2gics far\u00e0 difusi\u00f3 de la gesti\u00f3 i organitzaci\u00f3 de la Mostra de Teatre Reus-Baix Camp mitjan\u00e7ant la seva web corporativa del Servei Educatiu Baix Camp: <a style=\"font-size: revert; background-color: rgba(0, 0, 0, 0); font-weight: inherit;\" href=\"http:\/\/serveiseducatius.xtec.cat\/baixcamp\/mostra-de-teatre\/\">http:\/\/serveiseducatius.xtec.cat\/baixcamp\/mostra-de-teatre\/<\/a><\/li>\n<\/ol>\n<p><b>*El dia de l\u2019estrena hi haur\u00e0 sessi\u00f3 de tarda (si s\u2019escau, segons disponibilitat dels escenaris que acolliran la Mostra de Teatre.)<\/b><\/p>\n<p><span style=\"color: #666699;\"><em>Bases aprovades per la comissi\u00f3 de la Mostra de Teatre Reus-Baix Camp<\/em><\/span><\/p>\n","protected":false},"excerpt":{"rendered":"<p>El proc\u00e9s d\u2019inscripci\u00f3 es realitzar\u00e0 mitjan\u00e7ant un formulari Google Drive. El centre podr\u00e0 informar de les prefer\u00e8ncies de calendari que s\u2019ajustaran a les dates de representaci\u00f3 en funci\u00f3 de la disponibilitat dels escenaris i el nivell educatiu del centre que ja l\u2019hagi sol\u00b7licitat en primer lloc. Les dates de la XLIV Mostra de Teatre seran [&hellip;]<\/p>\n","protected":false},"author":1,"featured_media":0,"parent":1795,"menu_order":30,"comment_status":"closed","ping_status":"closed","template":"page-templates\/side-menu.php","meta":{"_bbp_topic_count":0,"_bbp_reply_count":0,"_bbp_total_topic_count":0,"_bbp_total_reply_count":0,"_bbp_voice_count":0,"_bbp_anonymous_reply_count":0,"_bbp_topic_count_hidden":0,"_bbp_reply_count_hidden":0,"_bbp_forum_subforum_count":0,"site-sidebar-layout":"default","site-content-layout":"","ast-site-content-layout":"default","site-content-style":"default","site-sidebar-style":"default","ast-global-header-display":"","ast-banner-title-visibility":"","ast-main-header-display":"","ast-hfb-above-header-display":"","ast-hfb-below-header-display":"","ast-hfb-mobile-header-display":"","site-post-title":"","ast-breadcrumbs-content":"","ast-featured-img":"","footer-sml-layout":"","theme-transparent-header-meta":"","adv-header-id-meta":"","stick-header-meta":"","header-above-stick-meta":"","header-main-stick-meta":"","header-below-stick-meta":"","astra-migrate-meta-layouts":"set","ast-page-background-enabled":"default","ast-page-background-meta":{"desktop":{"background-color":"var(--ast-global-color-4)","background-image":"","background-repeat":"repeat","background-position":"center center","background-size":"auto","background-attachment":"scroll","background-type":"","background-media":"","overlay-type":"","overlay-color":"","overlay-opacity":"","overlay-gradient":""},"tablet":{"background-color":"","background-image":"","background-repeat":"repeat","background-position":"center center","background-size":"auto","background-attachment":"scroll","background-type":"","background-media":"","overlay-type":"","overlay-color":"","overlay-opacity":"","overlay-gradient":""},"mobile":{"background-color":"","background-image":"","background-repeat":"repeat","background-position":"center center","background-size":"auto","background-attachment":"scroll","background-type":"","background-media":"","overlay-type":"","overlay-color":"","overlay-opacity":"","overlay-gradient":""}},"ast-content-background-meta":{"desktop":{"background-color":"var(--ast-global-color-5)","background-image":"","background-repeat":"repeat","background-position":"center center","background-size":"auto","background-attachment":"scroll","background-type":"","background-media":"","overlay-type":"","overlay-color":"","overlay-opacity":"","overlay-gradient":""},"tablet":{"background-color":"var(--ast-global-color-5)","background-image":"","background-repeat":"repeat","background-position":"center center","background-size":"auto","background-attachment":"scroll","background-type":"","background-media":"","overlay-type":"","overlay-color":"","overlay-opacity":"","overlay-gradient":""},"mobile":{"background-color":"var(--ast-global-color-5)","background-image":"","background-repeat":"repeat","background-position":"center center","background-size":"auto","background-attachment":"scroll","background-type":"","background-media":"","overlay-type":"","overlay-color":"","overlay-opacity":"","overlay-gradient":""}},"footnotes":""},"class_list":["post-4397","page","type-page","status-publish","hentry"],"post_mailing_queue_ids":[],"_links":{"self":[{"href":"https:\/\/serveiseducatius.xtec.cat\/baixcamp\/wp-json\/wp\/v2\/pages\/4397","targetHints":{"allow":["GET"]}}],"collection":[{"href":"https:\/\/serveiseducatius.xtec.cat\/baixcamp\/wp-json\/wp\/v2\/pages"}],"about":[{"href":"https:\/\/serveiseducatius.xtec.cat\/baixcamp\/wp-json\/wp\/v2\/types\/page"}],"author":[{"embeddable":true,"href":"https:\/\/serveiseducatius.xtec.cat\/baixcamp\/wp-json\/wp\/v2\/users\/1"}],"replies":[{"embeddable":true,"href":"https:\/\/serveiseducatius.xtec.cat\/baixcamp\/wp-json\/wp\/v2\/comments?post=4397"}],"version-history":[{"count":8,"href":"https:\/\/serveiseducatius.xtec.cat\/baixcamp\/wp-json\/wp\/v2\/pages\/4397\/revisions"}],"predecessor-version":[{"id":16459,"href":"https:\/\/serveiseducatius.xtec.cat\/baixcamp\/wp-json\/wp\/v2\/pages\/4397\/revisions\/16459"}],"up":[{"embeddable":true,"href":"https:\/\/serveiseducatius.xtec.cat\/baixcamp\/wp-json\/wp\/v2\/pages\/1795"}],"wp:attachment":[{"href":"https:\/\/serveiseducatius.xtec.cat\/baixcamp\/wp-json\/wp\/v2\/media?parent=4397"}],"curies":[{"name":"wp","href":"https:\/\/api.w.org\/{rel}","templated":true}]}}