{"id":4146,"date":"2017-02-03T17:52:38","date_gmt":"2017-02-03T16:52:38","guid":{"rendered":"http:\/\/serveiseducatius.xtec.cat\/baixcamp\/?page_id=4146"},"modified":"2025-04-10T08:25:41","modified_gmt":"2025-04-10T06:25:41","slug":"jocs-florals","status":"publish","type":"page","link":"https:\/\/serveiseducatius.xtec.cat\/baixcamp\/dinamitzacions\/jocs-florals\/","title":{"rendered":"Jocs Florals"},"content":{"rendered":"<p><img loading=\"lazy\" decoding=\"async\" class=\" wp-image-965 alignleft\" src=\"http:\/\/serveiseducatius.xtec.cat\/baixcamp\/wp-content\/uploads\/usu950\/2015\/11\/jocsflorals-300x300.jpg\" alt=\"jocsflorals\" width=\"145\" height=\"145\" \/><\/p>\n<p>La convocat\u00f2ria dels Jocs Florals Escolars de Catalunya s\u2019adre\u00e7a als centres d\u2019educaci\u00f3 prim\u00e0ria i educaci\u00f3 secund\u00e0ria obligat\u00f2ria amb la finalitat d\u2019estimular l\u2019expressi\u00f3 escrita de l\u2019alumnat, aprofitant una tradici\u00f3 cultural ben arrelada a Catalunya que molts centres escolars de fet ja celebren als seus municipis o comarques.<\/p>\n<h6><strong>Bases dels X Jocs Florals Escolars de Catalunya<\/strong><\/h6>\n<p>El Departament d&#8217;Educaci\u00f3 convoca els Jocs Florals Escolars de Catalunya i en determina les bases de cada edici\u00f3.<\/p>\n<p><strong><img loading=\"lazy\" decoding=\"async\" class=\"size-full wp-image-4131 alignleft\" src=\"http:\/\/serveiseducatius.xtec.cat\/baixcamp\/wp-content\/uploads\/usu950\/2016\/12\/s\u00edmbol-tic-e1485984144508.png\" alt=\"simbol-tic\" width=\"30\" height=\"30\" \/><a href=\"https:\/\/xtec.gencat.cat\/web\/.content\/centres\/alscentres\/premis\/jocsflorals\/2425\/Bases-dels-XII-Jocs-Florals-Escolars-de-Catalunya_2025.pdf\">Bases dels XI Jocs Florals de Catalunya 2024 &#8211; 2025<\/a><\/strong><\/p>\n<h6><\/h6>\n<p><strong><span id=\"page117R_mcid4\" class=\"markedContent\"><span dir=\"ltr\" role=\"presentation\">Les categories establertes s\u00f3n les seg\u00fcent<\/span><span dir=\"ltr\" role=\"presentation\">s:<\/span><\/span><\/strong><span id=\"page117R_mcid5\" class=\"markedContent\"><br role=\"presentation\" \/><span dir=\"ltr\" role=\"presentation\">\u25cf<\/span> <span dir=\"ltr\" role=\"presentation\">A1<\/span><span dir=\"ltr\" role=\"presentation\">. Alumnat del cicle inicial d&#8217;educaci\u00f3 prim\u00e0ria<\/span><span dir=\"ltr\" role=\"presentation\">,<\/span> <span dir=\"ltr\" role=\"presentation\">prosa<\/span><\/span><span id=\"page117R_mcid6\" class=\"markedContent\"><br role=\"presentation\" \/><span dir=\"ltr\" role=\"presentation\">\u25cf<\/span> <span dir=\"ltr\" role=\"presentation\">A2. Alumnat del cicle inicial d&#8217;educaci\u00f3 prim\u00e0ria<\/span><span dir=\"ltr\" role=\"presentation\">,<\/span> <span dir=\"ltr\" role=\"presentation\">poesia<\/span><\/span><span id=\"page117R_mcid7\" class=\"markedContent\"><br role=\"presentation\" \/><span dir=\"ltr\" role=\"presentation\">\u25cf<\/span> <span dir=\"ltr\" role=\"presentation\">B1. Alumnat del cicle mitj\u00e0 d&#8217;educaci\u00f3 prim\u00e0ria<\/span><span dir=\"ltr\" role=\"presentation\">,<\/span> <span dir=\"ltr\" role=\"presentation\">prosa<\/span><\/span><span id=\"page117R_mcid8\" class=\"markedContent\"><br role=\"presentation\" \/><span dir=\"ltr\" role=\"presentation\">\u25cf<\/span> <span dir=\"ltr\" role=\"presentation\">B2. Alumnat del cicle mitj\u00e0 d&#8217;educaci\u00f3 prim\u00e0ria<\/span><span dir=\"ltr\" role=\"presentation\">,<\/span> <span dir=\"ltr\" role=\"presentation\">poesia<\/span><\/span><span id=\"page117R_mcid9\" class=\"markedContent\"><br role=\"presentation\" \/><span dir=\"ltr\" role=\"presentation\">\u25cf<\/span> <span dir=\"ltr\" role=\"presentation\">C1. Alumnat del cicle super<\/span><span dir=\"ltr\" role=\"presentation\">ior d&#8217;educaci\u00f3 prim\u00e0ria<\/span><span dir=\"ltr\" role=\"presentation\">,<\/span> <span dir=\"ltr\" role=\"presentation\">prosa<\/span><\/span><span id=\"page117R_mcid10\" class=\"markedContent\"><br role=\"presentation\" \/><span dir=\"ltr\" role=\"presentation\">\u25cf<\/span> <span dir=\"ltr\" role=\"presentation\">C2. Alumnat del cicle superior d&#8217;educaci\u00f3 prim\u00e0ria<\/span><span dir=\"ltr\" role=\"presentation\">,<\/span> <span dir=\"ltr\" role=\"presentation\">poesia<\/span><\/span><span id=\"page117R_mcid11\" class=\"markedContent\"><br role=\"presentation\" \/><span dir=\"ltr\" role=\"presentation\">\u25cf<\/span> <span dir=\"ltr\" role=\"presentation\">D1. Alumnat amb necessitats educatives de suport educatiu<\/span><span dir=\"ltr\" role=\"presentation\">,<\/span> <span dir=\"ltr\" role=\"presentation\">d&#8217;educaci\u00f3 <\/span><span dir=\"ltr\" role=\"presentation\">prim\u00e0ria<\/span><span dir=\"ltr\" role=\"presentation\">,<\/span> <span dir=\"ltr\" role=\"presentation\">prosa<\/span><\/span><span id=\"page117R_mcid12\" class=\"markedContent\"><br role=\"presentation\" \/><span dir=\"ltr\" role=\"presentation\">\u25cf<\/span> <span dir=\"ltr\" role=\"presentation\">D2. Alumnat amb necessitats educatives de suport educatiu<\/span><span dir=\"ltr\" role=\"presentation\">,<\/span> <span dir=\"ltr\" role=\"presentation\">d&#8217;educaci\u00f3 <\/span><span dir=\"ltr\" role=\"presentation\">prim\u00e0r<\/span><span dir=\"ltr\" role=\"presentation\">ia<\/span><span dir=\"ltr\" role=\"presentation\">,<\/span> <span dir=\"ltr\" role=\"presentation\">poesia<\/span><\/span><span id=\"page117R_mcid13\" class=\"markedContent\"><br role=\"presentation\" \/><span dir=\"ltr\" role=\"presentation\">\u25cf<\/span> <span dir=\"ltr\" role=\"presentation\">E1. Alumnat amb necessitats educatives de suport educatiu<\/span><span dir=\"ltr\" role=\"presentation\">,<\/span> <span dir=\"ltr\" role=\"presentation\">d&#8217;educaci\u00f3 <\/span><span dir=\"ltr\" role=\"presentation\">secund\u00e0ria obligat\u00f2ria<\/span><span dir=\"ltr\" role=\"presentation\">,<\/span> <span dir=\"ltr\" role=\"presentation\">prosa<\/span><\/span><span id=\"page117R_mcid14\" class=\"markedContent\"><br role=\"presentation\" \/><span dir=\"ltr\" role=\"presentation\">\u25cf<\/span> <span dir=\"ltr\" role=\"presentation\">E2. Alumnat amb necessitats educatives de suport educatiu<\/span><span dir=\"ltr\" role=\"presentation\">,<\/span> <span dir=\"ltr\" role=\"presentation\">d&#8217;educaci\u00f3 <\/span><span dir=\"ltr\" role=\"presentation\">secund\u00e0ria obligat\u00f2ria<\/span><span dir=\"ltr\" role=\"presentation\">,<\/span> <span dir=\"ltr\" role=\"presentation\">poesia<\/span><\/span><span id=\"page117R_mcid15\" class=\"markedContent\"><br role=\"presentation\" \/><span dir=\"ltr\" role=\"presentation\">\u25cf<\/span> <span dir=\"ltr\" role=\"presentation\">F1. Alumnat de 1r i 2n d&#8217;educaci\u00f3 secund\u00e0r<\/span><span dir=\"ltr\" role=\"presentation\">ia obligat\u00f2ria<\/span><span dir=\"ltr\" role=\"presentation\">,<\/span> <span dir=\"ltr\" role=\"presentation\">prosa<\/span><\/span><span id=\"page117R_mcid16\" class=\"markedContent\"><br role=\"presentation\" \/><span dir=\"ltr\" role=\"presentation\">\u25cf<\/span> <span dir=\"ltr\" role=\"presentation\">F2. Alumnat de 1r i 2n d&#8217;educaci\u00f3 secund\u00e0ria obligat\u00f2ria<\/span><span dir=\"ltr\" role=\"presentation\">,<\/span> <span dir=\"ltr\" role=\"presentation\">poesia<\/span><\/span><span id=\"page117R_mcid17\" class=\"markedContent\"><br role=\"presentation\" \/><span dir=\"ltr\" role=\"presentation\">\u25cf<\/span> <span dir=\"ltr\" role=\"presentation\">G1. Alumnat de 3r i 4t d&#8217;educaci\u00f3 secund\u00e0ria obligat\u00f2ria<\/span><span dir=\"ltr\" role=\"presentation\">,<\/span> <span dir=\"ltr\" role=\"presentation\">prosa<\/span><\/span><span id=\"page117R_mcid18\" class=\"markedContent\"><br role=\"presentation\" \/><span dir=\"ltr\" role=\"presentation\">\u25cf<\/span> <span dir=\"ltr\" role=\"presentation\">G2. Alumnat de 3r i 4t d&#8217;educaci\u00f3 secund\u00e0ria obligat\u00f2ria<\/span><span dir=\"ltr\" role=\"presentation\">,<\/span> <span dir=\"ltr\" role=\"presentation\">poesia<\/span><\/span><span id=\"page117R_mcid19\" class=\"markedContent\"><br role=\"presentation\" \/><span dir=\"ltr\" role=\"presentation\">\u25cf<\/span> <span dir=\"ltr\" role=\"presentation\">H. Conte audiovisual i il\u00b7lustrat per a<\/span> <span dir=\"ltr\" role=\"presentation\">tot l\u2019alumnat de prim\u00e0ria<\/span><\/span><\/p>\n<p><a href=\"https:\/\/xtec.gencat.cat\/web\/.content\/centres\/alscentres\/premis\/jocsflorals\/2425\/Bases-dels-XII-contes-audiovisuals-2025.pdf\">Bases espec\u00edfiques categoria H: Conte audiovisual il\u00b7lustrat<\/a><span id=\"m_5287265893748671467gmail-docs-internal-guid-b9ef8b60-1337-812c-63ef-147a0e43ea2e\"><\/span><\/p>\n<p><strong>Terminis<\/strong>:<\/p>\n<p>Cal lliurar els treballs a l&#8217;adre\u00e7a del CRP : <a href=\"mailto:e3990102@xtec.cat\">e3990102@xtec.cat<\/a> <strong>abans del 10 d&#8217;abril de 2025.<\/strong><\/p>\n<p>El <strong>23 de maig de 2025<\/strong>, a les <strong>10.00 h<\/strong>, tindr\u00e0 lloc la f<span class=\"S1PPyQ\">inal Territorial dels Jocs Florals a la sala de les Corts Catalanes, a la pla\u00e7a de Sant Francesc de<strong> Montblanc<\/strong>.<\/span><\/p>\n<p>Acte de proclamaci\u00f3 i lliurament dels guardons XI Jocs Florals Escolars de Catalunya: <strong>dissabte, 14 de juny de 2025\u00a0<\/strong>a INEFC Catalunya, Barcelona.<\/p>\n<p>Podeu consultar la p\u00e0gina web dels<a href=\"https:\/\/xtec.gencat.cat\/ca\/centres\/premis-i-concursos\/jocsflorals\/2324\/\" target=\"_blank\" rel=\"noopener noreferrer\"> Jocs Florals<\/a>. Hi trobareu tot all\u00f2 referent a les anteriors edicions; aix\u00ed com materials i recursos.<\/p>\n","protected":false},"excerpt":{"rendered":"<p>La convocat\u00f2ria dels Jocs Florals Escolars de Catalunya s\u2019adre\u00e7a als centres d\u2019educaci\u00f3 prim\u00e0ria i educaci\u00f3 secund\u00e0ria obligat\u00f2ria amb la finalitat d\u2019estimular l\u2019expressi\u00f3 escrita de l\u2019alumnat, aprofitant una tradici\u00f3 cultural ben arrelada a Catalunya que molts centres escolars de fet ja celebren als seus municipis o comarques. Bases dels X Jocs Florals Escolars de Catalunya El [&hellip;]<\/p>\n","protected":false},"author":1,"featured_media":0,"parent":13543,"menu_order":0,"comment_status":"closed","ping_status":"closed","template":"page-templates\/side-menu.php","meta":{"_bbp_topic_count":0,"_bbp_reply_count":0,"_bbp_total_topic_count":0,"_bbp_total_reply_count":0,"_bbp_voice_count":0,"_bbp_anonymous_reply_count":0,"_bbp_topic_count_hidden":0,"_bbp_reply_count_hidden":0,"_bbp_forum_subforum_count":0,"site-sidebar-layout":"default","site-content-layout":"","ast-site-content-layout":"","site-content-style":"default","site-sidebar-style":"default","ast-global-header-display":"","ast-banner-title-visibility":"","ast-main-header-display":"","ast-hfb-above-header-display":"","ast-hfb-below-header-display":"","ast-hfb-mobile-header-display":"","site-post-title":"","ast-breadcrumbs-content":"","ast-featured-img":"","footer-sml-layout":"","theme-transparent-header-meta":"","adv-header-id-meta":"","stick-header-meta":"","header-above-stick-meta":"","header-main-stick-meta":"","header-below-stick-meta":"","astra-migrate-meta-layouts":"default","ast-page-background-enabled":"default","ast-page-background-meta":{"desktop":{"background-color":"var(--ast-global-color-4)","background-image":"","background-repeat":"repeat","background-position":"center center","background-size":"auto","background-attachment":"scroll","background-type":"","background-media":"","overlay-type":"","overlay-color":"","overlay-opacity":"","overlay-gradient":""},"tablet":{"background-color":"","background-image":"","background-repeat":"repeat","background-position":"center center","background-size":"auto","background-attachment":"scroll","background-type":"","background-media":"","overlay-type":"","overlay-color":"","overlay-opacity":"","overlay-gradient":""},"mobile":{"background-color":"","background-image":"","background-repeat":"repeat","background-position":"center center","background-size":"auto","background-attachment":"scroll","background-type":"","background-media":"","overlay-type":"","overlay-color":"","overlay-opacity":"","overlay-gradient":""}},"ast-content-background-meta":{"desktop":{"background-color":"var(--ast-global-color-5)","background-image":"","background-repeat":"repeat","background-position":"center center","background-size":"auto","background-attachment":"scroll","background-type":"","background-media":"","overlay-type":"","overlay-color":"","overlay-opacity":"","overlay-gradient":""},"tablet":{"background-color":"var(--ast-global-color-5)","background-image":"","background-repeat":"repeat","background-position":"center center","background-size":"auto","background-attachment":"scroll","background-type":"","background-media":"","overlay-type":"","overlay-color":"","overlay-opacity":"","overlay-gradient":""},"mobile":{"background-color":"var(--ast-global-color-5)","background-image":"","background-repeat":"repeat","background-position":"center center","background-size":"auto","background-attachment":"scroll","background-type":"","background-media":"","overlay-type":"","overlay-color":"","overlay-opacity":"","overlay-gradient":""}},"footnotes":""},"class_list":["post-4146","page","type-page","status-publish","hentry"],"post_mailing_queue_ids":[],"_links":{"self":[{"href":"https:\/\/serveiseducatius.xtec.cat\/baixcamp\/wp-json\/wp\/v2\/pages\/4146","targetHints":{"allow":["GET"]}}],"collection":[{"href":"https:\/\/serveiseducatius.xtec.cat\/baixcamp\/wp-json\/wp\/v2\/pages"}],"about":[{"href":"https:\/\/serveiseducatius.xtec.cat\/baixcamp\/wp-json\/wp\/v2\/types\/page"}],"author":[{"embeddable":true,"href":"https:\/\/serveiseducatius.xtec.cat\/baixcamp\/wp-json\/wp\/v2\/users\/1"}],"replies":[{"embeddable":true,"href":"https:\/\/serveiseducatius.xtec.cat\/baixcamp\/wp-json\/wp\/v2\/comments?post=4146"}],"version-history":[{"count":5,"href":"https:\/\/serveiseducatius.xtec.cat\/baixcamp\/wp-json\/wp\/v2\/pages\/4146\/revisions"}],"predecessor-version":[{"id":15932,"href":"https:\/\/serveiseducatius.xtec.cat\/baixcamp\/wp-json\/wp\/v2\/pages\/4146\/revisions\/15932"}],"up":[{"embeddable":true,"href":"https:\/\/serveiseducatius.xtec.cat\/baixcamp\/wp-json\/wp\/v2\/pages\/13543"}],"wp:attachment":[{"href":"https:\/\/serveiseducatius.xtec.cat\/baixcamp\/wp-json\/wp\/v2\/media?parent=4146"}],"curies":[{"name":"wp","href":"https:\/\/api.w.org\/{rel}","templated":true}]}}