{"id":3957,"date":"2017-01-25T13:36:21","date_gmt":"2017-01-25T12:36:21","guid":{"rendered":"http:\/\/serveiseducatius.xtec.cat\/baixcamp\/?page_id=3957"},"modified":"2026-03-27T13:11:54","modified_gmt":"2026-03-27T12:11:54","slug":"mostra-de-lectura-en-veu-alta","status":"publish","type":"page","link":"https:\/\/serveiseducatius.xtec.cat\/baixcamp\/dinamitzacions\/mostra-de-lectura-en-veu-alta\/","title":{"rendered":"Mostra de Faristols Menuts"},"content":{"rendered":"<p><strong><span style=\"color: #993366;\"><img loading=\"lazy\" decoding=\"async\" class=\"alignleft  wp-image-16501\" src=\"https:\/\/serveiseducatius.xtec.cat\/baixcamp\/wp-content\/uploads\/usu950\/2026\/01\/logo_faristols_menuts2-600x597.png\" alt=\"\" width=\"273\" height=\"271\" srcset=\"https:\/\/serveiseducatius.xtec.cat\/baixcamp\/wp-content\/uploads\/usu950\/2026\/01\/logo_faristols_menuts2-600x597.png 600w, https:\/\/serveiseducatius.xtec.cat\/baixcamp\/wp-content\/uploads\/usu950\/2026\/01\/logo_faristols_menuts2-300x298.png 300w, https:\/\/serveiseducatius.xtec.cat\/baixcamp\/wp-content\/uploads\/usu950\/2026\/01\/logo_faristols_menuts2-150x150.png 150w, https:\/\/serveiseducatius.xtec.cat\/baixcamp\/wp-content\/uploads\/usu950\/2026\/01\/logo_faristols_menuts2-768x764.png 768w, https:\/\/serveiseducatius.xtec.cat\/baixcamp\/wp-content\/uploads\/usu950\/2026\/01\/logo_faristols_menuts2.png 865w\" sizes=\"auto, (max-width: 273px) 100vw, 273px\" \/>Qu\u00e8 \u00e9s?<\/span><\/strong><\/p>\n<p>\u00c9s una activitat educativa en llengua catalana sobre compet\u00e8ncia lectora organitzada pel CRP Baix Camp amb la col\u00b7laboraci\u00f3 del Centre de Lectura de Reus.<\/p>\n<p>La XIV Mostra de Faristols Menuts sorgeix de la necessitat de donar projecci\u00f3 a la feina que es duu a terme en els centres al voltant del <strong>proc\u00e9s d&#8217;aprenentatge lector de l&#8217;alumnat m\u00e9s petit i amb necessitats educatives espec\u00edfiques<\/strong>. Durant el curs 2011-2012, s&#8217;endega com a projecte impulsor de la lectura menuda i alhora inclusiva.<\/p>\n<p><span style=\"font-weight: 400;\">La <\/span><b>Comissi\u00f3 de la XIV Mostra de Faristols Menuts<\/b><span style=\"font-weight: 400;\"> fa una tria de les lectures a partir d\u2019una s\u00e8rie de propostes liter\u00e0ries. Enguany s&#8217;han tingut en compte les efem\u00e8rides tant de l\u2019\u00e0mbit catal\u00e0 com internacional de l\u2019any 2026 (consulteu la presentaci\u00f3).<\/span><\/p>\n<p><span style=\"color: #993366;\"><strong>Qui pot participar-hi?<\/strong><\/span><\/p>\n<div>\n<p>L&#8217;alumnat de cicle inicial i d&#8217;educaci\u00f3 especial de tots els centres de la comarca del Baix Camp (m\u00e0xim de 2 representants per cada grup classe en l&#8217;alumnat de cicle inicial).<\/p>\n<p>En la categoria d\u2019educaci\u00f3 especial, hi pot participar l\u2019alumnat que presenta dificultats significatives i persistents\u00a0<b>en la descodificaci\u00f3 del proc\u00e9s lector<\/b>\u00a0(reconeixement de sons, grafies, paraules o flu\u00efdesa) i\u00a0que aquestes dificultats\u00a0interfereixin de manera clara en l\u2019acc\u00e9s a la lectura funcional, indistintament que aquesta dificultat es derivi d&#8217;una NESE o NEE.<\/p>\n<\/div>\n<p><span style=\"color: #993366;\"><strong>Quan se celebra?<\/strong><\/span><\/p>\n<div>\n<p>Del 13 al 20 d&#8217;abril de 2026 (consulteu el calendari de participaci\u00f3 dels centres educatius)<\/p>\n<p><span style=\"color: #993366;\"><strong>On se celebra?<\/strong><\/span><\/p>\n<p>Celebrarem l&#8217;acte a la Sala <span style=\"font-weight: 400;\">Emili Argilaga<\/span> del<strong> Centre de Lectura de Reus a les 10 h del mat\u00ed.<\/strong><\/p>\n<p><span style=\"color: #993366;\"><strong>Com \u00e9s l&#8217;acte?<\/strong><\/span><\/p>\n<p>L&#8217;acte s&#8217;inicia a les 10\u202fh, es dona la benvinguda a tots els participants a qui se&#8217;ls assigna l&#8217;ordre de la lectura (segons determina la comissi\u00f3 organitzadora).<\/p>\n<p>Acabades les lectures de cada torn, s&#8217;agraeix i es felicita els lectors que reben un detall de reconeixement.<\/p>\n<\/div>\n<p><span style=\"color: #993366;\"><strong>Qui acompanya l&#8217;alumnat a l&#8217;acte?<\/strong><\/span><\/p>\n<p><span style=\"font-weight: 400;\">L\u2019alumnat ve acompanyat per un docent del centre (1 o 2 familiars segons l\u2019aforament disponible de la sala).<\/span><\/p>\n<p><span style=\"color: #993366;\"><strong>Quan s\u00f3n les inscripcions?<\/strong><\/span><\/p>\n<p>Les inscripcions s\u00f3n del <strong>12 de gener fins al 5 de febrer de 2026 <\/strong>i es poden realitzar\u00a0a trav\u00e9s del\u00a0<a href=\"https:\/\/forms.gle\/HicJ2uRY9aYCW9g96\">Formulari<\/a>.<\/p>\n<p><span style=\"color: #993366;\"><strong>Qui tria la lectura de l&#8217;acte?<\/strong><\/span><\/p>\n<p>Es crea una comissi\u00f3 participativa que tria diferents propostes de lectura per a l&#8217;acte i que, de forma consensuada, escull el t\u00edtol d&#8217;una escriptora o escriptor juvenil i en fa l&#8217;adaptaci\u00f3.<\/p>\n<p><span style=\"color: #993366;\"><strong>Quin \u00e9s el calendari de participaci\u00f3 dels centres educatius?<\/strong><\/span><\/p>\n<p>El calendari de participaci\u00f3 dels centres a la XIV Mostra de Faristols Menuts <strong>es publicar\u00e0 pr\u00f2ximament.<\/strong><\/p>\n<p><span style=\"color: #993366;\"><strong style=\"font-size: revert;\">Quina lectura es llegeix?<\/strong><\/span><\/p>\n<p>La lectura que es llegeix a l&#8217;acte es fa arribar als centres i als coordinadors de l&#8217;activitat el <strong>13 de mar\u00e7<\/strong><b> de 2026. <\/b>Tamb\u00e9 les podeu trobar en aquests enlla\u00e7os:<\/p>\n<p>Dossier pdf de cicle inicial 2026<\/p>\n<p>Dossier pdf de lectura f\u00e0cil CEE 2026<\/p>\n<p>Per a qualsevol aclariment podreu adre\u00e7ar-vos al correu del CRP: <a href=\"http:\/\/e3990102@xtec.cat\u200b\">e3990102@xtec.cat\u200b<\/a><\/p>\n<div>\n<div class=\"gmail_default\">\n<div id=\"blink\">\n<div class=\"gmail_default\">\n<div class=\"gmail_default\">\u00a0<\/div>\n<\/div>\n<\/div>\n<\/div>\n<\/div>\n\n\n<div data-wp-interactive=\"core\/file\" class=\"wp-block-file\"><object data-wp-bind--hidden=\"!state.hasPdfPreview\" hidden class=\"wp-block-file__embed\" data=\"https:\/\/serveiseducatius.xtec.cat\/baixcamp\/wp-content\/uploads\/usu950\/2026\/03\/dossier_textos_CICLE_INICIAL_mostra_faristols_menuts_2026.pdf\" type=\"application\/pdf\" style=\"width:100%;height:600px\" aria-label=\"Incrustaci\u00f3 del fitxer dossier_textos_CICLE_INICIAL_mostra_faristols_menuts_2026.\"><\/object><a id=\"wp-block-file--media-81c9f595-190d-4e46-8f6c-2d5996e7dc94\" href=\"https:\/\/serveiseducatius.xtec.cat\/baixcamp\/wp-content\/uploads\/usu950\/2026\/03\/dossier_textos_CICLE_INICIAL_mostra_faristols_menuts_2026.pdf\">dossier_textos_CICLE_INICIAL_mostra_faristols_menuts_2026<\/a><a href=\"https:\/\/serveiseducatius.xtec.cat\/baixcamp\/wp-content\/uploads\/usu950\/2026\/03\/dossier_textos_CICLE_INICIAL_mostra_faristols_menuts_2026.pdf\" class=\"wp-block-file__button wp-element-button\" download aria-describedby=\"wp-block-file--media-81c9f595-190d-4e46-8f6c-2d5996e7dc94\">Baixa<\/a><\/div>\n\n\n\n<div data-wp-interactive=\"core\/file\" class=\"wp-block-file\"><object data-wp-bind--hidden=\"!state.hasPdfPreview\" hidden class=\"wp-block-file__embed\" data=\"https:\/\/serveiseducatius.xtec.cat\/baixcamp\/wp-content\/uploads\/usu950\/2026\/03\/dossier_lectura_facil_CEE_mostra_faristols_menuts_2026.pdf\" type=\"application\/pdf\" style=\"width:100%;height:600px\" aria-label=\"Incrustaci\u00f3 del fitxer dossier_lectura_facil_CEE_mostra_faristols_menuts_2026.\"><\/object><a id=\"wp-block-file--media-9f673a02-863e-4173-a0d1-d95a39e6d88c\" href=\"https:\/\/serveiseducatius.xtec.cat\/baixcamp\/wp-content\/uploads\/usu950\/2026\/03\/dossier_lectura_facil_CEE_mostra_faristols_menuts_2026.pdf\">dossier_lectura_facil_CEE_mostra_faristols_menuts_2026<\/a><a href=\"https:\/\/serveiseducatius.xtec.cat\/baixcamp\/wp-content\/uploads\/usu950\/2026\/03\/dossier_lectura_facil_CEE_mostra_faristols_menuts_2026.pdf\" class=\"wp-block-file__button wp-element-button\" download aria-describedby=\"wp-block-file--media-9f673a02-863e-4173-a0d1-d95a39e6d88c\">Baixa<\/a><\/div>\n\n\n\n<figure class=\"wp-block-image size-large\"><img loading=\"lazy\" decoding=\"async\" width=\"600\" height=\"600\" src=\"https:\/\/serveiseducatius.xtec.cat\/baixcamp\/wp-content\/uploads\/usu950\/2026\/03\/calendari-XIV-Mostra-Faristols-Menuts-1-600x600.png\" alt=\"\" class=\"wp-image-16784\" srcset=\"https:\/\/serveiseducatius.xtec.cat\/baixcamp\/wp-content\/uploads\/usu950\/2026\/03\/calendari-XIV-Mostra-Faristols-Menuts-1-600x600.png 600w, https:\/\/serveiseducatius.xtec.cat\/baixcamp\/wp-content\/uploads\/usu950\/2026\/03\/calendari-XIV-Mostra-Faristols-Menuts-1-300x300.png 300w, https:\/\/serveiseducatius.xtec.cat\/baixcamp\/wp-content\/uploads\/usu950\/2026\/03\/calendari-XIV-Mostra-Faristols-Menuts-1-150x150.png 150w, https:\/\/serveiseducatius.xtec.cat\/baixcamp\/wp-content\/uploads\/usu950\/2026\/03\/calendari-XIV-Mostra-Faristols-Menuts-1-768x768.png 768w, https:\/\/serveiseducatius.xtec.cat\/baixcamp\/wp-content\/uploads\/usu950\/2026\/03\/calendari-XIV-Mostra-Faristols-Menuts-1.png 1080w\" sizes=\"auto, (max-width: 600px) 100vw, 600px\" \/><\/figure>\n","protected":false},"excerpt":{"rendered":"<p>Qu\u00e8 \u00e9s? \u00c9s una activitat educativa en llengua catalana sobre compet\u00e8ncia lectora organitzada pel CRP Baix Camp amb la col\u00b7laboraci\u00f3 del Centre de Lectura de Reus. La XIV Mostra de Faristols Menuts sorgeix de la necessitat de donar projecci\u00f3 a la feina que es duu a terme en els centres al voltant del proc\u00e9s d&#8217;aprenentatge [&hellip;]<\/p>\n","protected":false},"author":1,"featured_media":0,"parent":13543,"menu_order":0,"comment_status":"closed","ping_status":"closed","template":"page-templates\/side-menu.php","meta":{"_bbp_topic_count":0,"_bbp_reply_count":0,"_bbp_total_topic_count":0,"_bbp_total_reply_count":0,"_bbp_voice_count":0,"_bbp_anonymous_reply_count":0,"_bbp_topic_count_hidden":0,"_bbp_reply_count_hidden":0,"_bbp_forum_subforum_count":0,"site-sidebar-layout":"default","site-content-layout":"","ast-site-content-layout":"default","site-content-style":"default","site-sidebar-style":"default","ast-global-header-display":"","ast-banner-title-visibility":"","ast-main-header-display":"","ast-hfb-above-header-display":"","ast-hfb-below-header-display":"","ast-hfb-mobile-header-display":"","site-post-title":"","ast-breadcrumbs-content":"","ast-featured-img":"","footer-sml-layout":"","theme-transparent-header-meta":"","adv-header-id-meta":"","stick-header-meta":"","header-above-stick-meta":"","header-main-stick-meta":"","header-below-stick-meta":"","astra-migrate-meta-layouts":"set","ast-page-background-enabled":"default","ast-page-background-meta":{"desktop":{"background-color":"var(--ast-global-color-4)","background-image":"","background-repeat":"repeat","background-position":"center center","background-size":"auto","background-attachment":"scroll","background-type":"","background-media":"","overlay-type":"","overlay-color":"","overlay-opacity":"","overlay-gradient":""},"tablet":{"background-color":"","background-image":"","background-repeat":"repeat","background-position":"center center","background-size":"auto","background-attachment":"scroll","background-type":"","background-media":"","overlay-type":"","overlay-color":"","overlay-opacity":"","overlay-gradient":""},"mobile":{"background-color":"","background-image":"","background-repeat":"repeat","background-position":"center center","background-size":"auto","background-attachment":"scroll","background-type":"","background-media":"","overlay-type":"","overlay-color":"","overlay-opacity":"","overlay-gradient":""}},"ast-content-background-meta":{"desktop":{"background-color":"var(--ast-global-color-5)","background-image":"","background-repeat":"repeat","background-position":"center center","background-size":"auto","background-attachment":"scroll","background-type":"","background-media":"","overlay-type":"","overlay-color":"","overlay-opacity":"","overlay-gradient":""},"tablet":{"background-color":"var(--ast-global-color-5)","background-image":"","background-repeat":"repeat","background-position":"center center","background-size":"auto","background-attachment":"scroll","background-type":"","background-media":"","overlay-type":"","overlay-color":"","overlay-opacity":"","overlay-gradient":""},"mobile":{"background-color":"var(--ast-global-color-5)","background-image":"","background-repeat":"repeat","background-position":"center center","background-size":"auto","background-attachment":"scroll","background-type":"","background-media":"","overlay-type":"","overlay-color":"","overlay-opacity":"","overlay-gradient":""}},"footnotes":""},"class_list":["post-3957","page","type-page","status-publish","hentry"],"post_mailing_queue_ids":[],"_links":{"self":[{"href":"https:\/\/serveiseducatius.xtec.cat\/baixcamp\/wp-json\/wp\/v2\/pages\/3957","targetHints":{"allow":["GET"]}}],"collection":[{"href":"https:\/\/serveiseducatius.xtec.cat\/baixcamp\/wp-json\/wp\/v2\/pages"}],"about":[{"href":"https:\/\/serveiseducatius.xtec.cat\/baixcamp\/wp-json\/wp\/v2\/types\/page"}],"author":[{"embeddable":true,"href":"https:\/\/serveiseducatius.xtec.cat\/baixcamp\/wp-json\/wp\/v2\/users\/1"}],"replies":[{"embeddable":true,"href":"https:\/\/serveiseducatius.xtec.cat\/baixcamp\/wp-json\/wp\/v2\/comments?post=3957"}],"version-history":[{"count":7,"href":"https:\/\/serveiseducatius.xtec.cat\/baixcamp\/wp-json\/wp\/v2\/pages\/3957\/revisions"}],"predecessor-version":[{"id":16786,"href":"https:\/\/serveiseducatius.xtec.cat\/baixcamp\/wp-json\/wp\/v2\/pages\/3957\/revisions\/16786"}],"up":[{"embeddable":true,"href":"https:\/\/serveiseducatius.xtec.cat\/baixcamp\/wp-json\/wp\/v2\/pages\/13543"}],"wp:attachment":[{"href":"https:\/\/serveiseducatius.xtec.cat\/baixcamp\/wp-json\/wp\/v2\/media?parent=3957"}],"curies":[{"name":"wp","href":"https:\/\/api.w.org\/{rel}","templated":true}]}}