{"id":3758,"date":"2017-01-18T19:34:06","date_gmt":"2017-01-18T18:34:06","guid":{"rendered":"http:\/\/serveiseducatius.xtec.cat\/baixcamp\/?page_id=3758"},"modified":"2020-03-25T22:34:22","modified_gmt":"2020-03-25T21:34:22","slug":"el-que-fan-els-centres","status":"publish","type":"page","link":"https:\/\/serveiseducatius.xtec.cat\/baixcamp\/el-que-fan-els-centres\/","title":{"rendered":"El que fan els centres"},"content":{"rendered":"<p>Podeu veure el que fan els centres de la nostra zona mitjan\u00e7ant les seves p\u00e0gines web:<\/p>\n<table style=\"height: 1747px; border-color: #ffffff; width: 52.164%;\" width=\"0\">\n<tbody>\n<tr style=\"height: 33px;\">\n<td style=\"height: 33px; border-color: #ffffff; width: 50%;\" width=\"247\"><u><a href=\"http:\/\/agora.xtec.cat\/cfa-rosadelsvents-cambrils\">CFA Rosa dels Vents<\/a><\/u><\/td>\n<td style=\"height: 33px; border-color: #ffffff; width: 50%;\" width=\"415\">Cambrils<\/td>\n<\/tr>\n<tr style=\"height: 33px;\">\n<td style=\"height: 33px; border-color: #ffffff; width: 50%;\" width=\"247\"><u><a href=\"http:\/\/agora.xtec.cat\/escjoanardevol\">ESC Joan Ard\u00e8vol<\/a><\/u><\/td>\n<td style=\"height: 33px; border-color: #ffffff; width: 50%;\" width=\"415\">Cambrils<\/td>\n<\/tr>\n<tr style=\"height: 33px;\">\n<td style=\"height: 33px; border-color: #ffffff; width: 50%;\" width=\"247\"><u><a href=\"http:\/\/agora.xtec.cat\/escguillemfortuny\">Escola Guillem Fortuny<\/a><\/u><\/td>\n<td style=\"height: 33px; border-color: #ffffff; width: 50%;\" width=\"415\">Cambrils<\/td>\n<\/tr>\n<tr style=\"height: 33px;\">\n<td style=\"height: 33px; border-color: #ffffff; width: 36.9018%;\" width=\"247\"><u><a href=\"http:\/\/agora.xtec.cat\/ieslamardelafrau\">INS La Mar de la Frau<\/a><\/u><\/td>\n<td style=\"height: 33px; border-color: #ffffff; width: 62.0907%;\" width=\"415\">Cambrils<\/td>\n<\/tr>\n<tr style=\"height: 33px;\">\n<td style=\"height: 33px; border-color: #ffffff; width: 36.9018%;\" width=\"247\"><u><a href=\"http:\/\/agora.xtec.cat\/iescambrils\">Institut Cambrils<\/a><\/u><\/td>\n<td style=\"height: 33px; border-color: #ffffff; width: 62.0907%;\" width=\"415\">Cambrils<\/td>\n<\/tr>\n<tr style=\"height: 33px;\">\n<td style=\"height: 33px; border-color: #ffffff; width: 36.9018%;\" width=\"247\"><u><a href=\"http:\/\/agora.xtec.cat\/ies-rbiv-cambrils\">Institut Ramon Berenguer IV<\/a><\/u><\/td>\n<td style=\"height: 33px; border-color: #ffffff; width: 62.0907%;\" width=\"415\">Cambrils<\/td>\n<\/tr>\n<tr style=\"height: 33px;\">\n<td style=\"height: 33px; border-color: #ffffff; width: 36.9018%;\" width=\"247\"><u><a href=\"http:\/\/agora.xtec.cat\/ceip-santa-anna-castellvell\">Escola Santa Anna<\/a><\/u><\/td>\n<td style=\"height: 33px; border-color: #ffffff; width: 62.0907%;\" width=\"415\">Castellvell del Camp<\/td>\n<\/tr>\n<tr style=\"height: 33px;\">\n<td style=\"height: 33px; border-color: #ffffff; width: 36.9018%;\" width=\"247\"><u><a href=\"http:\/\/agora.xtec.cat\/escola-abelferrater\">Escola Abel Ferrater<\/a><\/u><\/td>\n<td style=\"height: 33px; border-color: #ffffff; width: 62.0907%;\" width=\"415\">La Selva del Camp<\/td>\n<\/tr>\n<tr style=\"height: 33px;\">\n<td style=\"height: 33px; border-color: #ffffff; width: 36.9018%;\" width=\"247\"><u><a href=\"http:\/\/agora.xtec.cat\/sesjoanpuigiferreter\">INS Joan Puig i Ferreter<\/a><\/u><\/td>\n<td style=\"height: 33px; border-color: #ffffff; width: 62.0907%;\" width=\"415\">La Selva del Camp<\/td>\n<\/tr>\n<tr style=\"height: 33px;\">\n<td style=\"height: 33px; border-color: #ffffff; width: 36.9018%;\" width=\"247\"><u><a href=\"http:\/\/agora.xtec.cat\/zer-baix-camp-nord\">ZER Baix Camp Nord<\/a><\/u><\/td>\n<td style=\"height: 33px; border-color: #ffffff; width: 62.0907%;\" width=\"415\">L&#8217;Aleixar<\/td>\n<\/tr>\n<tr style=\"height: 33px;\">\n<td style=\"height: 33px; border-color: #ffffff; width: 36.9018%;\" width=\"247\"><u><a href=\"http:\/\/agora.xtec.cat\/escolasantjulia\">Escola Sant Juli\u00e0<\/a><\/u><\/td>\n<td style=\"height: 33px; border-color: #ffffff; width: 62.0907%;\" width=\"415\">L&#8217;Arbo\u00e7<\/td>\n<\/tr>\n<tr style=\"height: 33px;\">\n<td style=\"height: 33px; border-color: #ffffff; width: 36.9018%;\" width=\"247\"><u><a href=\"http:\/\/agora.xtec.cat\/ceiprocabruna-lesborgesdelcamp\">Escola Rocabruna<\/a><\/u><\/td>\n<td style=\"height: 33px; border-color: #ffffff; width: 62.0907%;\" width=\"415\">Les Borges del Camp<\/td>\n<\/tr>\n<tr style=\"height: 33px;\">\n<td style=\"height: 33px; border-color: #ffffff; width: 36.9018%;\" width=\"247\"><u><a href=\"http:\/\/agora.xtec.cat\/iesfontanelles\">INS Fontanelles<\/a><\/u><\/td>\n<td style=\"height: 33px; border-color: #ffffff; width: 62.0907%;\" width=\"415\">Les Borges del Camp<\/td>\n<\/tr>\n<tr style=\"height: 33px;\">\n<td style=\"height: 33px; border-color: #ffffff; width: 36.9018%;\" width=\"247\"><u><a href=\"http:\/\/agora.xtec.cat\/ie-joanmiro\">Escola Joan Mir\u00f3<\/a><\/u><\/td>\n<td style=\"height: 33px; border-color: #ffffff; width: 62.0907%;\" width=\"415\">Mont-roig del Camp<\/td>\n<\/tr>\n<tr style=\"height: 33px;\">\n<td style=\"height: 33px; border-color: #ffffff; width: 36.9018%;\" width=\"247\"><u><a href=\"http:\/\/agora.xtec.cat\/escmarceli\">Escola Marcel\u00b7l\u00ed Esquius<\/a><\/u><\/td>\n<td style=\"height: 33px; border-color: #ffffff; width: 62.0907%;\" width=\"415\">Mont-roig del Camp<\/td>\n<\/tr>\n<tr style=\"height: 33px;\">\n<td style=\"height: 33px; border-color: #ffffff; width: 36.9018%;\" width=\"247\"><u><a href=\"http:\/\/agora.xtec.cat\/iesaballester\">Institut Antoni Ballester<\/a><\/u><\/td>\n<td style=\"height: 33px; border-color: #ffffff; width: 62.0907%;\" width=\"415\">Mont-roig del Camp<\/td>\n<\/tr>\n<tr style=\"height: 33px;\">\n<td style=\"height: 33px; border-color: #ffffff; width: 36.9018%;\" width=\"247\"><u><a href=\"http:\/\/agora.xtec.cat\/cfamaspelli\">CFA Mas Pellicer<\/a><\/u><\/td>\n<td style=\"height: 33px; border-color: #ffffff; width: 62.0907%;\" width=\"415\">Reus<\/td>\n<\/tr>\n<tr style=\"height: 33px;\">\n<td style=\"height: 33px; border-color: #ffffff; width: 36.9018%;\" width=\"247\"><u><a href=\"http:\/\/agora.xtec.cat\/ceip-celiaartiga\">Escola C\u00e8lia Artiga<\/a><\/u><\/td>\n<td style=\"height: 33px; border-color: #ffffff; width: 62.0907%;\" width=\"415\">Reus<\/td>\n<\/tr>\n<tr style=\"height: 33px;\">\n<td style=\"height: 33px; border-color: #ffffff; width: 36.9018%;\" width=\"247\"><u><a href=\"http:\/\/agora.xtec.cat\/ceipciutatdereus\">Escola Ciutat de Reus<\/a><\/u><\/td>\n<td style=\"height: 33px; border-color: #ffffff; width: 62.0907%;\" width=\"415\">Reus<\/td>\n<\/tr>\n<tr style=\"height: 33px;\">\n<td style=\"height: 33px; border-color: #ffffff; width: 36.9018%;\" width=\"247\"><u><a href=\"http:\/\/agora.xtec.cat\/ceip-alberich\">Escola Doctor Alberich i Casas<\/a><\/u><\/td>\n<td style=\"height: 33px; border-color: #ffffff; width: 62.0907%;\" width=\"415\">Reus<\/td>\n<\/tr>\n<tr style=\"height: 33px;\">\n<td style=\"height: 33px; border-color: #ffffff; width: 36.9018%;\" width=\"247\"><u><a href=\"http:\/\/agora.xtec.cat\/escola-elsganxets\">Escola Els Ganxets<\/a><\/u><\/td>\n<td style=\"height: 33px; border-color: #ffffff; width: 62.0907%;\" width=\"415\">Reus<\/td>\n<\/tr>\n<tr style=\"height: 33px;\">\n<td style=\"height: 33px; border-color: #ffffff; width: 36.9018%;\" width=\"247\"><u><a href=\"http:\/\/agora.xtec.cat\/ceip-general-prim-reus\">Escola General Prim<\/a><\/u><\/td>\n<td style=\"height: 33px; border-color: #ffffff; width: 62.0907%;\" width=\"415\">Reus<\/td>\n<\/tr>\n<tr style=\"height: 33px;\">\n<td style=\"height: 33px; border-color: #ffffff; width: 36.9018%;\" width=\"247\"><u><a href=\"http:\/\/agora.xtec.cat\/escola-isabel-besora\">Escola Isabel Besora<\/a><\/u><\/td>\n<td style=\"height: 33px; border-color: #ffffff; width: 62.0907%;\" width=\"415\">Reus<\/td>\n<\/tr>\n<tr style=\"height: 33px;\">\n<td style=\"height: 33px; border-color: #ffffff; width: 36.9018%;\" width=\"247\"><u><a href=\"http:\/\/agora.xtec.cat\/escola-lavitxeta\">Escola La Vitxeta<\/a><\/u><\/td>\n<td style=\"height: 33px; border-color: #ffffff; width: 62.0907%;\" width=\"415\">Reus<\/td>\n<\/tr>\n<tr style=\"height: 33px;\">\n<td style=\"height: 33px; border-color: #ffffff; width: 36.9018%;\" width=\"247\"><u><a href=\"http:\/\/agora.xtec.cat\/ceipmariafortuny\">Escola Mari\u00e0 Fortuny<\/a><\/u><\/td>\n<td style=\"height: 33px; border-color: #ffffff; width: 62.0907%;\" width=\"415\">Reus<\/td>\n<\/tr>\n<tr style=\"height: 33px;\">\n<td style=\"height: 33px; border-color: #ffffff; width: 36.9018%;\" width=\"247\"><u><a href=\"http:\/\/agora.xtec.cat\/ceipmisericordia-reus\">Escola Miseric\u00f2rdia<\/a><\/u><\/td>\n<td style=\"height: 33px; border-color: #ffffff; width: 62.0907%;\" width=\"415\">Reus<\/td>\n<\/tr>\n<tr style=\"height: 33px;\">\n<td style=\"height: 33px; border-color: #ffffff; width: 36.9018%;\" width=\"247\"><u><a href=\"http:\/\/agora.xtec.cat\/ceipmowgli\">Escola Mowgli<\/a><\/u><\/td>\n<td style=\"height: 33px; border-color: #ffffff; width: 62.0907%;\" width=\"415\">Reus<\/td>\n<\/tr>\n<tr style=\"height: 33px;\">\n<td style=\"height: 33px; border-color: #ffffff; width: 36.9018%;\" width=\"247\"><u><a href=\"http:\/\/agora.xtec.cat\/ceip-pratdelariba-reus\">Escola Prat de la Riba<\/a><\/u><\/td>\n<td style=\"height: 33px; border-color: #ffffff; width: 62.0907%;\" width=\"415\">Reus<\/td>\n<\/tr>\n<tr style=\"height: 33px;\">\n<td style=\"height: 33px; border-color: #ffffff; width: 36.9018%;\" width=\"247\"><u><a href=\"http:\/\/agora.xtec.cat\/ceip-sant-bernat-calbo-reus\">Escola Sant Bernat Calb\u00f3<\/a><\/u><\/td>\n<td style=\"height: 33px; border-color: #ffffff; width: 62.0907%;\" width=\"415\">Reus<\/td>\n<\/tr>\n<tr style=\"height: 33px;\">\n<td style=\"height: 33px; border-color: #ffffff; width: 36.9018%;\" width=\"247\"><u><a href=\"http:\/\/agora.xtec.cat\/ies-domenech-i-montaner-reus\">INS Llu\u00eds Dom\u00e8nech i Montaner<\/a><\/u><\/td>\n<td style=\"height: 33px; border-color: #ffffff; width: 62.0907%;\" width=\"415\">Reus<\/td>\n<\/tr>\n<tr style=\"height: 33px;\">\n<td style=\"height: 33px; border-color: #ffffff; width: 36.9018%;\" width=\"247\"><u><a href=\"http:\/\/agora.xtec.cat\/iessalvadorvilaseca\">INS Salvador Vilaseca<\/a><\/u><\/td>\n<td style=\"height: 33px; border-color: #ffffff; width: 62.0907%;\" width=\"415\">Reus<\/td>\n<\/tr>\n<tr style=\"height: 33px;\">\n<td style=\"height: 33px; border-color: #ffffff; width: 36.9018%;\" width=\"247\"><u><a href=\"http:\/\/agora.xtec.cat\/ie-pidelburgar\">Institut Escola Pi del Burgar<\/a><\/u><\/td>\n<td style=\"height: 33px; border-color: #ffffff; width: 62.0907%;\" width=\"415\">Reus<\/td>\n<\/tr>\n<tr style=\"height: 33px;\">\n<td style=\"height: 33px; border-color: #ffffff; width: 36.9018%;\" width=\"247\"><u><a href=\"http:\/\/agora.xtec.cat\/iesgabrielferrater\">Institut Gabriel Ferrater i Soler<\/a><\/u><\/td>\n<td style=\"height: 33px; border-color: #ffffff; width: 62.0907%;\" width=\"415\">Reus<\/td>\n<\/tr>\n<tr style=\"height: 33px;\">\n<td style=\"height: 33px; border-color: #ffffff; width: 36.9018%;\" width=\"247\"><u><a href=\"http:\/\/agora.xtec.cat\/iesgaudi\">Institut Gaud\u00ed<\/a><\/u><\/td>\n<td style=\"height: 33px; border-color: #ffffff; width: 62.0907%;\" width=\"415\">Reus<\/td>\n<\/tr>\n<tr style=\"height: 33px;\">\n<td style=\"height: 33px; border-color: #ffffff; width: 36.9018%;\" width=\"247\"><u><a href=\"http:\/\/agora.xtec.cat\/ieshortojardi\">Institut Horticultura i Jardineria<\/a><\/u><\/td>\n<td style=\"height: 33px; border-color: #ffffff; width: 62.0907%;\" width=\"415\">Reus<\/td>\n<\/tr>\n<tr style=\"height: 33px;\">\n<td style=\"height: 33px; border-color: #ffffff; width: 36.9018%;\" width=\"247\"><u><a href=\"http:\/\/agora.xtec.cat\/iesjtapiro\">Institut Josep Tapir\u00f3<\/a><\/u><\/td>\n<td style=\"height: 33px; border-color: #ffffff; width: 62.0907%;\" width=\"415\">Reus<\/td>\n<\/tr>\n<tr style=\"height: 33px;\">\n<td style=\"height: 33px; border-color: #ffffff; width: 36.9018%;\" width=\"247\"><u><a href=\"http:\/\/agora.xtec.cat\/insrosetamauri\">Institut Roseta Mauri<\/a><\/u><\/td>\n<td style=\"height: 33px; border-color: #ffffff; width: 62.0907%;\" width=\"415\">Reus<\/td>\n<\/tr>\n<tr style=\"height: 33px;\">\n<td style=\"height: 33px; border-color: #ffffff; width: 36.9018%;\" width=\"247\"><u><a href=\"http:\/\/agora.xtec.cat\/escmariacortina\">Maria Cortina<\/a><\/u><\/td>\n<td style=\"height: 33px; border-color: #ffffff; width: 62.0907%;\" width=\"415\">Reus<\/td>\n<\/tr>\n<tr style=\"height: 33px;\">\n<td style=\"height: 33px; border-color: #ffffff; width: 36.9018%;\" width=\"247\"><u><a href=\"http:\/\/agora.xtec.cat\/ceenostrasradelmar\">Ntra. Sra. del Mar<\/a><\/u><\/td>\n<td style=\"height: 33px; border-color: #ffffff; width: 62.0907%;\" width=\"415\">Reus<\/td>\n<\/tr>\n<tr style=\"height: 33px;\">\n<td style=\"height: 33px; border-color: #ffffff; width: 36.9018%;\" width=\"247\"><u><a href=\"http:\/\/agora.xtec.cat\/escolapuigcerver\">Puigcerver<\/a><\/u><\/td>\n<td style=\"height: 33px; border-color: #ffffff; width: 62.0907%;\" width=\"415\">Reus<\/td>\n<\/tr>\n<tr style=\"height: 33px;\">\n<td style=\"height: 33px; border-color: #ffffff; width: 36.9018%;\" width=\"247\"><u><a href=\"http:\/\/agora.xtec.cat\/ceip-sant-mateu\">Escola Sant Mateu<\/a><\/u><\/td>\n<td style=\"height: 33px; border-color: #ffffff; width: 62.0907%;\" width=\"415\">Riudecanyes<\/td>\n<\/tr>\n<tr style=\"height: 33px;\">\n<td style=\"height: 33px; border-color: #ffffff; width: 36.9018%;\" width=\"247\"><u><a href=\"http:\/\/agora.xtec.cat\/escola-mdroser-riudecols\">Escola Mare de D\u00e9u del Roser<\/a><\/u><\/td>\n<td style=\"height: 33px; border-color: #ffffff; width: 62.0907%;\" width=\"415\">Riudecols<\/td>\n<\/tr>\n<tr style=\"height: 33px;\">\n<td style=\"height: 33px; border-color: #ffffff; width: 36.9018%;\" width=\"247\"><u><a href=\"http:\/\/agora.xtec.cat\/ceipbeatbonaventura\">CEIP Beat Bonaventura Gran<\/a><\/u><\/td>\n<td style=\"height: 33px; border-color: #ffffff; width: 62.0907%;\" width=\"415\">Riudoms<\/td>\n<\/tr>\n<tr style=\"height: 33px;\">\n<td style=\"height: 33px; border-color: #ffffff; width: 36.9018%;\" width=\"247\"><u><a href=\"http:\/\/agora.xtec.cat\/escolacavallerarnau\">Escola Cavaller Arnau<\/a><\/u><\/td>\n<td style=\"height: 33px; border-color: #ffffff; width: 62.0907%;\" width=\"415\">Riudoms<\/td>\n<\/tr>\n<tr style=\"height: 33px;\">\n<td style=\"height: 33px; border-color: #ffffff; width: 36.9018%;\" width=\"247\"><u><a href=\"http:\/\/agora.xtec.cat\/insjoanguinjoan\">INS Joan Guinjoan i Gispert<\/a><\/u><\/td>\n<td style=\"height: 33px; border-color: #ffffff; width: 62.0907%;\" width=\"415\">Riudoms<\/td>\n<\/tr>\n<tr style=\"height: 33px;\">\n<td style=\"height: 33px; border-color: #ffffff; width: 36.9018%;\" width=\"247\"><u><a href=\"http:\/\/agora.xtec.cat\/iesbde\">Institut Berenguer d&#8217;Enten\u00e7a<\/a><\/u><\/td>\n<td style=\"height: 33px; border-color: #ffffff; width: 62.0907%;\" width=\"415\">Vandell\u00f2s i Hospitalet de Infant<\/td>\n<\/tr>\n<tr style=\"height: 33px;\">\n<td style=\"height: 33px; border-color: #ffffff; width: 36.9018%;\" width=\"247\"><u><a href=\"http:\/\/agora.xtec.cat\/ceipmestral\">Escola Mestral<\/a><\/u><\/td>\n<td style=\"height: 33px; border-color: #ffffff; width: 62.0907%;\" width=\"415\">Vandell\u00f2s i l&#8217;Hospitalet de l&#8217;Infant<\/td>\n<\/tr>\n<tr style=\"height: 33px;\">\n<td style=\"height: 33px; border-color: #ffffff; width: 36.9018%;\" width=\"247\"><u><a href=\"http:\/\/agora.xtec.cat\/ceip-valdelors-vandellos\">Escola Valdelors<\/a><\/u><\/td>\n<td style=\"height: 33px; border-color: #ffffff; width: 62.0907%;\" width=\"415\">Vandell\u00f2s i l&#8217;Hospitalet de l&#8217;Infant<\/td>\n<\/tr>\n<tr style=\"height: 33px;\">\n<td style=\"height: 33px; border-color: #ffffff; width: 36.9018%;\" width=\"247\"><u><a href=\"http:\/\/agora.xtec.cat\/escola-santacaterina-vinyols\">Escola Santa Caterina<\/a><\/u><\/td>\n<td style=\"height: 33px; border-color: #ffffff; width: 62.0907%;\" width=\"415\">Vinyols i els Arcs<\/td>\n<\/tr>\n<\/tbody>\n<\/table>\n<ul>\n<li>Per <a href=\"http:\/\/tafanodes.skills.cat\/iposts.php?se=43870707\">saber-ne m\u00e9s<\/a><\/li>\n<\/ul>\n","protected":false},"excerpt":{"rendered":"<p>Podeu veure el que fan els centres de la nostra zona mitjan\u00e7ant les seves p\u00e0gines web: CFA Rosa dels Vents Cambrils ESC Joan Ard\u00e8vol Cambrils Escola Guillem Fortuny Cambrils INS La Mar de la Frau Cambrils Institut Cambrils Cambrils Institut Ramon Berenguer IV Cambrils Escola Santa Anna Castellvell del Camp Escola Abel Ferrater La Selva [&hellip;]<\/p>\n","protected":false},"author":1,"featured_media":0,"parent":0,"menu_order":20,"comment_status":"closed","ping_status":"closed","template":"page-templates\/side-menu.php","meta":{"_bbp_topic_count":0,"_bbp_reply_count":0,"_bbp_total_topic_count":0,"_bbp_total_reply_count":0,"_bbp_voice_count":0,"_bbp_anonymous_reply_count":0,"_bbp_topic_count_hidden":0,"_bbp_reply_count_hidden":0,"_bbp_forum_subforum_count":0,"site-sidebar-layout":"default","site-content-layout":"","ast-site-content-layout":"","site-content-style":"default","site-sidebar-style":"default","ast-global-header-display":"","ast-banner-title-visibility":"","ast-main-header-display":"","ast-hfb-above-header-display":"","ast-hfb-below-header-display":"","ast-hfb-mobile-header-display":"","site-post-title":"","ast-breadcrumbs-content":"","ast-featured-img":"","footer-sml-layout":"","theme-transparent-header-meta":"","adv-header-id-meta":"","stick-header-meta":"","header-above-stick-meta":"","header-main-stick-meta":"","header-below-stick-meta":"","astra-migrate-meta-layouts":"default","ast-page-background-enabled":"default","ast-page-background-meta":{"desktop":{"background-color":"var(--ast-global-color-4)","background-image":"","background-repeat":"repeat","background-position":"center center","background-size":"auto","background-attachment":"scroll","background-type":"","background-media":"","overlay-type":"","overlay-color":"","overlay-opacity":"","overlay-gradient":""},"tablet":{"background-color":"","background-image":"","background-repeat":"repeat","background-position":"center center","background-size":"auto","background-attachment":"scroll","background-type":"","background-media":"","overlay-type":"","overlay-color":"","overlay-opacity":"","overlay-gradient":""},"mobile":{"background-color":"","background-image":"","background-repeat":"repeat","background-position":"center center","background-size":"auto","background-attachment":"scroll","background-type":"","background-media":"","overlay-type":"","overlay-color":"","overlay-opacity":"","overlay-gradient":""}},"ast-content-background-meta":{"desktop":{"background-color":"var(--ast-global-color-5)","background-image":"","background-repeat":"repeat","background-position":"center center","background-size":"auto","background-attachment":"scroll","background-type":"","background-media":"","overlay-type":"","overlay-color":"","overlay-opacity":"","overlay-gradient":""},"tablet":{"background-color":"var(--ast-global-color-5)","background-image":"","background-repeat":"repeat","background-position":"center center","background-size":"auto","background-attachment":"scroll","background-type":"","background-media":"","overlay-type":"","overlay-color":"","overlay-opacity":"","overlay-gradient":""},"mobile":{"background-color":"var(--ast-global-color-5)","background-image":"","background-repeat":"repeat","background-position":"center center","background-size":"auto","background-attachment":"scroll","background-type":"","background-media":"","overlay-type":"","overlay-color":"","overlay-opacity":"","overlay-gradient":""}},"footnotes":""},"class_list":["post-3758","page","type-page","status-publish","hentry"],"post_mailing_queue_ids":[],"_links":{"self":[{"href":"https:\/\/serveiseducatius.xtec.cat\/baixcamp\/wp-json\/wp\/v2\/pages\/3758","targetHints":{"allow":["GET"]}}],"collection":[{"href":"https:\/\/serveiseducatius.xtec.cat\/baixcamp\/wp-json\/wp\/v2\/pages"}],"about":[{"href":"https:\/\/serveiseducatius.xtec.cat\/baixcamp\/wp-json\/wp\/v2\/types\/page"}],"author":[{"embeddable":true,"href":"https:\/\/serveiseducatius.xtec.cat\/baixcamp\/wp-json\/wp\/v2\/users\/1"}],"replies":[{"embeddable":true,"href":"https:\/\/serveiseducatius.xtec.cat\/baixcamp\/wp-json\/wp\/v2\/comments?post=3758"}],"version-history":[{"count":4,"href":"https:\/\/serveiseducatius.xtec.cat\/baixcamp\/wp-json\/wp\/v2\/pages\/3758\/revisions"}],"predecessor-version":[{"id":10921,"href":"https:\/\/serveiseducatius.xtec.cat\/baixcamp\/wp-json\/wp\/v2\/pages\/3758\/revisions\/10921"}],"wp:attachment":[{"href":"https:\/\/serveiseducatius.xtec.cat\/baixcamp\/wp-json\/wp\/v2\/media?parent=3758"}],"curies":[{"name":"wp","href":"https:\/\/api.w.org\/{rel}","templated":true}]}}