{"id":3498,"date":"2017-01-12T11:56:15","date_gmt":"2017-01-12T10:56:15","guid":{"rendered":"http:\/\/serveiseducatius.xtec.cat\/baixcamp\/?page_id=3498"},"modified":"2025-02-12T12:25:24","modified_gmt":"2025-02-12T11:25:24","slug":"certamen-lectura-en-veu-alta","status":"publish","type":"page","link":"https:\/\/serveiseducatius.xtec.cat\/baixcamp\/dinamitzacions\/certamen-lectura-en-veu-alta\/","title":{"rendered":"Certamen Lectura en Veu Alta"},"content":{"rendered":"<p>El Certamen Nacional Infantil i Juvenil de Lectura en Veu Alta \u00e9s una iniciativa de la <a href=\"https:\/\/grupenciclopedia.cat\/\">Fundaci\u00f3 Enciclop\u00e8dia Catalana<\/a>, l\u2019entitat cultural que encap\u00e7ala el Grup format per diferents empreses editorials, l\u2019objectiu de les quals \u00e9s promocionar la llengua i la cultura catalanes especialment mitjan\u00e7ant l\u2019edici\u00f3 d\u2019enciclop\u00e8dies, llibres de consulta, diccionaris, llibres infantils i juvenils, llibres de text i obres de literatura catalana i universal.<\/p>\n<h4>La inscripci\u00f3 al XXI Certamen de lectura escolar, curs 2024-2025 estar\u00e0 oberta del <span style=\"color: #993366;\"><a href=\"https:\/\/www.lecturaenveualta.cat\/certamen-de-lectura-en-veu-alta-escolar\/formulari-inscripcio\/\">2 al 31 d\u2019octubre. <\/a>\u00a0(Inscripcions tancades)<\/span><\/h4>\n<p>Cada centre escolar pot participar en el Certamen amb\u00a0<strong>un alumne per categoria<\/strong> (en la categoria de Tropa de Corsaris, 3r i 4t d\u2019ESO, ha de ser grups de tres alumnes). Recomanem seleccionar tamb\u00e9 un altre alumne de reserva per a cada categoria, per si el titular escollit no es pogu\u00e9s presentar en la data prevista per al quart de final.<\/p>\n<div class=\"toggle-container\">\n<p>Podeu consultar les bases d&#8217;aquesta edici\u00f3 a la <a href=\"https:\/\/www.lecturaenveualta.cat\/\">web del Certamen<\/a><strong>.<\/strong><\/p>\n<\/div>\n<h4>Calendari<\/h4>\n<p>El CLVA es dur\u00e0 a terme a la\u00a0<b>Sala Emili Argilaga del Centre de Lectura de Reus els dies: 24, 25, 26, 27, 28 i 31 de mar\u00e7 de 2025 de 10 a 13h.<\/b><\/p>\n<p><a href=\"https:\/\/serveiseducatius.xtec.cat\/baixcamp\/wp-content\/uploads\/usu950\/2025\/02\/Full-de-ruta.-XXI-CLVA.pdf\" target=\"_blank\" rel=\"noopener\">Full de ruta<\/a><\/p>\n<p><a href=\"https:\/\/serveiseducatius.xtec.cat\/baixcamp\/general\/calendari-de-participacio\/\">Enlla\u00e7 calendari semifinals<\/a><\/p>\n<h4>Fases del Certamen<\/h4>\n<p>Les informacions de les fases, el lloc i la data de realitzaci\u00f3 de les mateixes s&#8217;informaran al llarg d&#8217;aquest trimestre.<\/p>\n<h4>Altres informacions<\/h4>\n<p>La web del Certamen inclou, a l&#8217;apartat de <a href=\"https:\/\/www.lecturaenveualta.cat\/preguntes-frequents\/\">FAQS,\u00a0<\/a> respostes per resoldre aquells dubtes que tingueu com a centre participant.<\/p>\n<p><a href=\"https:\/\/www.lecturaenveualta.cat\/certamen-de-lectura-en-veu-alta-escolar\/llibres\/\">Lectures de la XXI\u00aa edici\u00f3<\/a> del Certamen de Lectura en Veu Alta<\/p>\n<p><a href=\"https:\/\/www.lecturaenveualta.cat\/esdeveniments\/\">CALENDARI d&#8217;esdeveniments<\/a><\/p>\n<p><a href=\"https:\/\/serveiseducatius.xtec.cat\/baixcamp\/categoria\/clva\/\">Not\u00edcies CLVA<\/a><a href=\"https:\/\/www.lecturaenveualta.cat\/certamen-de-lectura-en-veu-alta-escolar\/formulari-inscripcio\/\"><strong>\u00a0<\/strong><\/a><\/p>\n<h4><img loading=\"lazy\" decoding=\"async\" class=\"alignnone wp-image-15395 size-medium\" src=\"https:\/\/serveiseducatius.xtec.cat\/baixcamp\/wp-content\/uploads\/usu950\/2025\/01\/veu-alta-educacio-gencat-300x89.png\" alt=\"\" width=\"300\" height=\"89\" srcset=\"https:\/\/serveiseducatius.xtec.cat\/baixcamp\/wp-content\/uploads\/usu950\/2025\/01\/veu-alta-educacio-gencat-300x89.png 300w, https:\/\/serveiseducatius.xtec.cat\/baixcamp\/wp-content\/uploads\/usu950\/2025\/01\/veu-alta-educacio-gencat.png 525w\" sizes=\"auto, (max-width: 300px) 100vw, 300px\" \/><img loading=\"lazy\" decoding=\"async\" class=\"alignnone size-full wp-image-15396\" src=\"https:\/\/serveiseducatius.xtec.cat\/baixcamp\/wp-content\/uploads\/usu950\/2025\/01\/logo_educacio_cap.png\" alt=\"\" width=\"300\" height=\"79\" \/><\/h4>\n<h4><\/h4>\n","protected":false},"excerpt":{"rendered":"<p>El Certamen Nacional Infantil i Juvenil de Lectura en Veu Alta \u00e9s una iniciativa de la Fundaci\u00f3 Enciclop\u00e8dia Catalana, l\u2019entitat cultural que encap\u00e7ala el Grup format per diferents empreses editorials, l\u2019objectiu de les quals \u00e9s promocionar la llengua i la cultura catalanes especialment mitjan\u00e7ant l\u2019edici\u00f3 d\u2019enciclop\u00e8dies, llibres de consulta, diccionaris, llibres infantils i juvenils, llibres [&hellip;]<\/p>\n","protected":false},"author":1,"featured_media":0,"parent":13543,"menu_order":0,"comment_status":"closed","ping_status":"closed","template":"page-templates\/side-menu.php","meta":{"_bbp_topic_count":0,"_bbp_reply_count":0,"_bbp_total_topic_count":0,"_bbp_total_reply_count":0,"_bbp_voice_count":0,"_bbp_anonymous_reply_count":0,"_bbp_topic_count_hidden":0,"_bbp_reply_count_hidden":0,"_bbp_forum_subforum_count":0,"site-sidebar-layout":"default","site-content-layout":"","ast-site-content-layout":"","site-content-style":"default","site-sidebar-style":"default","ast-global-header-display":"","ast-banner-title-visibility":"","ast-main-header-display":"","ast-hfb-above-header-display":"","ast-hfb-below-header-display":"","ast-hfb-mobile-header-display":"","site-post-title":"","ast-breadcrumbs-content":"","ast-featured-img":"","footer-sml-layout":"","theme-transparent-header-meta":"","adv-header-id-meta":"","stick-header-meta":"","header-above-stick-meta":"","header-main-stick-meta":"","header-below-stick-meta":"","astra-migrate-meta-layouts":"default","ast-page-background-enabled":"default","ast-page-background-meta":{"desktop":{"background-color":"var(--ast-global-color-4)","background-image":"","background-repeat":"repeat","background-position":"center center","background-size":"auto","background-attachment":"scroll","background-type":"","background-media":"","overlay-type":"","overlay-color":"","overlay-opacity":"","overlay-gradient":""},"tablet":{"background-color":"","background-image":"","background-repeat":"repeat","background-position":"center center","background-size":"auto","background-attachment":"scroll","background-type":"","background-media":"","overlay-type":"","overlay-color":"","overlay-opacity":"","overlay-gradient":""},"mobile":{"background-color":"","background-image":"","background-repeat":"repeat","background-position":"center center","background-size":"auto","background-attachment":"scroll","background-type":"","background-media":"","overlay-type":"","overlay-color":"","overlay-opacity":"","overlay-gradient":""}},"ast-content-background-meta":{"desktop":{"background-color":"var(--ast-global-color-5)","background-image":"","background-repeat":"repeat","background-position":"center center","background-size":"auto","background-attachment":"scroll","background-type":"","background-media":"","overlay-type":"","overlay-color":"","overlay-opacity":"","overlay-gradient":""},"tablet":{"background-color":"var(--ast-global-color-5)","background-image":"","background-repeat":"repeat","background-position":"center center","background-size":"auto","background-attachment":"scroll","background-type":"","background-media":"","overlay-type":"","overlay-color":"","overlay-opacity":"","overlay-gradient":""},"mobile":{"background-color":"var(--ast-global-color-5)","background-image":"","background-repeat":"repeat","background-position":"center center","background-size":"auto","background-attachment":"scroll","background-type":"","background-media":"","overlay-type":"","overlay-color":"","overlay-opacity":"","overlay-gradient":""}},"footnotes":""},"class_list":["post-3498","page","type-page","status-publish","hentry"],"post_mailing_queue_ids":[],"_links":{"self":[{"href":"https:\/\/serveiseducatius.xtec.cat\/baixcamp\/wp-json\/wp\/v2\/pages\/3498","targetHints":{"allow":["GET"]}}],"collection":[{"href":"https:\/\/serveiseducatius.xtec.cat\/baixcamp\/wp-json\/wp\/v2\/pages"}],"about":[{"href":"https:\/\/serveiseducatius.xtec.cat\/baixcamp\/wp-json\/wp\/v2\/types\/page"}],"author":[{"embeddable":true,"href":"https:\/\/serveiseducatius.xtec.cat\/baixcamp\/wp-json\/wp\/v2\/users\/1"}],"replies":[{"embeddable":true,"href":"https:\/\/serveiseducatius.xtec.cat\/baixcamp\/wp-json\/wp\/v2\/comments?post=3498"}],"version-history":[{"count":5,"href":"https:\/\/serveiseducatius.xtec.cat\/baixcamp\/wp-json\/wp\/v2\/pages\/3498\/revisions"}],"predecessor-version":[{"id":15823,"href":"https:\/\/serveiseducatius.xtec.cat\/baixcamp\/wp-json\/wp\/v2\/pages\/3498\/revisions\/15823"}],"up":[{"embeddable":true,"href":"https:\/\/serveiseducatius.xtec.cat\/baixcamp\/wp-json\/wp\/v2\/pages\/13543"}],"wp:attachment":[{"href":"https:\/\/serveiseducatius.xtec.cat\/baixcamp\/wp-json\/wp\/v2\/media?parent=3498"}],"curies":[{"name":"wp","href":"https:\/\/api.w.org\/{rel}","templated":true}]}}

<p>El Certamen Nacional Infantil i Juvenil de Lectura en Veu Alta és una iniciativa de la <a href="https://grupenciclopedia.cat/">Fundació Enciclopèdia Catalana</a>, l’entitat cultural que encapçala el Grup format per diferents empreses editorials, l’objectiu de les quals és promocionar la llengua i la cultura catalanes especialment mitjançant l’edició d’enciclopèdies, llibres de consulta, diccionaris, llibres infantils i juvenils, llibres de text i obres de literatura catalana i universal.</p>
<h4>La inscripció al XXI Certamen de lectura escolar, curs 2024-2025 estarà oberta del <span style="color: #993366;"><a href="https://www.lecturaenveualta.cat/certamen-de-lectura-en-veu-alta-escolar/formulari-inscripcio/">2 al 31 d’octubre. </a> (Inscripcions tancades)</span></h4>
<p>Cada centre escolar pot participar en el Certamen amb <strong>un alumne per categoria</strong> (en la categoria de Tropa de Corsaris, 3r i 4t d’ESO, ha de ser grups de tres alumnes). Recomanem seleccionar també un altre alumne de reserva per a cada categoria, per si el titular escollit no es pogués presentar en la data prevista per al quart de final.</p>
<div class="toggle-container">
<p>Podeu consultar les bases d&#8217;aquesta edició a la <a href="https://www.lecturaenveualta.cat/">web del Certamen</a><strong>.</strong></p>
</div>
<h4>Calendari</h4>
<p>El CLVA es durà a terme a la <b>Sala Emili Argilaga del Centre de Lectura de Reus els dies: 24, 25, 26, 27, 28 i 31 de març de 2025 de 10 a 13h.</b></p>
<p><a href="https://serveiseducatius.xtec.cat/baixcamp/wp-content/uploads/usu950/2025/02/Full-de-ruta.-XXI-CLVA.pdf" target="_blank" rel="noopener">Full de ruta</a></p>
<p><a href="https://serveiseducatius.xtec.cat/baixcamp/general/calendari-de-participacio/">Enllaç calendari semifinals</a></p>
<h4>Fases del Certamen</h4>
<p>Les informacions de les fases, el lloc i la data de realització de les mateixes s&#8217;informaran al llarg d&#8217;aquest trimestre.</p>
<h4>Altres informacions</h4>
<p>La web del Certamen inclou, a l&#8217;apartat de <a href="https://www.lecturaenveualta.cat/preguntes-frequents/">FAQS, </a> respostes per resoldre aquells dubtes que tingueu com a centre participant.</p>
<p><a href="https://www.lecturaenveualta.cat/certamen-de-lectura-en-veu-alta-escolar/llibres/">Lectures de la XXIª edició</a> del Certamen de Lectura en Veu Alta</p>
<p><a href="https://www.lecturaenveualta.cat/esdeveniments/">CALENDARI d&#8217;esdeveniments</a></p>
<p><a href="https://serveiseducatius.xtec.cat/baixcamp/categoria/clva/">Notícies CLVA</a><a href="https://www.lecturaenveualta.cat/certamen-de-lectura-en-veu-alta-escolar/formulari-inscripcio/"><strong> </strong></a></p>
<h4><img loading="lazy" decoding="async" class="alignnone wp-image-15395 size-medium" src="https://serveiseducatius.xtec.cat/baixcamp/wp-content/uploads/usu950/2025/01/veu-alta-educacio-gencat-300x89.png" alt="" width="300" height="89" srcset="https://serveiseducatius.xtec.cat/baixcamp/wp-content/uploads/usu950/2025/01/veu-alta-educacio-gencat-300x89.png 300w, https://serveiseducatius.xtec.cat/baixcamp/wp-content/uploads/usu950/2025/01/veu-alta-educacio-gencat.png 525w" sizes="auto, (max-width: 300px) 100vw, 300px" /><img loading="lazy" decoding="async" class="alignnone size-full wp-image-15396" src="https://serveiseducatius.xtec.cat/baixcamp/wp-content/uploads/usu950/2025/01/logo_educacio_cap.png" alt="" width="300" height="79" /></h4>
<h4></h4>

<p>El Certamen Nacional Infantil i Juvenil de Lectura en Veu Alta és una iniciativa de la Fundació Enciclopèdia Catalana, l’entitat cultural que encapçala el Grup format per diferents empreses editorials, l’objectiu de les quals és promocionar la llengua i la cultura catalanes especialment mitjançant l’edició d’enciclopèdies, llibres de consulta, diccionaris, llibres infantils i juvenils, llibres [&hellip;]</p>
