{"id":2738,"date":"2016-11-30T09:52:30","date_gmt":"2016-11-30T08:52:30","guid":{"rendered":"http:\/\/serveiseducatius.xtec.cat\/baixcamp\/?page_id=2738"},"modified":"2026-01-21T17:50:19","modified_gmt":"2026-01-21T16:50:19","slug":"bases-de-participacio","status":"publish","type":"page","link":"https:\/\/serveiseducatius.xtec.cat\/baixcamp\/dinamitzacions\/tastet\/bases-de-participacio\/","title":{"rendered":"Bases i inscripci\u00f3"},"content":{"rendered":"<h5 style=\"text-align: left;\"><strong>Qui pot participar?<\/strong><\/h5>\n<p style=\"text-align: left;\">Alumnes i docents dels centres educatius dels Serveis Territorials de Tarragona i entitats o institucions que s\u2019adeq\u00fcin als objectius de la Fira.<\/p>\n<h5 style=\"text-align: left;\"><strong>Objectius<\/strong><\/h5>\n<p style=\"text-align: left;\">Divulgar, per part d\u2019alumnat i professorat, experi\u00e8ncies de refer\u00e8ncia cient\u00edfiques, matem\u00e0tiques i tecnol\u00f2giques.<br \/>\nFomentar la compet\u00e8ncia comunicativa de l\u2019alumnat dels centres educatius basada en el coneixement de les ci\u00e8ncies.<br \/>\nDespertar vocacions cient\u00edfiques en l\u2019alumnat d\u2019educaci\u00f3 obligat\u00f2ria i postobligat\u00f2ria que facilitin una orientaci\u00f3 professional<\/p>\n<h5><img loading=\"lazy\" decoding=\"async\" class=\"wp-image-3346 alignnone\" src=\"http:\/\/serveiseducatius.xtec.cat\/baixcamp\/wp-content\/uploads\/usu950\/2016\/09\/logoFTC_petit.jpg\" alt=\"logoftc_petit\" width=\"29\" height=\"27\" \/> XII Fira Tastet de Ci\u00e8ncia. Dissabte, 18 d&#8217;abril de 2026<\/h5>\n<p>La Fira \u00e9s un espai de divulgaci\u00f3 cient\u00edfica escolar on els centres educatius dels Serveis Territorials de Tarragona exposen a la ciutadania els seus treballs cient\u00edfics per tal de fomentar la curiositat i la inquietud per la investigaci\u00f3 cient\u00edfica, matem\u00e0tica i tecnol\u00f2gica.<\/p>\n<h5>Inscripci\u00f3<\/h5>\n<p>Termini d\u2019inscripci\u00f3 de centres: fins al<span style=\"color: #000000;\"><strong> 15 de desembre de 2025<\/strong>\u00a0(<a href=\"https:\/\/forms.gle\/8DRMMkUUmwbovQcj6\">enlla\u00e7 d&#8217;inscripci\u00f3<\/a>)<\/span><\/p>\n<h5>Drets d\u2019imatge<\/h5>\n<p>Cada centre educatiu \u00e9s responsable de mantenir actualitzada la documentaci\u00f3 referida als drets d&#8217;imatge dels alumnes participants en els v\u00eddeos d&#8217;experi\u00e8ncies. <a href=\"https:\/\/docs.google.com\/document\/d\/1ws4YKtsmzJ3mAGotZB-rZm34Xq8P1_Cs\/edit?usp=sharing&amp;ouid=109312664769323520226&amp;rtpof=true&amp;sd=true\">Autoritzaci\u00f3<\/a>.<\/p>\n","protected":false},"excerpt":{"rendered":"<p>Qui pot participar? Alumnes i docents dels centres educatius dels Serveis Territorials de Tarragona i entitats o institucions que s\u2019adeq\u00fcin als objectius de la Fira. Objectius Divulgar, per part d\u2019alumnat i professorat, experi\u00e8ncies de refer\u00e8ncia cient\u00edfiques, matem\u00e0tiques i tecnol\u00f2giques. Fomentar la compet\u00e8ncia comunicativa de l\u2019alumnat dels centres educatius basada en el coneixement de les ci\u00e8ncies. [&hellip;]<\/p>\n","protected":false},"author":1,"featured_media":0,"parent":1756,"menu_order":20,"comment_status":"closed","ping_status":"closed","template":"page-templates\/side-menu.php","meta":{"_bbp_topic_count":0,"_bbp_reply_count":0,"_bbp_total_topic_count":0,"_bbp_total_reply_count":0,"_bbp_voice_count":0,"_bbp_anonymous_reply_count":0,"_bbp_topic_count_hidden":0,"_bbp_reply_count_hidden":0,"_bbp_forum_subforum_count":0,"site-sidebar-layout":"default","site-content-layout":"","ast-site-content-layout":"default","site-content-style":"default","site-sidebar-style":"default","ast-global-header-display":"","ast-banner-title-visibility":"","ast-main-header-display":"","ast-hfb-above-header-display":"","ast-hfb-below-header-display":"","ast-hfb-mobile-header-display":"","site-post-title":"","ast-breadcrumbs-content":"","ast-featured-img":"","footer-sml-layout":"","theme-transparent-header-meta":"","adv-header-id-meta":"","stick-header-meta":"","header-above-stick-meta":"","header-main-stick-meta":"","header-below-stick-meta":"","astra-migrate-meta-layouts":"set","ast-page-background-enabled":"default","ast-page-background-meta":{"desktop":{"background-color":"var(--ast-global-color-4)","background-image":"","background-repeat":"repeat","background-position":"center center","background-size":"auto","background-attachment":"scroll","background-type":"","background-media":"","overlay-type":"","overlay-color":"","overlay-opacity":"","overlay-gradient":""},"tablet":{"background-color":"","background-image":"","background-repeat":"repeat","background-position":"center center","background-size":"auto","background-attachment":"scroll","background-type":"","background-media":"","overlay-type":"","overlay-color":"","overlay-opacity":"","overlay-gradient":""},"mobile":{"background-color":"","background-image":"","background-repeat":"repeat","background-position":"center center","background-size":"auto","background-attachment":"scroll","background-type":"","background-media":"","overlay-type":"","overlay-color":"","overlay-opacity":"","overlay-gradient":""}},"ast-content-background-meta":{"desktop":{"background-color":"var(--ast-global-color-5)","background-image":"","background-repeat":"repeat","background-position":"center center","background-size":"auto","background-attachment":"scroll","background-type":"","background-media":"","overlay-type":"","overlay-color":"","overlay-opacity":"","overlay-gradient":""},"tablet":{"background-color":"var(--ast-global-color-5)","background-image":"","background-repeat":"repeat","background-position":"center center","background-size":"auto","background-attachment":"scroll","background-type":"","background-media":"","overlay-type":"","overlay-color":"","overlay-opacity":"","overlay-gradient":""},"mobile":{"background-color":"var(--ast-global-color-5)","background-image":"","background-repeat":"repeat","background-position":"center center","background-size":"auto","background-attachment":"scroll","background-type":"","background-media":"","overlay-type":"","overlay-color":"","overlay-opacity":"","overlay-gradient":""}},"footnotes":""},"class_list":["post-2738","page","type-page","status-publish","hentry"],"post_mailing_queue_ids":[],"_links":{"self":[{"href":"https:\/\/serveiseducatius.xtec.cat\/baixcamp\/wp-json\/wp\/v2\/pages\/2738","targetHints":{"allow":["GET"]}}],"collection":[{"href":"https:\/\/serveiseducatius.xtec.cat\/baixcamp\/wp-json\/wp\/v2\/pages"}],"about":[{"href":"https:\/\/serveiseducatius.xtec.cat\/baixcamp\/wp-json\/wp\/v2\/types\/page"}],"author":[{"embeddable":true,"href":"https:\/\/serveiseducatius.xtec.cat\/baixcamp\/wp-json\/wp\/v2\/users\/1"}],"replies":[{"embeddable":true,"href":"https:\/\/serveiseducatius.xtec.cat\/baixcamp\/wp-json\/wp\/v2\/comments?post=2738"}],"version-history":[{"count":6,"href":"https:\/\/serveiseducatius.xtec.cat\/baixcamp\/wp-json\/wp\/v2\/pages\/2738\/revisions"}],"predecessor-version":[{"id":16520,"href":"https:\/\/serveiseducatius.xtec.cat\/baixcamp\/wp-json\/wp\/v2\/pages\/2738\/revisions\/16520"}],"up":[{"embeddable":true,"href":"https:\/\/serveiseducatius.xtec.cat\/baixcamp\/wp-json\/wp\/v2\/pages\/1756"}],"wp:attachment":[{"href":"https:\/\/serveiseducatius.xtec.cat\/baixcamp\/wp-json\/wp\/v2\/media?parent=2738"}],"curies":[{"name":"wp","href":"https:\/\/api.w.org\/{rel}","templated":true}]}}