{"id":15995,"date":"2025-05-15T12:42:17","date_gmt":"2025-05-15T10:42:17","guid":{"rendered":"https:\/\/serveiseducatius.xtec.cat\/baixcamp\/?page_id=15995"},"modified":"2025-05-15T12:42:17","modified_gmt":"2025-05-15T10:42:17","slug":"noticies-eap","status":"publish","type":"page","link":"https:\/\/serveiseducatius.xtec.cat\/baixcamp\/el-servei-educatiu\/eap\/noticies-eap\/","title":{"rendered":"NOT\u00cdCIES EAP"},"content":{"rendered":"<ul class=\"wp-block-latest-posts__list wp-block-latest-posts\"><li><div class=\"wp-block-latest-posts__featured-image aligncenter\"><img loading=\"lazy\" decoding=\"async\" width=\"600\" height=\"600\" src=\"https:\/\/serveiseducatius.xtec.cat\/baixcamp\/wp-content\/uploads\/usu950\/2025\/09\/horari-SE-600x600.png\" class=\"attachment-large size-large wp-post-image\" alt=\"\" style=\"\" srcset=\"https:\/\/serveiseducatius.xtec.cat\/baixcamp\/wp-content\/uploads\/usu950\/2025\/09\/horari-SE-600x600.png 600w, https:\/\/serveiseducatius.xtec.cat\/baixcamp\/wp-content\/uploads\/usu950\/2025\/09\/horari-SE-300x300.png 300w, https:\/\/serveiseducatius.xtec.cat\/baixcamp\/wp-content\/uploads\/usu950\/2025\/09\/horari-SE-150x150.png 150w, https:\/\/serveiseducatius.xtec.cat\/baixcamp\/wp-content\/uploads\/usu950\/2025\/09\/horari-SE-768x768.png 768w, https:\/\/serveiseducatius.xtec.cat\/baixcamp\/wp-content\/uploads\/usu950\/2025\/09\/horari-SE.png 1080w\" sizes=\"auto, (max-width: 600px) 100vw, 600px\" \/><\/div><a class=\"wp-block-latest-posts__post-title\" href=\"https:\/\/serveiseducatius.xtec.cat\/baixcamp\/general\/serveis-educatius-de-zona\/\">Serveis Educatius de Zona<\/a><div class=\"wp-block-latest-posts__post-excerpt\">Ha comen\u00e7at un nou curs i el servei educatiu del Baix Camp ja est\u00e0 en ple funcionament. Per aix\u00f2 aprofitem per informar dels professionals que trobareu a la nostra seu ubicada al carrer Figueres n\u00ba2 de Reus. Els serveis educatius s\u00f3n unitats del Departament d\u2019Educaci\u00f3 i Formaci\u00f3 Professional que estan constitu\u00efdes per equips amb diferents\u2026 <a class=\"wp-block-latest-posts__read-more\" href=\"https:\/\/serveiseducatius.xtec.cat\/baixcamp\/general\/serveis-educatius-de-zona\/\" rel=\"noopener noreferrer\">M\u00e9s informaci\u00f3<span class=\"screen-reader-text\">: Serveis Educatius de Zona<\/span><\/a><\/div><\/li>\n<li><a class=\"wp-block-latest-posts__post-title\" href=\"https:\/\/serveiseducatius.xtec.cat\/baixcamp\/portada\/finalitza-amb-exit-la-formacio-ceepsir-educacio-inclusiva-els-centres-com-a-context-mesures-i-suports-universals-i-dua\/\">Finalitza amb \u00e8xit la formaci\u00f3 &#8220;CEEPSIR Educaci\u00f3 Inclusiva: els centres com a context, mesures i suports universals i DUA&#8221;<\/a><div class=\"wp-block-latest-posts__post-excerpt\">Aquest mes de maig hem posat punt final a la formaci\u00f3&nbsp;CEEPSIR&nbsp;Educaci\u00f3 Inclusiva: els centres com a context, mesures i suports universals i DUA, a c\u00e0rrec del&nbsp;CEEPSIR del CEE Alba.La proposta ha estat promoguda, coordinada i difosa per l\u2019EAP de Reus, amb una excel\u00b7lent acollida i una participaci\u00f3 de 68 professionals de l\u2019\u00e0mbit educatiu. Al llarg\u2026 <a class=\"wp-block-latest-posts__read-more\" href=\"https:\/\/serveiseducatius.xtec.cat\/baixcamp\/portada\/finalitza-amb-exit-la-formacio-ceepsir-educacio-inclusiva-els-centres-com-a-context-mesures-i-suports-universals-i-dua\/\" rel=\"noopener noreferrer\">M\u00e9s informaci\u00f3<span class=\"screen-reader-text\">: Finalitza amb \u00e8xit la formaci\u00f3 &#8220;CEEPSIR Educaci\u00f3 Inclusiva: els centres com a context, mesures i suports universals i DUA&#8221;<\/span><\/a><\/div><\/li>\n<li><div class=\"wp-block-latest-posts__featured-image aligncenter\"><img loading=\"lazy\" decoding=\"async\" width=\"600\" height=\"404\" src=\"https:\/\/serveiseducatius.xtec.cat\/baixcamp\/wp-content\/uploads\/usu950\/2025\/05\/image-600x404.png\" class=\"attachment-large size-large wp-post-image\" alt=\"\" style=\"\" srcset=\"https:\/\/serveiseducatius.xtec.cat\/baixcamp\/wp-content\/uploads\/usu950\/2025\/05\/image-600x404.png 600w, https:\/\/serveiseducatius.xtec.cat\/baixcamp\/wp-content\/uploads\/usu950\/2025\/05\/image-300x202.png 300w, https:\/\/serveiseducatius.xtec.cat\/baixcamp\/wp-content\/uploads\/usu950\/2025\/05\/image-768x517.png 768w, https:\/\/serveiseducatius.xtec.cat\/baixcamp\/wp-content\/uploads\/usu950\/2025\/05\/image.png 1033w\" sizes=\"auto, (max-width: 600px) 100vw, 600px\" \/><\/div><a class=\"wp-block-latest-posts__post-title\" href=\"https:\/\/serveiseducatius.xtec.cat\/baixcamp\/general\/beques-nese-2025-2026\/\">Beques NESE 2025-2026<\/a><div class=\"wp-block-latest-posts__post-excerpt\">Us informem que s\u2019ha publicat la convocat\u00f2ria d\u2019ajuts per alumnat amb necessitat espec\u00edfica de suport educatiu per al curs 2025-26. El termini de presentaci\u00f3 de sol\u00b7licituds inicia el&nbsp;30\/04\/2025&nbsp;i finalitza el pr\u00f2xim 11\/09\/2025. Modalitats dels ajuts: Trobareu m\u00e9s informaci\u00f3 sobre aquest tr\u00e0mit en els enlla\u00e7os del Departament d\u2019Educaci\u00f3 de la Generalitat de Catalunya. Us adjuntem l\u2019enlla\u00e7\u2026 <a class=\"wp-block-latest-posts__read-more\" href=\"https:\/\/serveiseducatius.xtec.cat\/baixcamp\/general\/beques-nese-2025-2026\/\" rel=\"noopener noreferrer\">M\u00e9s informaci\u00f3<span class=\"screen-reader-text\">: Beques NESE 2025-2026<\/span><\/a><\/div><\/li>\n<li><div class=\"wp-block-latest-posts__featured-image aligncenter\"><img loading=\"lazy\" decoding=\"async\" width=\"600\" height=\"400\" src=\"https:\/\/serveiseducatius.xtec.cat\/baixcamp\/wp-content\/uploads\/usu950\/2023\/01\/pexels-mart-production-8436975-600x400.jpg\" class=\"attachment-large size-large wp-post-image\" alt=\"\" style=\"\" srcset=\"https:\/\/serveiseducatius.xtec.cat\/baixcamp\/wp-content\/uploads\/usu950\/2023\/01\/pexels-mart-production-8436975-600x400.jpg 600w, https:\/\/serveiseducatius.xtec.cat\/baixcamp\/wp-content\/uploads\/usu950\/2023\/01\/pexels-mart-production-8436975-e1674047907294.jpg 300w, https:\/\/serveiseducatius.xtec.cat\/baixcamp\/wp-content\/uploads\/usu950\/2023\/01\/pexels-mart-production-8436975-768x512.jpg 768w\" sizes=\"auto, (max-width: 600px) 100vw, 600px\" \/><\/div><a class=\"wp-block-latest-posts__post-title\" href=\"https:\/\/serveiseducatius.xtec.cat\/baixcamp\/portada\/programa-de-benestar-emocional-per-acompanyar-al-professorat-i-als-centres-educatius\/\">Programa de Benestar Emocional per acompanyar al professorat i als centres educatius<\/a><div class=\"wp-block-latest-posts__post-excerpt\">El Departament d&#8217;Educaci\u00f3 posa en marxa el Programa de Benestar Emocional, per tal d\u2019acompanyar als professionals del m\u00f3n educatiu i als centres en la gesti\u00f3 del benestar emocional del seu alumnat.<\/div><\/li>\n<li><div class=\"wp-block-latest-posts__featured-image aligncenter\"><img loading=\"lazy\" decoding=\"async\" width=\"600\" height=\"400\" src=\"https:\/\/serveiseducatius.xtec.cat\/baixcamp\/wp-content\/uploads\/usu950\/2023\/01\/pexels-luis-quintero-1816868-600x400.jpg\" class=\"attachment-large size-large wp-post-image\" alt=\"\" style=\"\" srcset=\"https:\/\/serveiseducatius.xtec.cat\/baixcamp\/wp-content\/uploads\/usu950\/2023\/01\/pexels-luis-quintero-1816868-600x400.jpg 600w, https:\/\/serveiseducatius.xtec.cat\/baixcamp\/wp-content\/uploads\/usu950\/2023\/01\/pexels-luis-quintero-1816868-e1673614267179.jpg 300w, https:\/\/serveiseducatius.xtec.cat\/baixcamp\/wp-content\/uploads\/usu950\/2023\/01\/pexels-luis-quintero-1816868-768x512.jpg 768w, https:\/\/serveiseducatius.xtec.cat\/baixcamp\/wp-content\/uploads\/usu950\/2023\/01\/pexels-luis-quintero-1816868-1536x1024.jpg 1536w, https:\/\/serveiseducatius.xtec.cat\/baixcamp\/wp-content\/uploads\/usu950\/2023\/01\/pexels-luis-quintero-1816868-2048x1365.jpg 2048w\" sizes=\"auto, (max-width: 600px) 100vw, 600px\" \/><\/div><a class=\"wp-block-latest-posts__post-title\" href=\"https:\/\/serveiseducatius.xtec.cat\/baixcamp\/portada\/guies-antiestigma-de-la-salut-mental\/\">Guies antiestigma de la salut mental<\/a><div class=\"wp-block-latest-posts__post-excerpt\">S&#8217;han presentat els materials antiestigma de la salut mental per a administracions locals. Els recursos que avui s\u2019han presentat han estat elaborats per\u00a0Obertament,\u00a0l\u2019alian\u00e7a catalana de lluita contra l\u2019estigma formada per les principals entitats de segon nivell de la salut mental a Catalunya.<\/div><\/li>\n<li><div class=\"wp-block-latest-posts__featured-image aligncenter\"><img loading=\"lazy\" decoding=\"async\" width=\"300\" height=\"234\" src=\"https:\/\/serveiseducatius.xtec.cat\/baixcamp\/wp-content\/uploads\/usu950\/2023\/01\/20221214_mental.jpg_1660818824-e1673599503655.jpg\" class=\"attachment-large size-large wp-post-image\" alt=\"\" style=\"\" \/><\/div><a class=\"wp-block-latest-posts__post-title\" href=\"https:\/\/serveiseducatius.xtec.cat\/baixcamp\/portada\/abordatge-de-les-conductes-suicides-en-centres-educatius\/\">Abordatge de les conductes su\u00efcides en centres educatius<\/a><div class=\"wp-block-latest-posts__post-excerpt\">s\u2019ha presentat la\u00a0Guia per a l\u2019abordatge de la conducta su\u00efcida i de les autolesions no su\u00efcides\u00a0en el centre educatiu. La guia orienta sobre com cal actuar de forma coordinada entre els agents educatius i de salut davant el risc de su\u00efcidi.<\/div><\/li>\n<li><div class=\"wp-block-latest-posts__featured-image aligncenter\"><img loading=\"lazy\" decoding=\"async\" width=\"540\" height=\"540\" src=\"https:\/\/serveiseducatius.xtec.cat\/baixcamp\/wp-content\/uploads\/usu950\/2021\/03\/COEDUCAT.png\" class=\"attachment-large size-large wp-post-image\" alt=\"\" style=\"\" srcset=\"https:\/\/serveiseducatius.xtec.cat\/baixcamp\/wp-content\/uploads\/usu950\/2021\/03\/COEDUCAT.png 540w, https:\/\/serveiseducatius.xtec.cat\/baixcamp\/wp-content\/uploads\/usu950\/2021\/03\/COEDUCAT-150x150.png 150w, https:\/\/serveiseducatius.xtec.cat\/baixcamp\/wp-content\/uploads\/usu950\/2021\/03\/COEDUCAT-300x300.png 300w\" sizes=\"auto, (max-width: 540px) 100vw, 540px\" \/><\/div><a class=\"wp-block-latest-posts__post-title\" href=\"https:\/\/serveiseducatius.xtec.cat\/baixcamp\/portada\/programa-de-coeducacio-perspectiva-de-genere-i-educacio-afectivosexual-al-curriculum\/\">Programa de coeducaci\u00f3, perspectiva de g\u00e8nere i educaci\u00f3 afectivosexual al curr\u00edculum<\/a><div class=\"wp-block-latest-posts__post-excerpt\">Us presentem un web que proporciona un seguit de recursos en coeducaci\u00f3, perspectiva de g\u00e8nere i educaci\u00f3 afectivosexual al curr\u00edculum. Esperem que sigui del vostre inter\u00e8s. &nbsp; &nbsp;<\/div><\/li>\n<li><div class=\"wp-block-latest-posts__featured-image aligncenter\"><img loading=\"lazy\" decoding=\"async\" width=\"268\" height=\"378\" src=\"https:\/\/serveiseducatius.xtec.cat\/baixcamp\/wp-content\/uploads\/usu950\/2022\/07\/guia-acompanyament-alumnat-violencies-sexuals.jpg_2025808969.jpg\" class=\"attachment-large size-large wp-post-image\" alt=\"\" style=\"\" srcset=\"https:\/\/serveiseducatius.xtec.cat\/baixcamp\/wp-content\/uploads\/usu950\/2022\/07\/guia-acompanyament-alumnat-violencies-sexuals.jpg_2025808969.jpg 268w, https:\/\/serveiseducatius.xtec.cat\/baixcamp\/wp-content\/uploads\/usu950\/2022\/07\/guia-acompanyament-alumnat-violencies-sexuals.jpg_2025808969-213x300.jpg 213w\" sizes=\"auto, (max-width: 268px) 100vw, 268px\" \/><\/div><a class=\"wp-block-latest-posts__post-title\" href=\"https:\/\/serveiseducatius.xtec.cat\/baixcamp\/portada\/guia-dacompanyament-i-bon-tracte-a-lalumnat-que-verbalitza-situacions-de-violencies-sexuals\/\">Guia d&#8217;acompanyament i bon tracte a l&#8217;alumnat que verbalitza situacions de viol\u00e8ncies sexuals<\/a><div class=\"wp-block-latest-posts__post-excerpt\">Aquesta guia t\u00e9 per objectiu orientar el personal docent sobre com detectar i abordar les viol\u00e8ncies sexuals en l&#8217;\u00e0mbit escolar. Ofereix algunes eines per facilitar una primera acollida a l&#8217;alumne o alumna que es trobi en aquesta situaci\u00f3 i dona algunes pautes sobre com actuar, de la forma menys revictimitzant possible, davant d&#8217;una revelaci\u00f3 per part d&#8217;un alumne o alumna.<\/div><\/li>\n<\/ul>","protected":false},"excerpt":{"rendered":"","protected":false},"author":122,"featured_media":0,"parent":3094,"menu_order":1,"comment_status":"closed","ping_status":"close","template":"","meta":{"_bbp_topic_count":0,"_bbp_reply_count":0,"_bbp_total_topic_count":0,"_bbp_total_reply_count":0,"_bbp_voice_count":0,"_bbp_anonymous_reply_count":0,"_bbp_topic_count_hidden":0,"_bbp_reply_count_hidden":0,"_bbp_forum_subforum_count":0,"site-sidebar-layout":"default","site-content-layout":"","ast-site-content-layout":"","site-content-style":"default","site-sidebar-style":"default","ast-global-header-display":"","ast-banner-title-visibility":"","ast-main-header-display":"","ast-hfb-above-header-display":"","ast-hfb-below-header-display":"","ast-hfb-mobile-header-display":"","site-post-title":"","ast-breadcrumbs-content":"","ast-featured-img":"","footer-sml-layout":"","theme-transparent-header-meta":"","adv-header-id-meta":"","stick-header-meta":"","header-above-stick-meta":"","header-main-stick-meta":"","header-below-stick-meta":"","astra-migrate-meta-layouts":"default","ast-page-background-enabled":"default","ast-page-background-meta":{"desktop":{"background-color":"var(--ast-global-color-4)","background-image":"","background-repeat":"repeat","background-position":"center center","background-size":"auto","background-attachment":"scroll","background-type":"","background-media":"","overlay-type":"","overlay-color":"","overlay-opacity":"","overlay-gradient":""},"tablet":{"background-color":"","background-image":"","background-repeat":"repeat","background-position":"center center","background-size":"auto","background-attachment":"scroll","background-type":"","background-media":"","overlay-type":"","overlay-color":"","overlay-opacity":"","overlay-gradient":""},"mobile":{"background-color":"","background-image":"","background-repeat":"repeat","background-position":"center center","background-size":"auto","background-attachment":"scroll","background-type":"","background-media":"","overlay-type":"","overlay-color":"","overlay-opacity":"","overlay-gradient":""}},"ast-content-background-meta":{"desktop":{"background-color":"var(--ast-global-color-5)","background-image":"","background-repeat":"repeat","background-position":"center center","background-size":"auto","background-attachment":"scroll","background-type":"","background-media":"","overlay-type":"","overlay-color":"","overlay-opacity":"","overlay-gradient":""},"tablet":{"background-color":"var(--ast-global-color-5)","background-image":"","background-repeat":"repeat","background-position":"center center","background-size":"auto","background-attachment":"scroll","background-type":"","background-media":"","overlay-type":"","overlay-color":"","overlay-opacity":"","overlay-gradient":""},"mobile":{"background-color":"var(--ast-global-color-5)","background-image":"","background-repeat":"repeat","background-position":"center center","background-size":"auto","background-attachment":"scroll","background-type":"","background-media":"","overlay-type":"","overlay-color":"","overlay-opacity":"","overlay-gradient":""}},"footnotes":""},"class_list":["post-15995","page","type-page","status-publish","hentry"],"post_mailing_queue_ids":[],"_links":{"self":[{"href":"https:\/\/serveiseducatius.xtec.cat\/baixcamp\/wp-json\/wp\/v2\/pages\/15995","targetHints":{"allow":["GET"]}}],"collection":[{"href":"https:\/\/serveiseducatius.xtec.cat\/baixcamp\/wp-json\/wp\/v2\/pages"}],"about":[{"href":"https:\/\/serveiseducatius.xtec.cat\/baixcamp\/wp-json\/wp\/v2\/types\/page"}],"author":[{"embeddable":true,"href":"https:\/\/serveiseducatius.xtec.cat\/baixcamp\/wp-json\/wp\/v2\/users\/122"}],"replies":[{"embeddable":true,"href":"https:\/\/serveiseducatius.xtec.cat\/baixcamp\/wp-json\/wp\/v2\/comments?post=15995"}],"version-history":[{"count":2,"href":"https:\/\/serveiseducatius.xtec.cat\/baixcamp\/wp-json\/wp\/v2\/pages\/15995\/revisions"}],"predecessor-version":[{"id":15997,"href":"https:\/\/serveiseducatius.xtec.cat\/baixcamp\/wp-json\/wp\/v2\/pages\/15995\/revisions\/15997"}],"up":[{"embeddable":true,"href":"https:\/\/serveiseducatius.xtec.cat\/baixcamp\/wp-json\/wp\/v2\/pages\/3094"}],"wp:attachment":[{"href":"https:\/\/serveiseducatius.xtec.cat\/baixcamp\/wp-json\/wp\/v2\/media?parent=15995"}],"curies":[{"name":"wp","href":"https:\/\/api.w.org\/{rel}","templated":true}]}}