{"id":14889,"date":"2024-01-26T18:02:03","date_gmt":"2024-01-26T17:02:03","guid":{"rendered":"https:\/\/serveiseducatius.xtec.cat\/baixcamp\/?page_id=14889"},"modified":"2026-02-19T09:18:22","modified_gmt":"2026-02-19T08:18:22","slug":"kit-correcull","status":"publish","type":"page","link":"https:\/\/serveiseducatius.xtec.cat\/baixcamp\/recursos-2\/ambit-cientific-tecnologic\/kit-correcull\/","title":{"rendered":"Kit Correcull"},"content":{"rendered":"<p><img loading=\"lazy\" decoding=\"async\" class=\"alignnone size-full wp-image-14891\" src=\"https:\/\/serveiseducatius.xtec.cat\/baixcamp\/wp-content\/uploads\/usu950\/2024\/01\/2024_Correcull.png\" alt=\"\" width=\"1200\" height=\"300\" srcset=\"https:\/\/serveiseducatius.xtec.cat\/baixcamp\/wp-content\/uploads\/usu950\/2024\/01\/2024_Correcull.png 1200w, https:\/\/serveiseducatius.xtec.cat\/baixcamp\/wp-content\/uploads\/usu950\/2024\/01\/2024_Correcull-300x75.png 300w, https:\/\/serveiseducatius.xtec.cat\/baixcamp\/wp-content\/uploads\/usu950\/2024\/01\/2024_Correcull-600x150.png 600w, https:\/\/serveiseducatius.xtec.cat\/baixcamp\/wp-content\/uploads\/usu950\/2024\/01\/2024_Correcull-768x192.png 768w\" sizes=\"auto, (max-width: 1200px) 100vw, 1200px\" \/><\/p>\n<p>Des de l\u2019<strong>Ag\u00e8ncia de Residus de Catalunya<\/strong>\u00a0amb el suport del\u00a0<strong>Departament d\u2019Educaci\u00f3<\/strong>, s\u2019ha creat el\u00a0<strong><em>Kit Correcull<\/em><\/strong>, un recurs per als centres educatius que volen participar en les campanyes de recollides de residus en espais naturals, promovent serveis comunitaris i projectes d\u2019aprenentatge m\u00e9s vivencials, com \u00e9s la Campanya Europea\u00a0<a href=\"https:\/\/residus.gencat.cat\/ca\/ambits_dactuacio\/prevencio\/setmana_europea\/lets_clean_up_europe\/\" target=\"_blank\" rel=\"noopener\">Let\u2019s Clean Up Europe!<\/a> coordinada per l\u2019ARC i el projecte Correcull.<\/p>\n<p><a href=\"https:\/\/www.arc.cat\/agendalcue\/\">Agenda Let&#8217;s Clean Europe<\/a><\/p>\n<p>Al CRP hem rebut un\u00a0<strong><em>Kit Correcull<\/em><\/strong> per a la recollida de residus, que es podr\u00e0 demanar en pr\u00e9stec durant tot el curs (<strong>consulteu el <a href=\"https:\/\/serveiseducatius.xtec.cat\/baixcamp\/wp-content\/uploads\/usu950\/2025\/05\/protocol-centres-lets-clean-up-europe-1-1.png\">protocol i les\u00a0recomanacions d&#8217;\u00fas<\/a><\/strong>). Per fer-ne la sol\u00b7licitud podeu utilitzar el <strong>formulari\u00a0<\/strong><strong>de pr\u00e9stec.\u00a0<\/strong><\/p>\n<p>Tot el material del Kit Correcull, es troba en un contenidor de 90 L amb rodes, que pesa 15 kg i t\u00e9 unes dimensions de 40 x 40 x 90\u202fcm:<\/p>\n<table style=\"border-collapse: collapse; width: 100%; height: 276px;\">\n<tbody>\n<tr style=\"height: 23px;\">\n<td style=\"width: 100%; height: 23px;\" colspan=\"2\"><strong>LLISTAT DE MATERIAL<\/strong><\/td>\n<\/tr>\n<tr style=\"height: 23px;\">\n<td style=\"width: 7.41667%; height: 23px;\">Quantitat<\/td>\n<td style=\"width: 92.5833%; height: 23px;\">Element<\/td>\n<\/tr>\n<tr style=\"height: 46px;\">\n<td style=\"width: 7.41667%; height: 46px;\">25<\/td>\n<td style=\"width: 92.5833%; height: 46px;\">Sacs grans de r\u00e0fia logotipats &#8220;Let&#8217;s Clean up Europe!&#8221; per indicar tipologia de residu. Paquet de bosses de brossa de pl\u00e0stic individuals. Bosses petites de r\u00e0fia amb anses reutilitzables<\/td>\n<\/tr>\n<tr style=\"height: 23px;\">\n<td style=\"width: 7.41667%; height: 23px;\">30<\/td>\n<td style=\"width: 92.5833%; height: 23px;\">Bosses transparents individuals logotipades &#8220;Let&#8217;s Clean up Europe!&#8221; reutilitzables.<\/td>\n<\/tr>\n<tr style=\"height: 23px;\">\n<td style=\"width: 7.41667%; height: 23px;\">10<\/td>\n<td style=\"width: 92.5833%; height: 23px;\">Pinces de recollida de residus<\/td>\n<\/tr>\n<tr style=\"height: 23px;\">\n<td style=\"width: 7.41667%; height: 23px;\">1<\/td>\n<td style=\"width: 92.5833%; height: 23px;\">Carpeta transparent amb 4 p\u00f2sters informatius<\/td>\n<\/tr>\n<tr style=\"height: 23px;\">\n<td style=\"width: 7.41667%; height: 23px;\">1<\/td>\n<td style=\"width: 92.5833%; height: 23px;\">Retolador no permanent<\/td>\n<\/tr>\n<tr style=\"height: 23px;\">\n<td style=\"width: 7.41667%; height: 23px;\">25<\/td>\n<td style=\"width: 92.5833%; height: 23px;\">Parells de guants (talla 7) (14 blancs i 11 negres)<\/td>\n<\/tr>\n<tr style=\"height: 23px;\">\n<td style=\"width: 7.41667%; height: 23px;\">5<\/td>\n<td style=\"width: 92.5833%; height: 23px;\">Parells de guants (talla 9)<\/td>\n<\/tr>\n<tr style=\"height: 23px;\">\n<td style=\"width: 7.41667%; height: 23px;\">1<\/td>\n<td style=\"width: 92.5833%; height: 23px;\">Balan\u00e7a 30 o 150 kg<\/td>\n<\/tr>\n<tr style=\"height: 23px;\">\n<td style=\"width: 7.41667%; height: 23px;\">1<\/td>\n<td style=\"width: 92.5833%; height: 23px;\">Banderola r\u00e0fia reutilitzable resultats aconseguits<\/td>\n<\/tr>\n<\/tbody>\n<\/table>\n<p><img loading=\"lazy\" decoding=\"async\" class=\" wp-image-14890 alignright\" src=\"https:\/\/serveiseducatius.xtec.cat\/baixcamp\/wp-content\/uploads\/usu950\/2024\/01\/correcull-1-160x300.jpg\" alt=\"\" width=\"239\" height=\"448\" srcset=\"https:\/\/serveiseducatius.xtec.cat\/baixcamp\/wp-content\/uploads\/usu950\/2024\/01\/correcull-1-160x300.jpg 160w, https:\/\/serveiseducatius.xtec.cat\/baixcamp\/wp-content\/uploads\/usu950\/2024\/01\/correcull-1-320x600.jpg 320w, https:\/\/serveiseducatius.xtec.cat\/baixcamp\/wp-content\/uploads\/usu950\/2024\/01\/correcull-1.jpg 345w\" sizes=\"auto, (max-width: 239px) 100vw, 239px\" \/><\/p>\n<h5><strong>Com podem utilitzar el material?<\/strong><\/h5>\n<p><strong>Formant part de la campanya\u00a0<em>Let\u2019s Clean Up Europe<\/em><\/strong>. L\u2019escola s\u2019inscriu a la campanya mitjan\u00e7ant enlla\u00e7\u00a0<a href=\"https:\/\/sdr.arc.cat\/prevencio\/GetLoginPrevencio.do\" target=\"_blank\" rel=\"noopener\">SDR.\u00a0<\/a>Hi ha formacions virtuals disponibles al\u00a0<a href=\"https:\/\/residus.gencat.cat\/ca\/ambits_dactuacio\/prevencio\/setmana_europea\/lets_clean_up_europe\/\" target=\"_blank\" rel=\"noopener\">web<\/a>.<\/p>\n<p><strong>Com organitzar una acci\u00f3 de neteja:<\/strong>\u00a0Es disposa del\u00a0<a href=\"https:\/\/residus.gencat.cat\/web\/.content\/home\/ambits_dactuacio\/prevencio\/setmana_europea_prevencio_de_residus\/lcue\/Manual_per_organitzar_accio_neteja.pdf\" target=\"_blank\" rel=\"noopener\">Manual de com organitzar una acci\u00f3 de neteja i la guia metodol\u00f2gica<\/a>\u00a0vinculada al servei comunitari.<br \/>\nLes escoles tenen 3 formes de participar:<\/p>\n<ul>\n<li>Senzilla: Recollir residus, separar per grans fraccions i pesar, i debatre les\u00a0<a href=\"https:\/\/residus.gencat.cat\/web\/.content\/home\/ambits_dactuacio\/prevencio\/setmana_europea_prevencio_de_residus\/lcue\/altres_recursos\/mesures_preventives.pdf\" target=\"_blank\" rel=\"noopener\">mesures per evitar nous abocaments<\/a>, traslladant conclusions als responsables de l\u2019espai.<\/li>\n<li>Cient\u00edfic: Fer un mostreig per caracteritzar els residus de 600m2:\u00a0<a href=\"https:\/\/vertidoscero.com\/litter-terrestre\/\" target=\"_blank\" rel=\"noopener\">App eLitter<\/a>\u00a0(boscs i rius) i\u00a0<a href=\"https:\/\/vertidoscero.com\/marnoba\/\" target=\"_blank\" rel=\"noopener\">App Marnoba<\/a>\u00a0(Platges).<\/li>\n<li>Pro: Fotografiar per geolocalitzar els residus recollits i analitzar dades:\u00a0<a href=\"https:\/\/www.litterati.org\/\" target=\"_blank\" rel=\"noopener\">App Litterati<\/a>\u00a0unint-se al\u00a0<a href=\"https:\/\/www.youtube.com\/watch?v=Z6KQGW3Bn3w\" target=\"_blank\" rel=\"noopener\">repte Catalunya Clean Up Challenge (codi Catalunya)<\/a>.<\/li>\n<\/ul>\n<p>Un cop finalitzada, l\u2019escola<strong>\u00a0retorna el kit net al CRP<\/strong> i enviar una imatge de la fitxa de resultats a trav\u00e9s del formulari de valoraci\u00f3 del\u00a0<a href=\"https:\/\/sdr.arc.cat\/prevencio\/GetLoginPrevencio.do\" target=\"_blank\" rel=\"noopener\">SDR<\/a>\u00a0o al correu\u00a0<strong>setmanaprevencio.arc@gencat.cat<\/strong><\/p>\n<p>Aquest kit ve acompanyat de diferents recursos did\u00e0ctics per treballar a l\u2019aula que podeu trobar en els seg\u00fcents enlla\u00e7os.<\/p>\n<p>1.\u00a0<a href=\"https:\/\/educacio.gencat.cat\/ca\/arees-actuacio\/centres-serveis-educatius\/projectes-educatius\/infantil-primaria-secundaria-batxillerat\/servei-comunitari\/index.html\" target=\"_blank\" rel=\"noopener\">Servei comunitari<\/a><\/p>\n<p>2. <a href=\"https:\/\/ewwr.eu\/take-part\/#LCUE\">Let&#8217;s CLEAN UP Europe<\/a><\/p>\n<p>3. <a href=\"https:\/\/serveiseducatius.xtec.cat\/altemporda\/xarxa-descoles-del-pn-cap-de-creus\/correcull-ae\/itineraris-correcull-ae\/\" target=\"_blank\" rel=\"noopener\">Correcull<\/a><\/p>\n<p>4. <a href=\"https:\/\/serveiseducatius.xtec.cat\/altemporda\/xarxa-descoles-del-pn-cap-de-creus\/biolectures\/\" target=\"_blank\" rel=\"noopener\">BioLectures<\/a><\/p>\n<h6><\/h6>\n<table style=\"width: 98.5606%; height: 547px;\">\n<tbody>\n<tr style=\"height: 547px;\">\n<td style=\"width: 51.0192%; height: 547px;\">\n<h6><strong>Calendari de pr\u00e9stec<\/strong><\/h6>\n<p>Podeu consultar la confirmaci\u00f3 de la sol\u00b7licitud al calendari\u00a0<em>Pr\u00e9stec kit Correcull<\/em><\/p>\n<p><iframe loading=\"lazy\" style=\"border: 0;\" src=\"https:\/\/calendar.google.com\/calendar\/embed?src=c_e198c93cfab9c73ed1aa1f4e83b175bd663378a7e4691281686e1291454d08db%40group.calendar.google.com&amp;ctz=Europe%2FParis\" width=\"600\" height=\"400\" frameborder=\"0\" scrolling=\"no\"><\/iframe><\/td>\n<td style=\"width: 17.1148%; height: 547px;\"><a href=\"https:\/\/docs.google.com\/forms\/d\/e\/1FAIpQLSdDVKKWP2kCwdrT2UGhWcfmkLD8IxpON4cz1f58gMXEew-0KA\/viewform?usp=sf_link\"><img loading=\"lazy\" decoding=\"async\" class=\"aligncenter wp-image-8610\" src=\"http:\/\/serveiseducatius.xtec.cat\/baixcamp\/wp-content\/uploads\/usu950\/2018\/09\/sol%C2%B7licitud-pr%C3%A9stec.png\" alt=\"\" width=\"181\" height=\"89\" \/><\/a><\/td>\n<td style=\"width: 30.7077%; height: 547px;\">\n<h6><strong>Condicions del pr\u00e9stec<\/strong><\/h6>\n<p>Durada: 20 dies aproximadament*<\/p>\n<p>Recollida i retorn del pr\u00e9stec:\u00a0<strong>de dilluns a divendres d\u201911h a 14h i de 16h a 18h<\/strong><br \/>\n(dins del per\u00edode del pr\u00e9stec sol\u00b7licitat).<\/p>\n<h6><strong>Normes d\u2019\u00fas<\/strong><\/h6>\n<ul>\n<li>\u00c9s responsabilitat de l\u2019usuari assegurar-se del correcte funcionament del material, a l\u2019inici de la reserva.<\/li>\n<li>Qualsevol p\u00e8rdua o desperfecte del material ser\u00e0 responsabilitat del centre educatiu, que haur\u00e0 de reposar-lo.<\/li>\n<li>Cal comunicar qualsevol incid\u00e8ncia que es produeixi durant el seu \u00fas.<\/li>\n<\/ul>\n<\/td>\n<\/tr>\n<\/tbody>\n<\/table>\n","protected":false},"excerpt":{"rendered":"<p>Des de l\u2019Ag\u00e8ncia de Residus de Catalunya\u00a0amb el suport del\u00a0Departament d\u2019Educaci\u00f3, s\u2019ha creat el\u00a0Kit Correcull, un recurs per als centres educatius que volen participar en les campanyes de recollides de residus en espais naturals, promovent serveis comunitaris i projectes d\u2019aprenentatge m\u00e9s vivencials, com \u00e9s la Campanya Europea\u00a0Let\u2019s Clean Up Europe! coordinada per l\u2019ARC i el [&hellip;]<\/p>\n","protected":false},"author":1,"featured_media":0,"parent":14114,"menu_order":300,"comment_status":"closed","ping_status":"closed","template":"page-templates\/side-menu.php","meta":{"_bbp_topic_count":0,"_bbp_reply_count":0,"_bbp_total_topic_count":0,"_bbp_total_reply_count":0,"_bbp_voice_count":0,"_bbp_anonymous_reply_count":0,"_bbp_topic_count_hidden":0,"_bbp_reply_count_hidden":0,"_bbp_forum_subforum_count":0,"site-sidebar-layout":"default","site-content-layout":"","ast-site-content-layout":"default","site-content-style":"default","site-sidebar-style":"default","ast-global-header-display":"","ast-banner-title-visibility":"","ast-main-header-display":"","ast-hfb-above-header-display":"","ast-hfb-below-header-display":"","ast-hfb-mobile-header-display":"","site-post-title":"","ast-breadcrumbs-content":"","ast-featured-img":"","footer-sml-layout":"","theme-transparent-header-meta":"","adv-header-id-meta":"","stick-header-meta":"","header-above-stick-meta":"","header-main-stick-meta":"","header-below-stick-meta":"","astra-migrate-meta-layouts":"set","ast-page-background-enabled":"default","ast-page-background-meta":{"desktop":{"background-color":"var(--ast-global-color-4)","background-image":"","background-repeat":"repeat","background-position":"center center","background-size":"auto","background-attachment":"scroll","background-type":"","background-media":"","overlay-type":"","overlay-color":"","overlay-opacity":"","overlay-gradient":""},"tablet":{"background-color":"","background-image":"","background-repeat":"repeat","background-position":"center center","background-size":"auto","background-attachment":"scroll","background-type":"","background-media":"","overlay-type":"","overlay-color":"","overlay-opacity":"","overlay-gradient":""},"mobile":{"background-color":"","background-image":"","background-repeat":"repeat","background-position":"center center","background-size":"auto","background-attachment":"scroll","background-type":"","background-media":"","overlay-type":"","overlay-color":"","overlay-opacity":"","overlay-gradient":""}},"ast-content-background-meta":{"desktop":{"background-color":"var(--ast-global-color-5)","background-image":"","background-repeat":"repeat","background-position":"center center","background-size":"auto","background-attachment":"scroll","background-type":"","background-media":"","overlay-type":"","overlay-color":"","overlay-opacity":"","overlay-gradient":""},"tablet":{"background-color":"var(--ast-global-color-5)","background-image":"","background-repeat":"repeat","background-position":"center center","background-size":"auto","background-attachment":"scroll","background-type":"","background-media":"","overlay-type":"","overlay-color":"","overlay-opacity":"","overlay-gradient":""},"mobile":{"background-color":"var(--ast-global-color-5)","background-image":"","background-repeat":"repeat","background-position":"center center","background-size":"auto","background-attachment":"scroll","background-type":"","background-media":"","overlay-type":"","overlay-color":"","overlay-opacity":"","overlay-gradient":""}},"footnotes":""},"class_list":["post-14889","page","type-page","status-publish","hentry"],"post_mailing_queue_ids":[],"_links":{"self":[{"href":"https:\/\/serveiseducatius.xtec.cat\/baixcamp\/wp-json\/wp\/v2\/pages\/14889","targetHints":{"allow":["GET"]}}],"collection":[{"href":"https:\/\/serveiseducatius.xtec.cat\/baixcamp\/wp-json\/wp\/v2\/pages"}],"about":[{"href":"https:\/\/serveiseducatius.xtec.cat\/baixcamp\/wp-json\/wp\/v2\/types\/page"}],"author":[{"embeddable":true,"href":"https:\/\/serveiseducatius.xtec.cat\/baixcamp\/wp-json\/wp\/v2\/users\/1"}],"replies":[{"embeddable":true,"href":"https:\/\/serveiseducatius.xtec.cat\/baixcamp\/wp-json\/wp\/v2\/comments?post=14889"}],"version-history":[{"count":6,"href":"https:\/\/serveiseducatius.xtec.cat\/baixcamp\/wp-json\/wp\/v2\/pages\/14889\/revisions"}],"predecessor-version":[{"id":16627,"href":"https:\/\/serveiseducatius.xtec.cat\/baixcamp\/wp-json\/wp\/v2\/pages\/14889\/revisions\/16627"}],"up":[{"embeddable":true,"href":"https:\/\/serveiseducatius.xtec.cat\/baixcamp\/wp-json\/wp\/v2\/pages\/14114"}],"wp:attachment":[{"href":"https:\/\/serveiseducatius.xtec.cat\/baixcamp\/wp-json\/wp\/v2\/media?parent=14889"}],"curies":[{"name":"wp","href":"https:\/\/api.w.org\/{rel}","templated":true}]}}