{"id":14305,"date":"2023-02-03T17:15:35","date_gmt":"2023-02-03T16:15:35","guid":{"rendered":"https:\/\/serveiseducatius.xtec.cat\/baixcamp\/?page_id=14305"},"modified":"2023-03-29T12:49:42","modified_gmt":"2023-03-29T10:49:42","slug":"escalem-domenech-i-montaner","status":"publish","type":"page","link":"https:\/\/serveiseducatius.xtec.cat\/baixcamp\/dinamitzacions\/2023dim-una-provocacio-a-laprenentatge\/escalem-domenech-i-montaner\/","title":{"rendered":"Escalem Dom\u00e8nech i Montaner"},"content":{"rendered":"<h6 class=\"_04xlpA direction-ltr align-center para-style-body\"><span class=\"S1PPyQ\">Proposta educativa destinada a l&#8217;alumnat de prim\u00e0ria<img loading=\"lazy\" decoding=\"async\" class=\"alignright wp-image-14306\" src=\"https:\/\/serveiseducatius.xtec.cat\/baixcamp\/wp-content\/uploads\/usu950\/2023\/02\/Matematiques-Coneixement-del-medi-natural-social-i-cultural.png\" alt=\"\" width=\"200\" height=\"200\" srcset=\"https:\/\/serveiseducatius.xtec.cat\/baixcamp\/wp-content\/uploads\/usu950\/2023\/02\/Matematiques-Coneixement-del-medi-natural-social-i-cultural.png 400w, https:\/\/serveiseducatius.xtec.cat\/baixcamp\/wp-content\/uploads\/usu950\/2023\/02\/Matematiques-Coneixement-del-medi-natural-social-i-cultural-300x300.png 300w, https:\/\/serveiseducatius.xtec.cat\/baixcamp\/wp-content\/uploads\/usu950\/2023\/02\/Matematiques-Coneixement-del-medi-natural-social-i-cultural-150x150.png 150w\" sizes=\"auto, (max-width: 200px) 100vw, 200px\" \/><\/span><\/h6>\n<h6 class=\"_04xlpA direction-ltr align-center para-style-body\"><span class=\"S1PPyQ\">Material per al professorat<\/span><\/h6>\n<p>Organitza: <strong>Arxiu municipal i comarcal de Reus<\/strong><\/p>\n<p class=\"_04xlpA direction-ltr align-justify para-style-body\"><span class=\"S1PPyQ\">L\u2019activitat es centrar\u00e0 en <strong>la descoberta de la <\/strong><\/span><strong><span class=\"S1PPyQ\">documentaci\u00f3<\/span><span class=\"S1PPyQ\"> que d\u2019aquest arquitecte s\u2019ha <\/span><span class=\"S1PPyQ\">conservat<\/span><\/strong><span class=\"S1PPyQ\"><strong> a l&#8217;arxiu<\/strong>. Es tracta de <\/span><span class=\"S1PPyQ\">pl\u00e0nols i dibuixos signats per ell<\/span><span class=\"S1PPyQ\">. D\u2019aquesta manera volem donar a con\u00e8ixer als alumnes, mestres i la ciutadania en general la seva obra.<\/span><\/p>\n<p class=\"_04xlpA direction-ltr align-justify para-style-body\"><span class=\"S1PPyQ\">Algunes d\u2019elles molt emblem\u00e0tiques com la casa Nav\u00e0s de la Pla\u00e7a del Mercadal i d&#8217;altres del tot desconegudes perqu\u00e8 no es van arribar a realitzar. <strong>S&#8217;<\/strong><\/span><strong><span class=\"S1PPyQ\">exposar\u00e0<\/span><\/strong><span class=\"S1PPyQ\"> aquest material al vest\u00edbul de l&#8217;Arxiu. S&#8217;acompanyar\u00e0 amb una <\/span><span class=\"S1PPyQ\"><strong>confer\u00e8ncia<\/strong> sobre les obres reusenques de l\u2019arquitecte.<\/span><\/p>\n<p class=\"_04xlpA direction-ltr align-justify para-style-body\"><strong><span class=\"S1PPyQ\">A<\/span> <span class=\"S1PPyQ\">l&#8217;abril i al maig <\/span><\/strong><span class=\"S1PPyQ\">l&#8217;arxiu oferir\u00e0 als <\/span><span class=\"S1PPyQ\">centres educatius <\/span><span class=\"S1PPyQ\">la possibilitat<\/span> <span class=\"S1PPyQ\">de <\/span><strong><span class=\"S1PPyQ\">consultar<\/span> <span class=\"S1PPyQ\">les fonts prim\u00e0ries<\/span><\/strong><span class=\"S1PPyQ\"><strong> per con\u00e8ixer els pl\u00e0nols creats per l\u2019arquitecte<\/strong> i des del CRP donarem suport i orientacions per tal de <strong>poder <\/strong><\/span><strong><span class=\"S1PPyQ\">reproduir-los <\/span><span class=\"S1PPyQ\">de manera creativa <\/span><span class=\"S1PPyQ\">en el seu pati<\/span><\/strong><span class=\"S1PPyQ\"> ajudant a treballar amb els alumnes <\/span><span class=\"S1PPyQ\">conceptes matem\u00e0tics<\/span><span class=\"S1PPyQ\"> com l\u2019escala per\u00f2 tamb\u00e9 <\/span><span class=\"S1PPyQ\">processos de documentaci\u00f3<\/span><span class=\"S1PPyQ\"> i <\/span><span class=\"S1PPyQ\">recollida d\u2019evid\u00e8ncies d\u2019aprenentatge<\/span><span class=\"S1PPyQ\">.<\/span><\/p>\n<p class=\"_04xlpA direction-ltr align-justify para-style-body\"><span class=\"S1PPyQ\">Durant el mes de <\/span><span class=\"S1PPyQ\">juny<\/span><span class=\"S1PPyQ\"> es <\/span><span class=\"S1PPyQ\">mostrar\u00e0<\/span><span class=\"S1PPyQ\"> en un espai emblem\u00e0tic el <\/span><span class=\"S1PPyQ\">material generat<\/span><span class=\"S1PPyQ\">.<\/span><\/p>\n<p>Presentaci\u00f3 de la proposta did\u00e0ctica:<br \/>\n<iframe loading=\"lazy\" title=\"YouTube video player\" src=\"https:\/\/www.youtube.com\/embed\/6kS-Woesujk\" width=\"800\" height=\"450\" frameborder=\"0\" allowfullscreen=\"allowfullscreen\"><span data-mce-type=\"bookmark\" style=\"display: inline-block; width: 0px; overflow: hidden; line-height: 0;\" class=\"mce_SELRES_start\">\ufeff<\/span><\/iframe><\/p>\n<p><a href=\"https:\/\/docs.google.com\/document\/d\/1aXa0bWf8h0eNPRiLyuD_CO50OP7pX4U3YREzA1jCPr8\/edit?usp=sharing\">Dossier per Educaci\u00f3 prim\u00e0ria<\/a><\/p>\n<p><a href=\"https:\/\/docs.google.com\/document\/d\/1hyrQEH4pMTUXOLKhtyF3Ch-YkX9VVMnC9bnlihrBLzs\/edit?usp=sharing\">Dossier per Educaci\u00f3 secund\u00e0ria<\/a><\/p>\n","protected":false},"excerpt":{"rendered":"<p>Proposta educativa destinada a l&#8217;alumnat de prim\u00e0ria Material per al professorat Organitza: Arxiu municipal i comarcal de Reus L\u2019activitat es centrar\u00e0 en la descoberta de la documentaci\u00f3 que d\u2019aquest arquitecte s\u2019ha conservat a l&#8217;arxiu. Es tracta de pl\u00e0nols i dibuixos signats per ell. D\u2019aquesta manera volem donar a con\u00e8ixer als alumnes, mestres i la ciutadania [&hellip;]<\/p>\n","protected":false},"author":1,"featured_media":0,"parent":14285,"menu_order":1,"comment_status":"closed","ping_status":"closed","template":"page-templates\/side-menu.php","meta":{"_bbp_topic_count":0,"_bbp_reply_count":0,"_bbp_total_topic_count":0,"_bbp_total_reply_count":0,"_bbp_voice_count":0,"_bbp_anonymous_reply_count":0,"_bbp_topic_count_hidden":0,"_bbp_reply_count_hidden":0,"_bbp_forum_subforum_count":0,"site-sidebar-layout":"default","site-content-layout":"","ast-site-content-layout":"","site-content-style":"default","site-sidebar-style":"default","ast-global-header-display":"","ast-banner-title-visibility":"","ast-main-header-display":"","ast-hfb-above-header-display":"","ast-hfb-below-header-display":"","ast-hfb-mobile-header-display":"","site-post-title":"","ast-breadcrumbs-content":"","ast-featured-img":"","footer-sml-layout":"","theme-transparent-header-meta":"","adv-header-id-meta":"","stick-header-meta":"","header-above-stick-meta":"","header-main-stick-meta":"","header-below-stick-meta":"","astra-migrate-meta-layouts":"default","ast-page-background-enabled":"default","ast-page-background-meta":{"desktop":{"background-color":"var(--ast-global-color-4)","background-image":"","background-repeat":"repeat","background-position":"center center","background-size":"auto","background-attachment":"scroll","background-type":"","background-media":"","overlay-type":"","overlay-color":"","overlay-opacity":"","overlay-gradient":""},"tablet":{"background-color":"","background-image":"","background-repeat":"repeat","background-position":"center center","background-size":"auto","background-attachment":"scroll","background-type":"","background-media":"","overlay-type":"","overlay-color":"","overlay-opacity":"","overlay-gradient":""},"mobile":{"background-color":"","background-image":"","background-repeat":"repeat","background-position":"center center","background-size":"auto","background-attachment":"scroll","background-type":"","background-media":"","overlay-type":"","overlay-color":"","overlay-opacity":"","overlay-gradient":""}},"ast-content-background-meta":{"desktop":{"background-color":"var(--ast-global-color-5)","background-image":"","background-repeat":"repeat","background-position":"center center","background-size":"auto","background-attachment":"scroll","background-type":"","background-media":"","overlay-type":"","overlay-color":"","overlay-opacity":"","overlay-gradient":""},"tablet":{"background-color":"var(--ast-global-color-5)","background-image":"","background-repeat":"repeat","background-position":"center center","background-size":"auto","background-attachment":"scroll","background-type":"","background-media":"","overlay-type":"","overlay-color":"","overlay-opacity":"","overlay-gradient":""},"mobile":{"background-color":"var(--ast-global-color-5)","background-image":"","background-repeat":"repeat","background-position":"center center","background-size":"auto","background-attachment":"scroll","background-type":"","background-media":"","overlay-type":"","overlay-color":"","overlay-opacity":"","overlay-gradient":""}},"footnotes":""},"class_list":["post-14305","page","type-page","status-publish","hentry"],"post_mailing_queue_ids":[],"_links":{"self":[{"href":"https:\/\/serveiseducatius.xtec.cat\/baixcamp\/wp-json\/wp\/v2\/pages\/14305","targetHints":{"allow":["GET"]}}],"collection":[{"href":"https:\/\/serveiseducatius.xtec.cat\/baixcamp\/wp-json\/wp\/v2\/pages"}],"about":[{"href":"https:\/\/serveiseducatius.xtec.cat\/baixcamp\/wp-json\/wp\/v2\/types\/page"}],"author":[{"embeddable":true,"href":"https:\/\/serveiseducatius.xtec.cat\/baixcamp\/wp-json\/wp\/v2\/users\/1"}],"replies":[{"embeddable":true,"href":"https:\/\/serveiseducatius.xtec.cat\/baixcamp\/wp-json\/wp\/v2\/comments?post=14305"}],"version-history":[{"count":2,"href":"https:\/\/serveiseducatius.xtec.cat\/baixcamp\/wp-json\/wp\/v2\/pages\/14305\/revisions"}],"predecessor-version":[{"id":14562,"href":"https:\/\/serveiseducatius.xtec.cat\/baixcamp\/wp-json\/wp\/v2\/pages\/14305\/revisions\/14562"}],"up":[{"embeddable":true,"href":"https:\/\/serveiseducatius.xtec.cat\/baixcamp\/wp-json\/wp\/v2\/pages\/14285"}],"wp:attachment":[{"href":"https:\/\/serveiseducatius.xtec.cat\/baixcamp\/wp-json\/wp\/v2\/media?parent=14305"}],"curies":[{"name":"wp","href":"https:\/\/api.w.org\/{rel}","templated":true}]}}

Escalem Domènech i Montaner

<h6 class="_04xlpA direction-ltr align-center para-style-body"><span class="S1PPyQ">Proposta educativa destinada a l&#8217;alumnat de primària<img loading="lazy" decoding="async" class="alignright wp-image-14306" src="https://serveiseducatius.xtec.cat/baixcamp/wp-content/uploads/usu950/2023/02/Matematiques-Coneixement-del-medi-natural-social-i-cultural.png" alt="" width="200" height="200" srcset="https://serveiseducatius.xtec.cat/baixcamp/wp-content/uploads/usu950/2023/02/Matematiques-Coneixement-del-medi-natural-social-i-cultural.png 400w, https://serveiseducatius.xtec.cat/baixcamp/wp-content/uploads/usu950/2023/02/Matematiques-Coneixement-del-medi-natural-social-i-cultural-300x300.png 300w, https://serveiseducatius.xtec.cat/baixcamp/wp-content/uploads/usu950/2023/02/Matematiques-Coneixement-del-medi-natural-social-i-cultural-150x150.png 150w" sizes="auto, (max-width: 200px) 100vw, 200px" /></span></h6>
<h6 class="_04xlpA direction-ltr align-center para-style-body"><span class="S1PPyQ">Material per al professorat</span></h6>
<p>Organitza: <strong>Arxiu municipal i comarcal de Reus</strong></p>
<p class="_04xlpA direction-ltr align-justify para-style-body"><span class="S1PPyQ">L’activitat es centrarà en <strong>la descoberta de la </strong></span><strong><span class="S1PPyQ">documentació</span><span class="S1PPyQ"> que d’aquest arquitecte s’ha </span><span class="S1PPyQ">conservat</span></strong><span class="S1PPyQ"><strong> a l&#8217;arxiu</strong>. Es tracta de </span><span class="S1PPyQ">plànols i dibuixos signats per ell</span><span class="S1PPyQ">. D’aquesta manera volem donar a conèixer als alumnes, mestres i la ciutadania en general la seva obra.</span></p>
<p class="_04xlpA direction-ltr align-justify para-style-body"><span class="S1PPyQ">Algunes d’elles molt emblemàtiques com la casa Navàs de la Plaça del Mercadal i d&#8217;altres del tot desconegudes perquè no es van arribar a realitzar. <strong>S&#8217;</strong></span><strong><span class="S1PPyQ">exposarà</span></strong><span class="S1PPyQ"> aquest material al vestíbul de l&#8217;Arxiu. S&#8217;acompanyarà amb una </span><span class="S1PPyQ"><strong>conferència</strong> sobre les obres reusenques de l’arquitecte.</span></p>
<p class="_04xlpA direction-ltr align-justify para-style-body"><strong><span class="S1PPyQ">A</span> <span class="S1PPyQ">l&#8217;abril i al maig </span></strong><span class="S1PPyQ">l&#8217;arxiu oferirà als </span><span class="S1PPyQ">centres educatius </span><span class="S1PPyQ">la possibilitat</span> <span class="S1PPyQ">de </span><strong><span class="S1PPyQ">consultar</span> <span class="S1PPyQ">les fonts primàries</span></strong><span class="S1PPyQ"><strong> per conèixer els plànols creats per l’arquitecte</strong> i des del CRP donarem suport i orientacions per tal de <strong>poder </strong></span><strong><span class="S1PPyQ">reproduir-los </span><span class="S1PPyQ">de manera creativa </span><span class="S1PPyQ">en el seu pati</span></strong><span class="S1PPyQ"> ajudant a treballar amb els alumnes </span><span class="S1PPyQ">conceptes matemàtics</span><span class="S1PPyQ"> com l’escala però també </span><span class="S1PPyQ">processos de documentació</span><span class="S1PPyQ"> i </span><span class="S1PPyQ">recollida d’evidències d’aprenentatge</span><span class="S1PPyQ">.</span></p>
<p class="_04xlpA direction-ltr align-justify para-style-body"><span class="S1PPyQ">Durant el mes de </span><span class="S1PPyQ">juny</span><span class="S1PPyQ"> es </span><span class="S1PPyQ">mostrarà</span><span class="S1PPyQ"> en un espai emblemàtic el </span><span class="S1PPyQ">material generat</span><span class="S1PPyQ">.</span></p>
<p>Presentació de la proposta didàctica:<br />
<iframe loading="lazy" title="YouTube video player" src="https://www.youtube.com/embed/6kS-Woesujk" width="800" height="450" frameborder="0" allowfullscreen="allowfullscreen"><span data-mce-type="bookmark" style="display: inline-block; width: 0px; overflow: hidden; line-height: 0;" class="mce_SELRES_start">﻿</span></iframe></p>
<p><a href="https://docs.google.com/document/d/1aXa0bWf8h0eNPRiLyuD_CO50OP7pX4U3YREzA1jCPr8/edit?usp=sharing">Dossier per Educació primària</a></p>
<p><a href="https://docs.google.com/document/d/1hyrQEH4pMTUXOLKhtyF3Ch-YkX9VVMnC9bnlihrBLzs/edit?usp=sharing">Dossier per Educació secundària</a></p>

<p>Proposta educativa destinada a l&#8217;alumnat de primària Material per al professorat Organitza: Arxiu municipal i comarcal de Reus L’activitat es centrarà en la descoberta de la documentació que d’aquest arquitecte s’ha conservat a l&#8217;arxiu. Es tracta de plànols i dibuixos signats per ell. D’aquesta manera volem donar a conèixer als alumnes, mestres i la ciutadania [&hellip;]</p>
