{"id":14296,"date":"2023-02-03T16:33:18","date_gmt":"2023-02-03T15:33:18","guid":{"rendered":"https:\/\/serveiseducatius.xtec.cat\/baixcamp\/?page_id=14296"},"modified":"2023-02-03T16:54:11","modified_gmt":"2023-02-03T15:54:11","slug":"museitzem-i-gamifiquem-linstitut","status":"publish","type":"page","link":"https:\/\/serveiseducatius.xtec.cat\/baixcamp\/dinamitzacions\/2023dim-una-provocacio-a-laprenentatge\/museitzem-i-gamifiquem-linstitut\/","title":{"rendered":"Muse\u00eftzem i gamifiquem l\u2019Institut"},"content":{"rendered":"<h6><span class=\"S1PPyQ\">Proposta educativa destinada a l&#8217;alumnat de prim\u00e0ria<img loading=\"lazy\" decoding=\"async\" class=\"alignright wp-image-14297\" src=\"https:\/\/serveiseducatius.xtec.cat\/baixcamp\/wp-content\/uploads\/usu950\/2023\/02\/Coneixement-del-medi-natural-social-i-cultural-150x150.png\" alt=\"\" width=\"200\" height=\"200\" srcset=\"https:\/\/serveiseducatius.xtec.cat\/baixcamp\/wp-content\/uploads\/usu950\/2023\/02\/Coneixement-del-medi-natural-social-i-cultural-150x150.png 150w, https:\/\/serveiseducatius.xtec.cat\/baixcamp\/wp-content\/uploads\/usu950\/2023\/02\/Coneixement-del-medi-natural-social-i-cultural-300x300.png 300w, https:\/\/serveiseducatius.xtec.cat\/baixcamp\/wp-content\/uploads\/usu950\/2023\/02\/Coneixement-del-medi-natural-social-i-cultural.png 400w\" sizes=\"auto, (max-width: 200px) 100vw, 200px\" \/><\/span><\/h6>\n<p>Organitza:<strong> Institut Dom\u00e8nech i Montaner (Reus)<\/strong><\/p>\n<p class=\"_04xlpA direction-ltr align-justify para-style-body\"><span class=\"S1PPyQ\">Aquesta activitat educativa inclou dos propostes. Per un costat la <\/span><strong><span class=\"S1PPyQ\">muse\u00eftzaci\u00f3<\/span><\/strong><span class=\"S1PPyQ\"> de l&#8217;institut amb la vida i obra de Dom\u00e8nech i Montaner que convida, durant els mesos de <\/span><span class=\"S1PPyQ\"><strong>maig i juny<\/strong>,<\/span><span class=\"S1PPyQ\"> a tots els escolars a fer-ne <\/span><strong><span class=\"S1PPyQ\">una visita guiada<\/span><\/strong><span class=\"S1PPyQ\"> duta a terme pels <\/span><strong><span class=\"S1PPyQ\">alumnes de 4t de l&#8217;ESO<\/span><\/strong><span class=\"S1PPyQ\"> que finalitzar\u00e0 amb una <\/span><strong><span class=\"S1PPyQ\">sessi\u00f3 de jocs tem\u00e0tics<\/span><\/strong><span class=\"S1PPyQ\"> al voltant del modernisme.<\/span><\/p>\n<p class=\"_04xlpA direction-ltr align-justify para-style-body\"><span class=\"S1PPyQ\">La segona proposta \u00e9s l&#8217;organitzaci\u00f3, el dia<\/span><strong><span class=\"S1PPyQ\"> 9 de juny<\/span><\/strong><span class=\"S1PPyQ\">, d&#8217;una jornada a la <\/span><span class=\"S1PPyQ\">Pla\u00e7a del Mercadal <\/span><span class=\"S1PPyQ\">de <\/span><span class=\"S1PPyQ\">jocs<\/span> <span class=\"S1PPyQ\">inspirats en l&#8217;obra de l&#8217;arquitecte. Tot el material estar\u00e0 dissenyat i elaborat pels alumnes de l&#8217;institut. Aquest material est\u00e0 dissenyat en un format itinerant per tal de posar-lo als servei dels centres c\u00edvics durant els mesos d&#8217;estiu i de les escoles durant l&#8217;\u00faltim trimestre de l&#8217;any.<\/span><\/p>\n<p>Presentaci\u00f3 de la proposta did\u00e0ctica<\/p>\n<p><iframe loading=\"lazy\" title=\"YouTube video player\" src=\"https:\/\/www.youtube.com\/embed\/Xt_a-hUokjw\" width=\"800\" height=\"450\" frameborder=\"0\" allowfullscreen=\"allowfullscreen\"><span data-mce-type=\"bookmark\" style=\"display: inline-block; width: 0px; overflow: hidden; line-height: 0;\" class=\"mce_SELRES_start\">\ufeff<\/span><span data-mce-type=\"bookmark\" style=\"display: inline-block; width: 0px; overflow: hidden; line-height: 0;\" class=\"mce_SELRES_start\">\ufeff<\/span><\/iframe><\/p>\n","protected":false},"excerpt":{"rendered":"<p>Proposta educativa destinada a l&#8217;alumnat de prim\u00e0ria Organitza: Institut Dom\u00e8nech i Montaner (Reus) Aquesta activitat educativa inclou dos propostes. Per un costat la muse\u00eftzaci\u00f3 de l&#8217;institut amb la vida i obra de Dom\u00e8nech i Montaner que convida, durant els mesos de maig i juny, a tots els escolars a fer-ne una visita guiada duta a [&hellip;]<\/p>\n","protected":false},"author":1,"featured_media":0,"parent":14285,"menu_order":1,"comment_status":"closed","ping_status":"closed","template":"page-templates\/side-menu.php","meta":{"_bbp_topic_count":0,"_bbp_reply_count":0,"_bbp_total_topic_count":0,"_bbp_total_reply_count":0,"_bbp_voice_count":0,"_bbp_anonymous_reply_count":0,"_bbp_topic_count_hidden":0,"_bbp_reply_count_hidden":0,"_bbp_forum_subforum_count":0,"site-sidebar-layout":"default","site-content-layout":"","ast-site-content-layout":"","site-content-style":"default","site-sidebar-style":"default","ast-global-header-display":"","ast-banner-title-visibility":"","ast-main-header-display":"","ast-hfb-above-header-display":"","ast-hfb-below-header-display":"","ast-hfb-mobile-header-display":"","site-post-title":"","ast-breadcrumbs-content":"","ast-featured-img":"","footer-sml-layout":"","theme-transparent-header-meta":"","adv-header-id-meta":"","stick-header-meta":"","header-above-stick-meta":"","header-main-stick-meta":"","header-below-stick-meta":"","astra-migrate-meta-layouts":"default","ast-page-background-enabled":"default","ast-page-background-meta":{"desktop":{"background-color":"var(--ast-global-color-4)","background-image":"","background-repeat":"repeat","background-position":"center center","background-size":"auto","background-attachment":"scroll","background-type":"","background-media":"","overlay-type":"","overlay-color":"","overlay-opacity":"","overlay-gradient":""},"tablet":{"background-color":"","background-image":"","background-repeat":"repeat","background-position":"center center","background-size":"auto","background-attachment":"scroll","background-type":"","background-media":"","overlay-type":"","overlay-color":"","overlay-opacity":"","overlay-gradient":""},"mobile":{"background-color":"","background-image":"","background-repeat":"repeat","background-position":"center center","background-size":"auto","background-attachment":"scroll","background-type":"","background-media":"","overlay-type":"","overlay-color":"","overlay-opacity":"","overlay-gradient":""}},"ast-content-background-meta":{"desktop":{"background-color":"var(--ast-global-color-5)","background-image":"","background-repeat":"repeat","background-position":"center center","background-size":"auto","background-attachment":"scroll","background-type":"","background-media":"","overlay-type":"","overlay-color":"","overlay-opacity":"","overlay-gradient":""},"tablet":{"background-color":"var(--ast-global-color-5)","background-image":"","background-repeat":"repeat","background-position":"center center","background-size":"auto","background-attachment":"scroll","background-type":"","background-media":"","overlay-type":"","overlay-color":"","overlay-opacity":"","overlay-gradient":""},"mobile":{"background-color":"var(--ast-global-color-5)","background-image":"","background-repeat":"repeat","background-position":"center center","background-size":"auto","background-attachment":"scroll","background-type":"","background-media":"","overlay-type":"","overlay-color":"","overlay-opacity":"","overlay-gradient":""}},"footnotes":""},"class_list":["post-14296","page","type-page","status-publish","hentry"],"post_mailing_queue_ids":[],"_links":{"self":[{"href":"https:\/\/serveiseducatius.xtec.cat\/baixcamp\/wp-json\/wp\/v2\/pages\/14296","targetHints":{"allow":["GET"]}}],"collection":[{"href":"https:\/\/serveiseducatius.xtec.cat\/baixcamp\/wp-json\/wp\/v2\/pages"}],"about":[{"href":"https:\/\/serveiseducatius.xtec.cat\/baixcamp\/wp-json\/wp\/v2\/types\/page"}],"author":[{"embeddable":true,"href":"https:\/\/serveiseducatius.xtec.cat\/baixcamp\/wp-json\/wp\/v2\/users\/1"}],"replies":[{"embeddable":true,"href":"https:\/\/serveiseducatius.xtec.cat\/baixcamp\/wp-json\/wp\/v2\/comments?post=14296"}],"version-history":[{"count":3,"href":"https:\/\/serveiseducatius.xtec.cat\/baixcamp\/wp-json\/wp\/v2\/pages\/14296\/revisions"}],"predecessor-version":[{"id":14300,"href":"https:\/\/serveiseducatius.xtec.cat\/baixcamp\/wp-json\/wp\/v2\/pages\/14296\/revisions\/14300"}],"up":[{"embeddable":true,"href":"https:\/\/serveiseducatius.xtec.cat\/baixcamp\/wp-json\/wp\/v2\/pages\/14285"}],"wp:attachment":[{"href":"https:\/\/serveiseducatius.xtec.cat\/baixcamp\/wp-json\/wp\/v2\/media?parent=14296"}],"curies":[{"name":"wp","href":"https:\/\/api.w.org\/{rel}","templated":true}]}}