{"id":13978,"date":"2022-09-06T14:21:09","date_gmt":"2022-09-06T12:21:09","guid":{"rendered":"https:\/\/serveiseducatius.xtec.cat\/baixcamp\/?page_id=13978"},"modified":"2022-10-03T16:05:34","modified_gmt":"2022-10-03T14:05:34","slug":"com-signar-electronicament","status":"publish","type":"page","link":"https:\/\/serveiseducatius.xtec.cat\/baixcamp\/formacio\/pla-de-formacio-de-zona-pfz\/zona-formadors\/com-signar-electronicament\/","title":{"rendered":"Com signar electr\u00f2nicament"},"content":{"rendered":"<header class=\"entry-header\">\n<h1 class=\"entry-title\">Quina validesa t\u00e9 una signatura digital?<\/h1>\n<\/header>\n<div class=\"entry-content\">\n<p>Quan signem un document amb un certificat digital aquest \u00e9s considerat l\u2019original perqu\u00e8 aquesta signatura t\u00e9 la mateixa validesa que una signatura manuscrita.<\/p>\n<p><strong>Per fer-ho cal:<\/strong><\/p>\n<p><strong>1. Disposar d\u2019un certificat digital de signatura electr\u00f2nica reconeguda<\/strong>.<\/p>\n<ul>\n<li style=\"list-style-type: none;\">\n<ul>\n<li><strong>idCAT<\/strong>\u00a0<strong>Certificat (*)<\/strong>: \u00e9s el sistema basat en un certificat digital en programari. Aquest sistema nom\u00e9s es pot demanar presencialment, ja que requereix comprovar la identitat del ciutad\u00e0 in situ:\n<ul>\n<li style=\"list-style-type: none;\">\n<ul>\n<li><a href=\"https:\/\/www.idcat.cat\/\">Web del certificat digital idCAT<\/a>.<\/li>\n<li><a href=\"https:\/\/suport-idcat.aoc.cat\/hc\/ca\">Portal de suport de l\u2019idCAT Certificat<\/a><\/li>\n<\/ul>\n<\/li>\n<li style=\"list-style-type: none;\"><sub>(*) no confondre amb <a href=\"https:\/\/suport-idcat.aoc.cat\/hc\/ca\/articles\/4417336203793-Difer%C3%A8ncies-entre-l-idCAT-M%C3%B2bil-i-l-idCAT-Certificat-digital\">idCAT m\u00f2bil<\/a>\u00a0<\/sub><\/li>\n<\/ul>\n<\/li>\n<li><strong>DNIe<\/strong>. En pot disposar qualsevol persona f\u00edsica que activi el certificat del carnet de DNI en una oficina expedidora de DNI i disposi d\u2019un codi secret. L\u2019usuari el pot usar tant per a les tasques relacionades amb les seves funcions al Departament (caldr\u00e0 posar en el document que se signa el c\u00e0rrec del signatari de la mateixa manera que es fa en els documents signats en paper), com tamb\u00e9 per a qualsevol altra activitat personal.<\/li>\n<\/ul>\n<\/li>\n<\/ul>\n<p><strong>2. Si utilitzeu el DNIe, disposar d\u2019un lector de targeta de certificats digitals. <\/strong><\/p>\n<p>Els <a href=\"https:\/\/projectes.xtec.cat\/edc\/docents\/\">dispositius docents<\/a> de la dotaci\u00f3 del <strong><a href=\"https:\/\/educacio.gencat.cat\/ca\/departament\/linies-estrategiques\/pla-educacio-digital\/\">Pla d&#8217;Educaci\u00f3 digital de Catalunya (PEDC)<\/a><\/strong> ja porten incorporat el lector de targetes intel\u00b7ligents necessari<\/p>\n<table style=\"border-collapse: collapse; width: 100%;\">\n<tbody>\n<tr>\n<td style=\"width: 27.2327%;\"><img loading=\"lazy\" decoding=\"async\" class=\"alignnone\" src=\"https:\/\/projectes.xtec.cat\/edc\/wp-content\/uploads\/usu2268\/2020\/10\/lenovo2.jpg\" width=\"298\" height=\"298\" \/><\/td>\n<td style=\"width: 72.7673%;\">Lenovo model Thinkbook 14 IIL, amb pantalla de 14\u2019\u2019, RAM de 8 GB i disc dur de 256 GB. El sistema operatiu \u00e9s Windows 10 amb m\u00e0quina virtual de Linkat.<\/p>\n<p>Cal recordar que es tracta d\u2019una eina de feina i no d\u2019\u00fas privat. \u00c9s per aix\u00f2 que est\u00e0 limitada la possibilitat d&#8217;instal\u00b7lar aplicacions, que ser\u00e0 supervisada i aprovada pel coordinador digital del centre.<\/p>\n<p>Tot i aix\u00f2, hi ha aplicacions com les de la signatura digital que no requereixen l&#8217;autoritzaci\u00f3 del coordinadores i es poden sol\u00b7licitar\u00a0 trav\u00e9s del <a href=\"https:\/\/projectes.xtec.cat\/edc\/wp-content\/uploads\/usu2268\/2021\/11\/20211122_manual_portal_aplicacions.pdf\">Portal d&#8217;Aplicacions Corporatiu.<\/a><\/td>\n<\/tr>\n<\/tbody>\n<\/table>\n<p><strong>3. Disposar d\u2019un programari per usar el certificat digital.<\/strong><\/p>\n<ul>\n<li>\n<ul>\n<li>Els programaris disponibles s\u00f3n\u00a0<strong>Acrobat Reader<\/strong>\u00a0i\u00a0<strong>Xolido Sign<\/strong>. Consulteu el pas a pas i els videotutorials per utilitzar-los.<\/li>\n<\/ul>\n<\/li>\n<\/ul>\n<table style=\"width: 65.7119%; height: 325px;\" border=\"1\" width=\"1054\" cellspacing=\"1\" cellpadding=\"5\">\n<tbody>\n<tr style=\"height: 33px;\">\n<td style=\"height: 66px;\" rowspan=\"2\" align=\"center\" valign=\"middle\" bgcolor=\"#eeeeee\"><strong>Programari<\/strong><\/td>\n<td style=\"height: 66px;\" rowspan=\"2\" align=\"center\" valign=\"middle\" bgcolor=\"#eeeeee\"><strong>Caracter\u00edstiques<\/strong><\/td>\n<td style=\"height: 33px;\" colspan=\"2\" bgcolor=\"#eeeeee\">\u00a0<strong>Pas a pas<br \/>\n<\/strong><\/td>\n<td style=\"height: 33px;\" colspan=\"2\" bgcolor=\"#eeeeee\">\u00a0<strong>Videotutorials<\/strong><\/td>\n<\/tr>\n<tr style=\"height: 33px;\">\n<td style=\"height: 33px;\" bgcolor=\"#eeeeee\"><strong>\u00a0<a href=\"https:\/\/www.dnielectronico.es\/PortalDNIe\/PRF1_Cons02.action?pag=REF_481&amp;id_menu=[8]\">DNIe<\/a><\/strong><\/td>\n<td style=\"height: 33px;\" bgcolor=\"#eeeeee\"><a href=\"https:\/\/suport-tcat.aoc.cat\/hc\/ca\/articles\/4413898446993-Primers-passos-amb-la-T-CAT-en-targeta-\"><strong>TCAT<\/strong><\/a><\/td>\n<td style=\"height: 33px;\" bgcolor=\"#eeeeee\"><strong>\u00a0DNIe<\/strong><\/td>\n<td style=\"height: 33px;\" bgcolor=\"#eeeeee\"><strong>TCAT<\/strong><\/td>\n<\/tr>\n<tr style=\"height: 83px;\">\n<td style=\"height: 192px;\" rowspan=\"2\" align=\"center\" valign=\"middle\"><img loading=\"lazy\" decoding=\"async\" class=\"alignnone wp-image-13979\" src=\"https:\/\/serveiseducatius.xtec.cat\/baixcamp\/wp-content\/uploads\/usu950\/2022\/09\/adobe.png\" alt=\"\" width=\"90\" height=\"90\" srcset=\"https:\/\/serveiseducatius.xtec.cat\/baixcamp\/wp-content\/uploads\/usu950\/2022\/09\/adobe.png 225w, https:\/\/serveiseducatius.xtec.cat\/baixcamp\/wp-content\/uploads\/usu950\/2022\/09\/adobe-150x150.png 150w\" sizes=\"auto, (max-width: 90px) 100vw, 90px\" \/><\/td>\n<td style=\"height: 83px;\"><strong>M\u00f2dul de signatura digital<\/strong><br \/>\nDisponible com a programari base per a tots els usuaris i d\u2019\u00fas preferent; no cal sol\u00b7licitar-lo.<\/td>\n<td style=\"height: 192px;\" rowspan=\"2\" align=\"center\" valign=\"middle\"><a href=\"https:\/\/documents.espai.educacio.gencat.cat\/IPCAministracioElectron\/AcrobatDNIe_Pas_a_pas.pdf\">pdf<\/a><\/td>\n<td style=\"height: 192px;\" rowspan=\"2\">&nbsp;<\/p>\n<p><a class=\"descargar\" title=\"Obre finestra nova (descarregar pdf)\" href=\"https:\/\/territori.gencat.cat\/web\/.content\/home\/06_territori_i_urbanisme\/08_tramitacio_electronica\/Manual_signatura_diligencia_electronica.pdf\" target=\"_blank\" rel=\"noopener noreferrer\">signatura i aparen\u00e7a<\/a><\/p>\n<p>&nbsp;<\/p>\n<p>&nbsp;<\/td>\n<td style=\"height: 83px;\"><a href=\"https:\/\/www.youtube.com\/watch?v=n74hA3d7E1c\">\u00a0video<\/a><\/td>\n<td style=\"height: 83px;\">\u00a0<a class=\"ico_video\" title=\"Descarregar v\u00eddeo\" href=\"http:\/\/educacio.gencat.cat\/documents\/IPCAministracioElectron\/Acrobat_TCAT_v1.0.mp4\" target=\"_blank\" rel=\"noopener noreferrer\">video<\/a><\/td>\n<\/tr>\n<tr style=\"height: 109px;\">\n<td style=\"height: 109px;\"><strong>Aparences<\/strong><br \/>\nOpci\u00f3 d\u2019afegir aparences de la caixa de la signatura diferents de l\u2019est\u00e0ndard (per ex. afegir una r\u00fabrica escanejada o ocultar el NIF).<\/td>\n<td style=\"height: 109px;\" colspan=\"2\"><\/td>\n<\/tr>\n<tr style=\"height: 67px;\">\n<td style=\"height: 67px;\" align=\"center\" valign=\"middle\"><img loading=\"lazy\" decoding=\"async\" class=\"alignnone wp-image-13981\" src=\"https:\/\/serveiseducatius.xtec.cat\/baixcamp\/wp-content\/uploads\/usu950\/2022\/09\/xoli.png\" alt=\"\" width=\"93\" height=\"93\" srcset=\"https:\/\/serveiseducatius.xtec.cat\/baixcamp\/wp-content\/uploads\/usu950\/2022\/09\/xoli.png 225w, https:\/\/serveiseducatius.xtec.cat\/baixcamp\/wp-content\/uploads\/usu950\/2022\/09\/xoli-150x150.png 150w\" sizes=\"auto, (max-width: 93px) 100vw, 93px\" \/><\/td>\n<td style=\"height: 67px;\"><strong>M\u00f2dul de multisignatura digital<br \/>\n<\/strong>Disponible com a programari base per a tots els usuaris i d\u2019\u00fas preferent; no cal sol\u00b7licitar-lo.<\/td>\n<td style=\"height: 67px;\">\u00a0<a class=\"ico_video\" title=\"Descarregar v\u00eddeo\" href=\"https:\/\/webseu.selva.cat\/files\/PDF\/manual-signar-digitalment.pdf\">pdf<\/a><\/td>\n<td style=\"height: 67px;\">\u00a0\u2014<\/td>\n<td style=\"height: 67px;\">\u00a0<a class=\"ico_video\" title=\"Descarregar v\u00eddeo\" href=\"https:\/\/www.youtube.com\/watch?v=B9pxpXmjdVk\" target=\"_blank\" rel=\"noopener noreferrer\">video<\/a><\/td>\n<td style=\"height: 67px;\"><\/td>\n<\/tr>\n<\/tbody>\n<\/table>\n<h4><\/h4>\n<h4 class=\"subtitle\">Q\u00fcestions que cal tenir en compte<\/h4>\n<ul>\n<li>Un document pot ser signat per diverses persones.<\/li>\n<li>En un document signat electr\u00f2nicament \u00e9s possible realitzar modificacions amb l\u2019Adobe professional, per\u00f2<strong>\u00a0tot canvi posterior a la signatura quedar\u00e0 indicat en el tauler de signatures<\/strong>\u00a0i per tant queda const\u00e0ncia de la modificaci\u00f3.<\/li>\n<li>La\u00a0<strong>validesa de la signatura<\/strong>\u00a0incrustada no ve determinada per la seva visibilitat (que es vegi la caixa de la signatura en el document). La informaci\u00f3 sobre la validesa es pot consultar al\u00a0<em>Tauler de signatures<\/em>\u00a0del document PDF signat:si s\u2019ha marcat l\u2019<strong>opci\u00f3 de verificar signatures<\/strong>\u00a0a l\u2019Adobe Reader, es veu autom\u00e0ticament;\n<ul>\n<li style=\"list-style-type: none;\">\n<ul>\n<li style=\"list-style-type: none;\">\n<ul>\n<li>si est\u00e0 desmarcada, es mostra el missatge \u201c<em>com a m\u00ednim una signatura requereix validaci\u00f3<\/em>\u201c. Per validar-la cal clicar a \u201c<em>Valida-ho tot<\/em>\u201c. Si la signatura original \u00e9s v\u00e0lida, queda validada autom\u00e0ticament; si est\u00e0 revocada, informa d\u2019aquest estat de revocaci\u00f3.<\/li>\n<\/ul>\n<\/li>\n<\/ul>\n<\/li>\n<\/ul>\n<\/li>\n<li>La signatura sempre ha d\u2019incorporar el\u00a0<strong>segell de temps<\/strong>, amb la data i hora en qu\u00e8 s\u2019ha signat. Per evitar confusions, el document no ha d\u2019incloure la data en qu\u00e8 s\u2019ha elaborat:\u00a0<strong>la data v\u00e0lida \u00e9s sempre la data de la signatura electr\u00f2nica<\/strong>.<\/li>\n<\/ul>\n<div class=\"addtoany_share_save_container addtoany_content addtoany_content_bottom\">\n<div class=\"a2a_kit a2a_kit_size_25 addtoany_list\" data-a2a-url=\"https:\/\/serveiseducatius.xtec.cat\/altemporda\/formacio\/zona-formadors\/com-signar-electronicament\/\" data-a2a-title=\"Com signar electr\u00f2nicament\"><\/div>\n<\/div>\n<\/div>\n","protected":false},"excerpt":{"rendered":"<p>Quina validesa t\u00e9 una signatura digital? Quan signem un document amb un certificat digital aquest \u00e9s considerat l\u2019original perqu\u00e8 aquesta signatura t\u00e9 la mateixa validesa que una signatura manuscrita. Per fer-ho cal: 1. Disposar d\u2019un certificat digital de signatura electr\u00f2nica reconeguda. idCAT\u00a0Certificat (*): \u00e9s el sistema basat en un certificat digital en programari. Aquest sistema [&hellip;]<\/p>\n","protected":false},"author":122,"featured_media":0,"parent":548,"menu_order":1,"comment_status":"closed","ping_status":"closed","template":"page-templates\/side-menu.php","meta":{"_bbp_topic_count":0,"_bbp_reply_count":0,"_bbp_total_topic_count":0,"_bbp_total_reply_count":0,"_bbp_voice_count":0,"_bbp_anonymous_reply_count":0,"_bbp_topic_count_hidden":0,"_bbp_reply_count_hidden":0,"_bbp_forum_subforum_count":0,"site-sidebar-layout":"default","site-content-layout":"","ast-site-content-layout":"","site-content-style":"default","site-sidebar-style":"default","ast-global-header-display":"","ast-banner-title-visibility":"","ast-main-header-display":"","ast-hfb-above-header-display":"","ast-hfb-below-header-display":"","ast-hfb-mobile-header-display":"","site-post-title":"","ast-breadcrumbs-content":"","ast-featured-img":"","footer-sml-layout":"","theme-transparent-header-meta":"","adv-header-id-meta":"","stick-header-meta":"","header-above-stick-meta":"","header-main-stick-meta":"","header-below-stick-meta":"","astra-migrate-meta-layouts":"default","ast-page-background-enabled":"default","ast-page-background-meta":{"desktop":{"background-color":"var(--ast-global-color-4)","background-image":"","background-repeat":"repeat","background-position":"center center","background-size":"auto","background-attachment":"scroll","background-type":"","background-media":"","overlay-type":"","overlay-color":"","overlay-opacity":"","overlay-gradient":""},"tablet":{"background-color":"","background-image":"","background-repeat":"repeat","background-position":"center center","background-size":"auto","background-attachment":"scroll","background-type":"","background-media":"","overlay-type":"","overlay-color":"","overlay-opacity":"","overlay-gradient":""},"mobile":{"background-color":"","background-image":"","background-repeat":"repeat","background-position":"center center","background-size":"auto","background-attachment":"scroll","background-type":"","background-media":"","overlay-type":"","overlay-color":"","overlay-opacity":"","overlay-gradient":""}},"ast-content-background-meta":{"desktop":{"background-color":"var(--ast-global-color-5)","background-image":"","background-repeat":"repeat","background-position":"center center","background-size":"auto","background-attachment":"scroll","background-type":"","background-media":"","overlay-type":"","overlay-color":"","overlay-opacity":"","overlay-gradient":""},"tablet":{"background-color":"var(--ast-global-color-5)","background-image":"","background-repeat":"repeat","background-position":"center center","background-size":"auto","background-attachment":"scroll","background-type":"","background-media":"","overlay-type":"","overlay-color":"","overlay-opacity":"","overlay-gradient":""},"mobile":{"background-color":"var(--ast-global-color-5)","background-image":"","background-repeat":"repeat","background-position":"center center","background-size":"auto","background-attachment":"scroll","background-type":"","background-media":"","overlay-type":"","overlay-color":"","overlay-opacity":"","overlay-gradient":""}},"footnotes":""},"class_list":["post-13978","page","type-page","status-publish","hentry"],"post_mailing_queue_ids":[],"_links":{"self":[{"href":"https:\/\/serveiseducatius.xtec.cat\/baixcamp\/wp-json\/wp\/v2\/pages\/13978","targetHints":{"allow":["GET"]}}],"collection":[{"href":"https:\/\/serveiseducatius.xtec.cat\/baixcamp\/wp-json\/wp\/v2\/pages"}],"about":[{"href":"https:\/\/serveiseducatius.xtec.cat\/baixcamp\/wp-json\/wp\/v2\/types\/page"}],"author":[{"embeddable":true,"href":"https:\/\/serveiseducatius.xtec.cat\/baixcamp\/wp-json\/wp\/v2\/users\/122"}],"replies":[{"embeddable":true,"href":"https:\/\/serveiseducatius.xtec.cat\/baixcamp\/wp-json\/wp\/v2\/comments?post=13978"}],"version-history":[{"count":3,"href":"https:\/\/serveiseducatius.xtec.cat\/baixcamp\/wp-json\/wp\/v2\/pages\/13978\/revisions"}],"predecessor-version":[{"id":14040,"href":"https:\/\/serveiseducatius.xtec.cat\/baixcamp\/wp-json\/wp\/v2\/pages\/13978\/revisions\/14040"}],"up":[{"embeddable":true,"href":"https:\/\/serveiseducatius.xtec.cat\/baixcamp\/wp-json\/wp\/v2\/pages\/548"}],"wp:attachment":[{"href":"https:\/\/serveiseducatius.xtec.cat\/baixcamp\/wp-json\/wp\/v2\/media?parent=13978"}],"curies":[{"name":"wp","href":"https:\/\/api.w.org\/{rel}","templated":true}]}}