{"id":1357,"date":"2016-04-11T11:20:50","date_gmt":"2016-04-11T09:20:50","guid":{"rendered":"http:\/\/serveiseducatius.xtec.cat\/baixcamp\/?page_id=1357"},"modified":"2025-09-26T13:43:25","modified_gmt":"2025-09-26T11:43:25","slug":"crp","status":"publish","type":"page","link":"https:\/\/serveiseducatius.xtec.cat\/baixcamp\/el-servei-educatiu\/crp\/","title":{"rendered":"CRP"},"content":{"rendered":"<p>El Centre de Recursos Pedag\u00f2gics del Baix Camp dona suport a l\u2019activitat pedag\u00f2gica dels centres i a la tasca docent especialment en temes de formaci\u00f3 permanent, de recursos pedag\u00f2gics i de dinamitzaci\u00f3 de projectes de centre i de la comarca.<\/p>\n<h6><strong>El nostre equip<\/strong><\/h6>\n<p><span style=\"color: #993366;\"><strong>Anna Par\u00e9s Martinez<\/strong><\/span><\/p>\n<p><span style=\"font-weight: 400;\">Direcci\u00f3 del CRP<\/span><\/p>\n<p><span style=\"font-weight: 400;\">Referent dels centres educatius de prim\u00e0ria de comarca, CEE i Llars d\u2019infants. <\/span><span style=\"font-weight: 400;\">Gesti\u00f3 del PFZ<\/span><\/p>\n<p><span style=\"font-weight: 400;\">Referent del programa AraArt, Laboratori de Matem\u00e0tiques, FAIG, Xarxa de Compet\u00e8ncies, Suport Vital B\u00e0sic, Mostra de Teatre, Pla Educatiu d&#8217;Entorn<\/span><\/p>\n<p><span style=\"font-weight: 400;\">Col\u00b7laboradora TEDEd, XaTME, F\u00f2rum TRiCS<\/span><\/p>\n<p><span style=\"font-weight: 400;\">Secret\u00e0ria comissi\u00f3 compet\u00e8ncies b\u00e0siques 6\u00e8 Prim\u00e0ria (TAR-03)<\/span><\/p>\n<p><span style=\"color: #993366;\"><b><strong>Maria Llevat<\/strong><\/b><\/span><\/p>\n<p><span style=\"font-weight: 400;\">Referent dels centres educatius de secund\u00e0ria de comarca i altres centres de prim\u00e0ria. Gesti\u00f3 del PFZ<\/span><\/p>\n<p><span style=\"font-weight: 400;\">Referent de la Xarxa Transformaci\u00f3 Millora Educativa, Faristols Menuts, Dinamitzaci\u00f3 de la Biblioteca Escolar<\/span><\/p>\n<p><span style=\"font-weight: 400;\"> Col\u00b7laboradora Mostra de Teatre, Subxarxa de Cultura Digital, F\u00f2rum TRiCS<\/span><\/p>\n<p><span style=\"font-weight: 400;\">Secret\u00e0ria comissi\u00f3 compet\u00e8ncies b\u00e0siques 4t ESO (TAR-04)<\/span><\/p>\n<p><span style=\"color: #993366;\"><strong>Bel\u00e9n Mart\u00edn<\/strong><\/span><\/p>\n<p><span style=\"font-weight: 400;\">Referent dels centres educatius de prim\u00e0ria de Reus i ZER\u2019s (Baix Camp Nord i Baix Camp Sud). Gesti\u00f3 del PFZ<\/span><\/p>\n<p><span style=\"font-weight: 400;\">Referent de la gesti\u00f3 de pr\u00e9stec, TED Ed<\/span><\/p>\n<p><span style=\"font-weight: 400;\">Col\u00b7laboradora Xarxa de Compet\u00e8ncies (XdC), Fira Tastet de Ci\u00e8ncia i F\u00f2rum TRiCS<\/span><\/p>\n<p><span style=\"font-weight: 400;\">Secret\u00e0ria comissi\u00f3 compet\u00e8ncies b\u00e0siques 6\u00e8 Prim\u00e0ria (TAR-04)<\/span><\/p>\n<p><span style=\"color: #993366;\"><strong>David P\u00e0mies<\/strong><\/span><\/p>\n<p><span style=\"font-weight: 400;\">Referent dels centres educatius de secund\u00e0ria de Reus i CFA. Gesti\u00f3 del PFZ<\/span><\/p>\n<p><span style=\"font-weight: 400;\"> Referent TIC, subxarxa de Coordinaci\u00f3 Digital i Comissi\u00f3 Digital, suport als centres en la gesti\u00f3 de NODES, maquinari i programari. STEAMcat, <\/span><span style=\"font-weight: 400;\">Fira Tastet de Ci\u00e8ncia, Riscos Laborals i programa Escoles Verdes<\/span><\/p>\n<p><span style=\"font-weight: 400;\">Col\u00b7laborador gesti\u00f3 de pr\u00e9stec, F\u00f2rum TRiCS<\/span><\/p>\n<p><span style=\"font-weight: 400;\">Secretari comissi\u00f3 compet\u00e8ncies b\u00e0siques 4t ESO (TAR-03)<\/span><\/p>\n<p><span style=\"color: #993366;\"><strong>Pep Ot\u00edn<\/strong><\/span><\/p>\n<p>Educador Social del Servei d&#8217;Orientaci\u00f3 Acad\u00e8mica i Participaci\u00f3 de l&#8217;Alumnat, en concret dins del programa Reconnect-ES<\/p>\n<h3><span style=\"color: revert; font-size: revert; font-weight: revert;\">\u200b<\/span><strong style=\"color: revert; font-size: revert;\">Les nostres tasques<\/strong><\/h3>\n<ul>\n<li>Suport i assessorament a projectes de centre (FAIG, TAC, Biblioteca Escolar, Servei Comunitari, Escoles Verdes, Xarxa de Compet\u00e8ncies B\u00e0siques, Xarxa Territorial de Transformaci\u00f3 Educativa, etc).<\/li>\n<li>Disseny i organitzaci\u00f3 d\u2019activitats de dinamitzaci\u00f3 de la zona per projectar la figura de l\u2019alumne com a protagonista del seu aprenentatge (TED Ed, Mostra de Teatre, Fira Tastet de Ci\u00e8ncia, Faristols Menuts, etc).<\/li>\n<li>Treball en xarxa entre els centres i amb les institucions i serveis de la zona.<\/li>\n<li>Coordinaci\u00f3 i organitzaci\u00f3 de les activitats del Pla de Formaci\u00f3 de Zona (PFZ) del Baix Camp, incloent-hi la gesti\u00f3 d\u2019activitats de coordinaci\u00f3 de grups de docents i la informaci\u00f3 i assessorament als centres en l\u2019avaluaci\u00f3 del seu aprofitament i de la transfer\u00e8ncia a l\u2019aula.<\/li>\n<li>Disseny, elaboraci\u00f3 i pr\u00e9stec de materials, recursos did\u00e0ctics i maletes pedag\u00f2giques.<\/li>\n<li>Acompanyament als centres per la innovaci\u00f3 metodol\u00f2gica i la inclusi\u00f3 de noves tecnologies i recursos digitals a l\u2019aula.<\/li>\n<\/ul>\n<p>L\u2019acc\u00e9s al servei \u00e9s a partir de demandes dels centres educatius, d\u2019equips docents, de grups de professorat o en la coordinaci\u00f3 amb altres serveis i agents educatius que actuen a la zona.<\/p>\n<h6><strong>Contacteu<\/strong><\/h6>\n<p>Podeu adre\u00e7ar les vostres demandes presencialment, per correu electr\u00f2nic i telef\u00f2nicament.<a href=\"mailto:e3990102@xtec.cat\">\u00a0\u00a0\u00a0\u00a0\u00a0\u00a0\u00a0\u00a0 <\/a><\/p>\n<ul>\n<li>977 31 27 04 extensi\u00f3 1<\/li>\n<li>e3990102@xtec.cat<\/li>\n<\/ul>\n<h2><strong>Horari d\u2019atenci\u00f3 al p\u00fablic<\/strong><\/h2>\n<p><strong>MAT\u00cd:<\/strong><\/p>\n<ul>\n<li>De dilluns a diivendres <strong>d&#8217;11 h a 14.30 h<\/strong><\/li>\n<\/ul>\n<p><strong>TARDES:<\/strong><\/p>\n<ul>\n<li>De dilluns a dijous <strong>de 16 h a 18 h<\/strong><\/li>\n<li>divendres <span style=\"color: #ff0000;\">(<b>amb cita pr\u00e8via)<\/b><\/span><\/li>\n<\/ul>\n<h3 class=\"wp-block-heading\"><strong>FAQs<\/strong><\/h3>\n<p><strong>Qui pot fer la demanda?<\/strong><\/p>\n<p>Els centres, mitjan\u00e7ant els seus equips de direcci\u00f3; els col\u00b7lectius de docents, d\u2019especialitat, de nivell, d\u2019interessos, etc.; els\u00a0docents directament i qualsevol entitat vinculada a l\u2019educaci\u00f3.<\/p>\n<p><strong>Com es fa la demanda?<\/strong><\/p>\n<p>Contactant amb el vostre referent de centre o escrivint directament al CRP (e3990102@xtec.cat) qui derivar\u00e0 la petici\u00f3 al professional m\u00e9s adient per la seva especificitat.<\/p>\n<h6><a href=\"http:\/\/xtec.gencat.cat\/ca\/serveis\/sez\/crp\/\" target=\"_blank\" rel=\"noopener noreferrer\"><strong>Per saber-ne m\u00e9s<\/strong><\/a><\/h6>\n","protected":false},"excerpt":{"rendered":"<p>El Centre de Recursos Pedag\u00f2gics del Baix Camp dona suport a l\u2019activitat pedag\u00f2gica dels centres i a la tasca docent especialment en temes de formaci\u00f3 permanent, de recursos pedag\u00f2gics i de dinamitzaci\u00f3 de projectes de centre i de la comarca. El nostre equip Anna Par\u00e9s Martinez Direcci\u00f3 del CRP Referent dels centres educatius de prim\u00e0ria [&hellip;]<\/p>\n","protected":false},"author":1,"featured_media":0,"parent":806,"menu_order":2,"comment_status":"closed","ping_status":"closed","template":"page-templates\/side-menu.php","meta":{"_bbp_topic_count":0,"_bbp_reply_count":0,"_bbp_total_topic_count":0,"_bbp_total_reply_count":0,"_bbp_voice_count":0,"_bbp_anonymous_reply_count":0,"_bbp_topic_count_hidden":0,"_bbp_reply_count_hidden":0,"_bbp_forum_subforum_count":0,"site-sidebar-layout":"default","site-content-layout":"","ast-site-content-layout":"default","site-content-style":"default","site-sidebar-style":"default","ast-global-header-display":"","ast-banner-title-visibility":"","ast-main-header-display":"","ast-hfb-above-header-display":"","ast-hfb-below-header-display":"","ast-hfb-mobile-header-display":"","site-post-title":"","ast-breadcrumbs-content":"","ast-featured-img":"","footer-sml-layout":"","theme-transparent-header-meta":"","adv-header-id-meta":"","stick-header-meta":"","header-above-stick-meta":"","header-main-stick-meta":"","header-below-stick-meta":"","astra-migrate-meta-layouts":"set","ast-page-background-enabled":"default","ast-page-background-meta":{"desktop":{"background-color":"var(--ast-global-color-4)","background-image":"","background-repeat":"repeat","background-position":"center center","background-size":"auto","background-attachment":"scroll","background-type":"","background-media":"","overlay-type":"","overlay-color":"","overlay-opacity":"","overlay-gradient":""},"tablet":{"background-color":"","background-image":"","background-repeat":"repeat","background-position":"center center","background-size":"auto","background-attachment":"scroll","background-type":"","background-media":"","overlay-type":"","overlay-color":"","overlay-opacity":"","overlay-gradient":""},"mobile":{"background-color":"","background-image":"","background-repeat":"repeat","background-position":"center center","background-size":"auto","background-attachment":"scroll","background-type":"","background-media":"","overlay-type":"","overlay-color":"","overlay-opacity":"","overlay-gradient":""}},"ast-content-background-meta":{"desktop":{"background-color":"var(--ast-global-color-5)","background-image":"","background-repeat":"repeat","background-position":"center center","background-size":"auto","background-attachment":"scroll","background-type":"","background-media":"","overlay-type":"","overlay-color":"","overlay-opacity":"","overlay-gradient":""},"tablet":{"background-color":"var(--ast-global-color-5)","background-image":"","background-repeat":"repeat","background-position":"center center","background-size":"auto","background-attachment":"scroll","background-type":"","background-media":"","overlay-type":"","overlay-color":"","overlay-opacity":"","overlay-gradient":""},"mobile":{"background-color":"var(--ast-global-color-5)","background-image":"","background-repeat":"repeat","background-position":"center center","background-size":"auto","background-attachment":"scroll","background-type":"","background-media":"","overlay-type":"","overlay-color":"","overlay-opacity":"","overlay-gradient":""}},"footnotes":""},"class_list":["post-1357","page","type-page","status-publish","hentry"],"post_mailing_queue_ids":[],"_links":{"self":[{"href":"https:\/\/serveiseducatius.xtec.cat\/baixcamp\/wp-json\/wp\/v2\/pages\/1357","targetHints":{"allow":["GET"]}}],"collection":[{"href":"https:\/\/serveiseducatius.xtec.cat\/baixcamp\/wp-json\/wp\/v2\/pages"}],"about":[{"href":"https:\/\/serveiseducatius.xtec.cat\/baixcamp\/wp-json\/wp\/v2\/types\/page"}],"author":[{"embeddable":true,"href":"https:\/\/serveiseducatius.xtec.cat\/baixcamp\/wp-json\/wp\/v2\/users\/1"}],"replies":[{"embeddable":true,"href":"https:\/\/serveiseducatius.xtec.cat\/baixcamp\/wp-json\/wp\/v2\/comments?post=1357"}],"version-history":[{"count":6,"href":"https:\/\/serveiseducatius.xtec.cat\/baixcamp\/wp-json\/wp\/v2\/pages\/1357\/revisions"}],"predecessor-version":[{"id":16166,"href":"https:\/\/serveiseducatius.xtec.cat\/baixcamp\/wp-json\/wp\/v2\/pages\/1357\/revisions\/16166"}],"up":[{"embeddable":true,"href":"https:\/\/serveiseducatius.xtec.cat\/baixcamp\/wp-json\/wp\/v2\/pages\/806"}],"wp:attachment":[{"href":"https:\/\/serveiseducatius.xtec.cat\/baixcamp\/wp-json\/wp\/v2\/media?parent=1357"}],"curies":[{"name":"wp","href":"https:\/\/api.w.org\/{rel}","templated":true}]}}