{"id":12654,"date":"2021-05-10T14:20:54","date_gmt":"2021-05-10T12:20:54","guid":{"rendered":"http:\/\/serveiseducatius.xtec.cat\/baixcamp\/?page_id=12654"},"modified":"2025-10-21T16:38:58","modified_gmt":"2025-10-21T14:38:58","slug":"kits-de-gravacio-audiovisual","status":"publish","type":"page","link":"https:\/\/serveiseducatius.xtec.cat\/baixcamp\/recursos-2\/ambit-cientific-tecnologic\/kits-de-gravacio-audiovisual\/","title":{"rendered":"Kits de So i Gravaci\u00f3 Audiovisual"},"content":{"rendered":"\n<p>Des del CRP volem oferir-vos la possibilitat de poder realitzar produccions audiovisuals amb la qualitat d&#8217;un estudi de gravaci\u00f3. Per aquest motiu posem a la vostra disposici\u00f3 tot un seguit de kits amb els quals millorar els vostres enregistraments, tant a dins de l&#8217;aula com en exteriors si \u00e9s el cas.<\/p>\n\n\n\n<p>Podeu consultar la <strong>disponibilitat dels materials al calendari i fer-ne la sol\u00b7licitud al formulari<\/strong>, tots dos els trobareu en aquesta mateixa p\u00e0gina.<\/p>\n\n\n\n<figure class=\"wp-block-table\"><table class=\"has-fixed-layout\"><tbody><tr><td><img loading=\"lazy\" decoding=\"async\" width=\"184\" height=\"249\" src=\"https:\/\/serveiseducatius.xtec.cat\/baixcamp\/wp-content\/uploads\/usu950\/2021\/05\/2021510_143140792-444x600.jpg\" alt=\"\"> <br>Aquest kit est\u00e0 format per:<br>una webcam<br>un tr\u00edpode<br>un anell de llum led<br>2 micr\u00f2fons<br><strong>Hi ha 7 pack&#8217;s disponibles<\/strong><\/td><td><img loading=\"lazy\" decoding=\"async\" width=\"145\" height=\"259\" src=\"https:\/\/serveiseducatius.xtec.cat\/baixcamp\/wp-content\/uploads\/usu950\/2021\/10\/canon.jpg\" alt=\"\"> <br>Aquest kit est\u00e0 format per:<br>una c\u00e0mera CANON EOS 200D<br>un tr\u00edpode<br>un capturador d&#8217;HDMI<br><strong>Hi ha 2 pack&#8217;s disponibles<\/strong><\/td><td><br><img loading=\"lazy\" decoding=\"async\" width=\"199\" height=\"193\" src=\"https:\/\/serveiseducatius.xtec.cat\/baixcamp\/wp-content\/uploads\/usu950\/2021\/10\/camara-360-600x581.png\" alt=\"\"><br>Aquest kit est\u00e0 format per: C\u00e0mera Ricoh Theta S<br><a href=\"https:\/\/theta360.com\/es\/about\/theta\/z1.html\" target=\"_blank\" rel=\"noreferrer noopener\">Manual d&#8217;\u00fas<\/a><\/td><\/tr><tr><td><img loading=\"lazy\" decoding=\"async\" width=\"201\" height=\"311\" src=\"https:\/\/serveiseducatius.xtec.cat\/baixcamp\/wp-content\/uploads\/usu950\/2021\/10\/aplificador-389x600.jpg\" alt=\"\"> <br>Aquest kit est\u00e0 format per:<br>una amplificador<br>2 sistema de so port\u00e0til <em>Fonestar<\/em><br>2 micr\u00f2fons<br>cablejat Jack i adaptadors<\/td><td><img loading=\"lazy\" decoding=\"async\" width=\"282\" height=\"282\" src=\"https:\/\/serveiseducatius.xtec.cat\/baixcamp\/wp-content\/uploads\/usu950\/2021\/10\/shidu-600x600.jpg\" alt=\"\">Aquest kit est\u00e0 format per: \u00a0<br>minialtaveu port\u00e0til S258,<br>amplificador de veu de 10W,<br>micr\u00f2fon<br>cable usb i base de c\u00e0rrega.<br><strong>Hi ha 2 pack&#8217;s disponibles<\/strong><\/td><td><img loading=\"lazy\" decoding=\"async\" width=\"178\" height=\"207\" src=\"https:\/\/serveiseducatius.xtec.cat\/baixcamp\/wp-content\/uploads\/usu950\/2021\/10\/tonor-microfon-515x600.jpg\" alt=\"\"><br>Aquest kit est\u00e0 format per: Micr\u00f2fon de Condensador USB Plug &amp; Play<br>Suport Tr\u00edpode + Filtre Pop (per gravaci\u00f3 vocal, podcast, retransmissi\u00f3, v\u00eddeo de Youtube&#8230;)<br>\u00a0<br><strong>Hi ha 4 pack&#8217;s disponibles<\/strong><\/td><\/tr><tr><td><img loading=\"lazy\" decoding=\"async\" width=\"259\" height=\"158\" src=\"https:\/\/serveiseducatius.xtec.cat\/baixcamp\/wp-content\/uploads\/usu950\/2023\/09\/ulleres-hamswan-300x183.jpg\" alt=\"\"><br><strong>5 kits d&#8217;ulleres virtuals Hamswan:<\/strong> *\u00c9s necessari un smartphone de 4.7&#8243;<strong> (No incl\u00f3s)<\/strong><br><a href=\"https:\/\/youtu.be\/j8P8Xvukqkc?si=vC0udxHdG7an6_KG\">Ulleres de realitat virtual<\/a><br>Manual d&#8217;usuari<\/td><td><img loading=\"lazy\" decoding=\"async\" width=\"170\" height=\"167\" src=\"https:\/\/serveiseducatius.xtec.cat\/baixcamp\/wp-content\/uploads\/usu950\/2023\/09\/NORWI-300x295.jpg\" alt=\"\"><br>2 kits Norwii S358: Minialtaveu port\u00e0til de 2000mAh.<br>Micr\u00f2fon<br>Cable usb<\/td><td><\/td><\/tr><\/tbody><\/table><\/figure>\n\n\n<header><\/header>\n<h5 class=\"entry-title\" style=\"text-align: left;\">Els kits de gravaci\u00f3 Audiovisual i Gravaci\u00f3 Pro estan en pr\u00e9stec gr\u00e0cies al finan\u00e7ament per part de:<\/h5>\n<p><img loading=\"lazy\" decoding=\"async\" class=\"alignleft\" src=\"https:\/\/www.reus.cat\/sites\/reus\/files\/styles\/full\/public\/logo_plaeducatiuentorn_reus.jpg?itok=905o99nX\" alt=\"Nou logotip del Pla Educatiu d&amp;#39;Entorn de Reus | Ajuntament de Reus\" width=\"114\" height=\"113\" \/><\/p>\n<p><img loading=\"lazy\" decoding=\"async\" class=\"alignnone\" src=\"https:\/\/www.fundacioreddis.org\/images\/fundacio-reddis-logo.png\" alt=\"Inici - Fundacio Privada Reddis\" width=\"199\" height=\"109\" \/><\/p>\n<table style=\"border-collapse: collapse; width: 99.855%; height: 405px;\">\n<tbody>\n<tr>\n<td style=\"width: 53.74%;\"><iframe loading=\"lazy\" src=\"https:\/\/calendar.google.com\/calendar\/embed?src=c_j85st8fi96l1okjfp5coi4jls8%40group.calendar.google.com&amp;ctz=Europe%2FParis\" width=\"600\" height=\"400\" frameborder=\"0\"><\/iframe><\/td>\n<td style=\"width: 10.3122%;\"><a href=\"https:\/\/forms.gle\/iYr4TKXc9YwU6MoJ6\"><img loading=\"lazy\" decoding=\"async\" class=\" wp-image-8610 alignleft\" src=\"http:\/\/serveiseducatius.xtec.cat\/baixcamp\/wp-content\/uploads\/usu950\/2018\/09\/sol%C2%B7licitud-pr%C3%A9stec.png\" alt=\"\" width=\"181\" height=\"89\" \/><\/a><\/td>\n<td style=\"width: 35.9477%;\"><strong style=\"font-family: inherit; font-size: 1em;\">Condicions del pr\u00e9stec<\/strong>\n<div class=\"entry-content\">\n<div class=\"entry-content\">\n<p>Durada: 2 setmanes aproximadament<\/p>\n<p>Per altres per\u00edodes de pr\u00e9stec, consulteu a\u00a0<a href=\"mailto:e3990102@xtec.cat\">e3990102@xtec.cat<\/a><\/p>\n<p><strong>Recollida i retorn del pr\u00e9stec:<\/strong>\u00a0de dilluns a divendres d\u201911:00h a 14:00h i de 16:00h a 18:00h<\/p>\n<p><strong>Normes d\u2019\u00fas:<\/strong><\/p>\n<p>\u00c9s responsabilitat de l\u2019usuari assegurar-se del correcte funcionament del material, a l\u2019inici de la reserva.<br \/>Qualsevol p\u00e8rdua o desperfecte del material ser\u00e0 responsabilitat del centre educatiu, que haur\u00e0 de reposar-ho.<br \/>Cal comunicar qualsevol incid\u00e8ncia que es produeixi durant el seu \u00fas.<\/p>\n<\/div>\n<\/div>\n<\/td>\n<\/tr>\n<\/tbody>\n<\/table>\n<div class=\"entry-content\">\u00a0<\/div>","protected":false},"excerpt":{"rendered":"<p>Des del CRP volem oferir-vos la possibilitat de poder realitzar produccions audiovisuals amb la qualitat d&#8217;un estudi de gravaci\u00f3. Per aquest motiu posem a la vostra disposici\u00f3 tot un seguit de kits amb els quals millorar els vostres enregistraments, tant a dins de l&#8217;aula com en exteriors si \u00e9s el cas. Podeu consultar la disponibilitat [&hellip;]<\/p>\n","protected":false},"author":1,"featured_media":0,"parent":14114,"menu_order":1,"comment_status":"closed","ping_status":"closed","template":"page-templates\/side-menu.php","meta":{"_bbp_topic_count":0,"_bbp_reply_count":0,"_bbp_total_topic_count":0,"_bbp_total_reply_count":0,"_bbp_voice_count":0,"_bbp_anonymous_reply_count":0,"_bbp_topic_count_hidden":0,"_bbp_reply_count_hidden":0,"_bbp_forum_subforum_count":0,"site-sidebar-layout":"default","site-content-layout":"","ast-site-content-layout":"default","site-content-style":"default","site-sidebar-style":"default","ast-global-header-display":"","ast-banner-title-visibility":"","ast-main-header-display":"","ast-hfb-above-header-display":"","ast-hfb-below-header-display":"","ast-hfb-mobile-header-display":"","site-post-title":"","ast-breadcrumbs-content":"","ast-featured-img":"","footer-sml-layout":"","theme-transparent-header-meta":"","adv-header-id-meta":"","stick-header-meta":"","header-above-stick-meta":"","header-main-stick-meta":"","header-below-stick-meta":"","astra-migrate-meta-layouts":"set","ast-page-background-enabled":"default","ast-page-background-meta":{"desktop":{"background-color":"var(--ast-global-color-4)","background-image":"","background-repeat":"repeat","background-position":"center center","background-size":"auto","background-attachment":"scroll","background-type":"","background-media":"","overlay-type":"","overlay-color":"","overlay-opacity":"","overlay-gradient":""},"tablet":{"background-color":"","background-image":"","background-repeat":"repeat","background-position":"center center","background-size":"auto","background-attachment":"scroll","background-type":"","background-media":"","overlay-type":"","overlay-color":"","overlay-opacity":"","overlay-gradient":""},"mobile":{"background-color":"","background-image":"","background-repeat":"repeat","background-position":"center center","background-size":"auto","background-attachment":"scroll","background-type":"","background-media":"","overlay-type":"","overlay-color":"","overlay-opacity":"","overlay-gradient":""}},"ast-content-background-meta":{"desktop":{"background-color":"var(--ast-global-color-5)","background-image":"","background-repeat":"repeat","background-position":"center center","background-size":"auto","background-attachment":"scroll","background-type":"","background-media":"","overlay-type":"","overlay-color":"","overlay-opacity":"","overlay-gradient":""},"tablet":{"background-color":"var(--ast-global-color-5)","background-image":"","background-repeat":"repeat","background-position":"center center","background-size":"auto","background-attachment":"scroll","background-type":"","background-media":"","overlay-type":"","overlay-color":"","overlay-opacity":"","overlay-gradient":""},"mobile":{"background-color":"var(--ast-global-color-5)","background-image":"","background-repeat":"repeat","background-position":"center center","background-size":"auto","background-attachment":"scroll","background-type":"","background-media":"","overlay-type":"","overlay-color":"","overlay-opacity":"","overlay-gradient":""}},"footnotes":""},"class_list":["post-12654","page","type-page","status-publish","hentry"],"post_mailing_queue_ids":[],"_links":{"self":[{"href":"https:\/\/serveiseducatius.xtec.cat\/baixcamp\/wp-json\/wp\/v2\/pages\/12654","targetHints":{"allow":["GET"]}}],"collection":[{"href":"https:\/\/serveiseducatius.xtec.cat\/baixcamp\/wp-json\/wp\/v2\/pages"}],"about":[{"href":"https:\/\/serveiseducatius.xtec.cat\/baixcamp\/wp-json\/wp\/v2\/types\/page"}],"author":[{"embeddable":true,"href":"https:\/\/serveiseducatius.xtec.cat\/baixcamp\/wp-json\/wp\/v2\/users\/1"}],"replies":[{"embeddable":true,"href":"https:\/\/serveiseducatius.xtec.cat\/baixcamp\/wp-json\/wp\/v2\/comments?post=12654"}],"version-history":[{"count":6,"href":"https:\/\/serveiseducatius.xtec.cat\/baixcamp\/wp-json\/wp\/v2\/pages\/12654\/revisions"}],"predecessor-version":[{"id":16249,"href":"https:\/\/serveiseducatius.xtec.cat\/baixcamp\/wp-json\/wp\/v2\/pages\/12654\/revisions\/16249"}],"up":[{"embeddable":true,"href":"https:\/\/serveiseducatius.xtec.cat\/baixcamp\/wp-json\/wp\/v2\/pages\/14114"}],"wp:attachment":[{"href":"https:\/\/serveiseducatius.xtec.cat\/baixcamp\/wp-json\/wp\/v2\/media?parent=12654"}],"curies":[{"name":"wp","href":"https:\/\/api.w.org\/{rel}","templated":true}]}}