{"id":11219,"date":"2020-05-18T18:40:16","date_gmt":"2020-05-18T16:40:16","guid":{"rendered":"http:\/\/serveiseducatius.xtec.cat\/baixcamp\/?page_id=11219"},"modified":"2023-01-12T12:20:26","modified_gmt":"2023-01-12T11:20:26","slug":"xarxa-territorial-de-transformacio-educativa","status":"publish","type":"page","link":"https:\/\/serveiseducatius.xtec.cat\/baixcamp\/projectes\/xarxa-territorial-de-transformacio-educativa\/","title":{"rendered":"Xarxa Territorial de Transformaci\u00f3 Educativa"},"content":{"rendered":"<div class=\"ast-oembed-container \" style=\"height: 100%;\"><iframe loading=\"lazy\" title=\"Xarxes Territorials de Transformaci\u00f3 Educativa de Tarragona\" width=\"500\" height=\"281\" src=\"https:\/\/www.youtube.com\/embed\/oXZjDZuGJz4?feature=oembed\" frameborder=\"0\" allow=\"accelerometer; autoplay; clipboard-write; encrypted-media; gyroscope; picture-in-picture; web-share\" referrerpolicy=\"strict-origin-when-cross-origin\" allowfullscreen><\/iframe><\/div>\n<p><a href=\"https:\/\/projectes.xtec.cat\/transformacioenxarxa\/\"><img loading=\"lazy\" decoding=\"async\" class=\"alignleft wp-image-11187 size-thumbnail\" src=\"https:\/\/serveiseducatius.xtec.cat\/baixcamp\/wp-content\/uploads\/usu950\/2020\/05\/Logo-Xarxes-1-e1583302432851-150x150.jpg\" alt=\"\" width=\"150\" height=\"150\" \/><\/a>El Departament d&#8217;Educaci\u00f3 promou un model de transformaci\u00f3 i millora del sistema educatiu que integra el conjunt de les xarxes de tots els territoris amb la intenci\u00f3 de compartir i assumir el comprom\u00eds de treballar cooperativament amb tots els agents que participen i donen suport als centres que volen iniciar, mantenir o consolidar processos de canvi i transformaci\u00f3, i que afavoreixen l\u2019aprenentatge i promouen una experi\u00e8ncia educativa de qualitat per a tot l\u2019alumnat.<\/p>\n<p>Les Xarxes Territorials de Transformaci\u00f3 Educativa s\u00f3n espais de reflexi\u00f3 compartida per\u00a0promoure actuacions que possibilitin als centres iniciar la transformaci\u00f3 educativa.<\/p>\n<p>Per a m\u00e9s informaci\u00f3 podeu consultar l&#8217;espai web del <a href=\"https:\/\/projectes.xtec.cat\/transformacioenxarxa\/\">Laboratori de Transformaci\u00f3 Educativa.<\/a><\/p>\n<p><img decoding=\"async\" src=\"https:\/\/projectes.xtec.cat\/transformacioenxarxa\/wp-content\/uploads\/usu1468\/2020\/11\/Presentacio%CC%81-del-Lab-2020-21-6.jpg\" \/><\/p>\n","protected":false},"excerpt":{"rendered":"<p>El Departament d&#8217;Educaci\u00f3 promou un model de transformaci\u00f3 i millora del sistema educatiu que integra el conjunt de les xarxes de tots els territoris amb la intenci\u00f3 de compartir i assumir el comprom\u00eds de treballar cooperativament amb tots els agents que participen i donen suport als centres que volen iniciar, mantenir o consolidar processos de [&hellip;]<\/p>\n","protected":false},"author":1,"featured_media":0,"parent":13463,"menu_order":0,"comment_status":"closed","ping_status":"closed","template":"page-templates\/side-menu.php","meta":{"_bbp_topic_count":0,"_bbp_reply_count":0,"_bbp_total_topic_count":0,"_bbp_total_reply_count":0,"_bbp_voice_count":0,"_bbp_anonymous_reply_count":0,"_bbp_topic_count_hidden":0,"_bbp_reply_count_hidden":0,"_bbp_forum_subforum_count":0,"site-sidebar-layout":"default","site-content-layout":"","ast-site-content-layout":"","site-content-style":"default","site-sidebar-style":"default","ast-global-header-display":"","ast-banner-title-visibility":"","ast-main-header-display":"","ast-hfb-above-header-display":"","ast-hfb-below-header-display":"","ast-hfb-mobile-header-display":"","site-post-title":"","ast-breadcrumbs-content":"","ast-featured-img":"","footer-sml-layout":"","theme-transparent-header-meta":"","adv-header-id-meta":"","stick-header-meta":"","header-above-stick-meta":"","header-main-stick-meta":"","header-below-stick-meta":"","astra-migrate-meta-layouts":"default","ast-page-background-enabled":"default","ast-page-background-meta":{"desktop":{"background-color":"var(--ast-global-color-4)","background-image":"","background-repeat":"repeat","background-position":"center center","background-size":"auto","background-attachment":"scroll","background-type":"","background-media":"","overlay-type":"","overlay-color":"","overlay-opacity":"","overlay-gradient":""},"tablet":{"background-color":"","background-image":"","background-repeat":"repeat","background-position":"center center","background-size":"auto","background-attachment":"scroll","background-type":"","background-media":"","overlay-type":"","overlay-color":"","overlay-opacity":"","overlay-gradient":""},"mobile":{"background-color":"","background-image":"","background-repeat":"repeat","background-position":"center center","background-size":"auto","background-attachment":"scroll","background-type":"","background-media":"","overlay-type":"","overlay-color":"","overlay-opacity":"","overlay-gradient":""}},"ast-content-background-meta":{"desktop":{"background-color":"var(--ast-global-color-5)","background-image":"","background-repeat":"repeat","background-position":"center center","background-size":"auto","background-attachment":"scroll","background-type":"","background-media":"","overlay-type":"","overlay-color":"","overlay-opacity":"","overlay-gradient":""},"tablet":{"background-color":"var(--ast-global-color-5)","background-image":"","background-repeat":"repeat","background-position":"center center","background-size":"auto","background-attachment":"scroll","background-type":"","background-media":"","overlay-type":"","overlay-color":"","overlay-opacity":"","overlay-gradient":""},"mobile":{"background-color":"var(--ast-global-color-5)","background-image":"","background-repeat":"repeat","background-position":"center center","background-size":"auto","background-attachment":"scroll","background-type":"","background-media":"","overlay-type":"","overlay-color":"","overlay-opacity":"","overlay-gradient":""}},"footnotes":""},"class_list":["post-11219","page","type-page","status-publish","hentry"],"post_mailing_queue_ids":[],"_links":{"self":[{"href":"https:\/\/serveiseducatius.xtec.cat\/baixcamp\/wp-json\/wp\/v2\/pages\/11219","targetHints":{"allow":["GET"]}}],"collection":[{"href":"https:\/\/serveiseducatius.xtec.cat\/baixcamp\/wp-json\/wp\/v2\/pages"}],"about":[{"href":"https:\/\/serveiseducatius.xtec.cat\/baixcamp\/wp-json\/wp\/v2\/types\/page"}],"author":[{"embeddable":true,"href":"https:\/\/serveiseducatius.xtec.cat\/baixcamp\/wp-json\/wp\/v2\/users\/1"}],"replies":[{"embeddable":true,"href":"https:\/\/serveiseducatius.xtec.cat\/baixcamp\/wp-json\/wp\/v2\/comments?post=11219"}],"version-history":[{"count":4,"href":"https:\/\/serveiseducatius.xtec.cat\/baixcamp\/wp-json\/wp\/v2\/pages\/11219\/revisions"}],"predecessor-version":[{"id":13953,"href":"https:\/\/serveiseducatius.xtec.cat\/baixcamp\/wp-json\/wp\/v2\/pages\/11219\/revisions\/13953"}],"up":[{"embeddable":true,"href":"https:\/\/serveiseducatius.xtec.cat\/baixcamp\/wp-json\/wp\/v2\/pages\/13463"}],"wp:attachment":[{"href":"https:\/\/serveiseducatius.xtec.cat\/baixcamp\/wp-json\/wp\/v2\/media?parent=11219"}],"curies":[{"name":"wp","href":"https:\/\/api.w.org\/{rel}","templated":true}]}}