{"id":25715,"date":"2025-01-08T09:22:24","date_gmt":"2025-01-08T08:22:24","guid":{"rendered":"https:\/\/serveiseducatius.xtec.cat\/bages\/?page_id=25715"},"modified":"2025-09-05T12:14:22","modified_gmt":"2025-09-05T10:14:22","slug":"propostes-didactiques-al-moianes","status":"publish","type":"page","link":"https:\/\/serveiseducatius.xtec.cat\/bages\/extensio-de-crp-moianes\/propostes-didactiques-al-moianes\/","title":{"rendered":"Propostes did\u00e0ctiques al Moian\u00e8s"},"content":{"rendered":"<header class=\"entry-header\">\n<h1 class=\"entry-title\"><\/h1>\n<\/header>\n<div class=\"entry-content\">\n<p>En aquesta secci\u00f3 recollim informaci\u00f3 de punts d\u2019inter\u00e8s de la comarca que compten amb algun tipus de servei o de proposta did\u00e0ctica associada.<\/p>\n<p><iframe loading=\"lazy\" src=\"https:\/\/www.google.com\/maps\/d\/embed?mid=1qr4PkQZk_qlZ6JqufL5iC2B--x0&amp;hl=ca&amp;ehbc=2E312F\" width=\"640\" height=\"480\" data-mce-fragment=\"1\"><\/iframe><\/p>\n<table style=\"border-collapse: collapse; width: 100%;\">\n<tbody>\n<tr>\n<td style=\"width: 33.3333%;\">\n<h1 class=\"entry-title\"><img loading=\"lazy\" decoding=\"async\" class=\"alignnone wp-image-475 size-thumbnail\" src=\"http:\/\/blocs.xtec.cat\/extcrpmoia\/files\/2017\/09\/laminadelestany-150x150.jpg\" sizes=\"auto, (max-width: 150px) 100vw, 150px\" srcset=\"https:\/\/blocs.xtec.cat\/extcrpmoia\/files\/2017\/09\/laminadelestany-150x150.jpg 150w, https:\/\/blocs.xtec.cat\/extcrpmoia\/files\/2017\/09\/laminadelestany.jpg 249w\" alt=\"laminadelestany\" width=\"150\" height=\"150\" \/><\/h1>\n<\/td>\n<td style=\"width: 33.3333%;\"><img loading=\"lazy\" decoding=\"async\" class=\"alignnone wp-image-476 size-thumbnail\" src=\"http:\/\/blocs.xtec.cat\/extcrpmoia\/files\/2017\/09\/monestirsantamaria-150x150.jpg\" sizes=\"auto, (max-width: 150px) 100vw, 150px\" srcset=\"https:\/\/blocs.xtec.cat\/extcrpmoia\/files\/2017\/09\/monestirsantamaria-150x150.jpg 150w, https:\/\/blocs.xtec.cat\/extcrpmoia\/files\/2017\/09\/monestirsantamaria.jpg 248w\" alt=\"monestirsantamaria\" width=\"150\" height=\"150\" \/><\/td>\n<td style=\"width: 33.3333%;\"><img loading=\"lazy\" decoding=\"async\" class=\"alignnone size-thumbnail wp-image-481\" src=\"http:\/\/blocs.xtec.cat\/extcrpmoia\/files\/2017\/09\/lanticestany-150x150.jpg\" sizes=\"auto, (max-width: 150px) 100vw, 150px\" srcset=\"https:\/\/blocs.xtec.cat\/extcrpmoia\/files\/2017\/09\/lanticestany-150x150.jpg 150w, https:\/\/blocs.xtec.cat\/extcrpmoia\/files\/2017\/09\/lanticestany.jpg 249w\" alt=\"lanticestany\" width=\"150\" height=\"150\" \/><\/td>\n<\/tr>\n<tr>\n<td style=\"width: 33.3333%;\">\n<h1 class=\"entry-title\">L\u2019estany que no hi \u00e9s<\/h1>\n<\/td>\n<td style=\"width: 66.6666%;\" colspan=\"2\">Visita dinamitzada al poble de\u00a0<strong>l\u2019Estany<\/strong>. Es centra en el nom del municipi, que fa refer\u00e8ncia a un estany que actualment no existeix.L\u2019activitat es desenvolupa al Centre de Visitants, al claustre del monestir i en un itinerari pel lloc que ocupava l\u2019estany i la mina que es va construir per drenar-lo. Es pot complementar amb rutes addicionals.<\/p>\n<p>Nivell:\u00a0<strong>Prim\u00e0ria<\/strong>\u00a0(materials adequats a cada cicle).<\/p>\n<p>M\u00e9s informaci\u00f3 i contacte:<\/p>\n<p><a href=\"http:\/\/www.viulestany.cat\/cat\/contact\/contact\/contacte.html\" target=\"_blank\" rel=\"noopener\">Centre de Visitants<\/a><\/td>\n<\/tr>\n<tr>\n<td style=\"width: 99.9999%;\" colspan=\"3\"><img loading=\"lazy\" decoding=\"async\" class=\"alignnone wp-image-485 size-full\" src=\"http:\/\/blocs.xtec.cat\/extcrpmoia\/files\/2017\/09\/toll.jpg\" sizes=\"auto, (max-width: 450px) 100vw, 450px\" srcset=\"https:\/\/blocs.xtec.cat\/extcrpmoia\/files\/2017\/09\/toll.jpg 450w, https:\/\/blocs.xtec.cat\/extcrpmoia\/files\/2017\/09\/toll-150x50.jpg 150w, https:\/\/blocs.xtec.cat\/extcrpmoia\/files\/2017\/09\/toll-300x100.jpg 300w\" alt=\"toll\" width=\"450\" height=\"150\" \/><\/td>\n<\/tr>\n<tr>\n<td style=\"width: 33.3333%;\">\n<h1 class=\"entry-title\">Coves del Toll<\/h1>\n<\/td>\n<td style=\"width: 66.6666%;\" colspan=\"2\">Formaci\u00f3 geol\u00f2gica de gran inter\u00e8s, habitada des de la prehist\u00f2ria.Les\u00a0<strong>visites<\/strong>\u00a0sempre s\u00f3n guiades i es poden complementar amb diferents\u00a0<strong>tallers<\/strong>\u00a0relacionats amb la prehist\u00f2ria i l\u2019arqueologia. Tamb\u00e9 \u00e9s recomanable la visita al\u00a0<a href=\"http:\/\/blocs.xtec.cat\/extcrpmoia\/recursos-didactics\/museu-arqueologic-i-paleontologic-de-moia\">Museu Arqueol\u00f2gic i Paleontol\u00f2gic de Moi\u00e0<\/a>.<\/p>\n<p>Nivells:\u00a0<strong>Infantil<\/strong>,\u00a0<strong>Prim\u00e0ria<\/strong>\u00a0i\u00a0<strong>Secund\u00e0ria<\/strong>.<\/p>\n<p>M\u00e9s informaci\u00f3 i contacte:<\/p>\n<p><a href=\"http:\/\/www.covesdeltoll.com\/\" target=\"_blank\" rel=\"noopener\">Coves del Toll<\/a><\/p>\n<p><a href=\"http:\/\/museuslocals.diba.cat\/museu\/1519464\" target=\"_blank\" rel=\"noopener\">Diputaci\u00f3 de Barcelona<\/a><\/td>\n<\/tr>\n<tr>\n<td style=\"width: 33.3333%;\">\n<h1 class=\"entry-title\"><img loading=\"lazy\" decoding=\"async\" class=\"alignnone size-thumbnail wp-image-494\" src=\"http:\/\/blocs.xtec.cat\/extcrpmoia\/files\/2017\/09\/museu_arqueologic2-150x98.jpg\" sizes=\"auto, (max-width: 150px) 100vw, 150px\" srcset=\"https:\/\/blocs.xtec.cat\/extcrpmoia\/files\/2017\/09\/museu_arqueologic2-150x98.jpg 150w, https:\/\/blocs.xtec.cat\/extcrpmoia\/files\/2017\/09\/museu_arqueologic2.jpg 250w\" alt=\"museu_arqueologic2\" width=\"150\" height=\"98\" \/><\/h1>\n<\/td>\n<td style=\"width: 33.3333%;\">\n<h1 class=\"entry-title\"><img loading=\"lazy\" decoding=\"async\" class=\"alignnone size-thumbnail wp-image-493\" src=\"http:\/\/blocs.xtec.cat\/extcrpmoia\/files\/2017\/09\/museu_arqueologic1-150x143.jpg\" sizes=\"auto, (max-width: 150px) 100vw, 150px\" srcset=\"https:\/\/blocs.xtec.cat\/extcrpmoia\/files\/2017\/09\/museu_arqueologic1-150x143.jpg 150w, https:\/\/blocs.xtec.cat\/extcrpmoia\/files\/2017\/09\/museu_arqueologic1.jpg 250w\" alt=\"museu_arqueologic1\" width=\"150\" height=\"143\" \/><\/h1>\n<\/td>\n<td style=\"width: 33.3333%;\">\n<h1 class=\"entry-title\"><img loading=\"lazy\" decoding=\"async\" class=\"alignnone size-thumbnail wp-image-492\" src=\"http:\/\/blocs.xtec.cat\/extcrpmoia\/files\/2017\/09\/museu_arqueologic3-150x115.jpg\" sizes=\"auto, (max-width: 150px) 100vw, 150px\" srcset=\"https:\/\/blocs.xtec.cat\/extcrpmoia\/files\/2017\/09\/museu_arqueologic3-150x115.jpg 150w, https:\/\/blocs.xtec.cat\/extcrpmoia\/files\/2017\/09\/museu_arqueologic3.jpg 250w\" alt=\"museu_arqueologic3\" width=\"150\" height=\"115\" \/><\/h1>\n<\/td>\n<\/tr>\n<tr>\n<td style=\"width: 33.3333%;\">\n<h1 class=\"entry-title\">Museu Arqueol\u00f2gic i Paleontol\u00f2gic de Moi\u00e0<\/h1>\n<\/td>\n<td style=\"width: 66.6666%;\" colspan=\"2\">El Museu exposa col\u00b7leccions arqueol\u00f2giques procedents b\u00e0sicament de les Coves del Toll i d\u2019altres jaciments de la comarca.La visita s\u2019ofereix com a complement de la de les\u00a0<a href=\"http:\/\/blocs.xtec.cat\/extcrpmoia\/recursos-didactics\/coves-del-toll\">Coves del Toll<\/a>.<\/p>\n<p>M\u00e9s informaci\u00f3 i contacte:<\/p>\n<p><a href=\"http:\/\/museuslocals.diba.cat\/museu\/1181766\" target=\"_blank\" rel=\"noopener\">Museu de Moi\u00e0 \u2013 Diputaci\u00f3 de Barcelona<\/a><\/p>\n<p><a href=\"http:\/\/www.covesdeltoll.com\/museu_arqueologic.htm\" target=\"_blank\" rel=\"noopener\">Coves del Toll<\/a><\/td>\n<\/tr>\n<\/tbody>\n<\/table>\n<\/div>\n","protected":false},"excerpt":{"rendered":"<p>En aquesta secci\u00f3 recollim informaci\u00f3 de punts d\u2019inter\u00e8s de la comarca que compten amb algun tipus de servei o de proposta did\u00e0ctica associada. L\u2019estany que no hi \u00e9s Visita dinamitzada al poble de\u00a0l\u2019Estany. Es centra en el nom del municipi, que fa refer\u00e8ncia a un estany que actualment no existeix.L\u2019activitat es desenvolupa al Centre de [&hellip;]<\/p>\n","protected":false},"author":1,"featured_media":0,"parent":25847,"menu_order":3,"comment_status":"closed","ping_status":"closed","template":"","meta":{"_bbp_topic_count":0,"_bbp_reply_count":0,"_bbp_total_topic_count":0,"_bbp_total_reply_count":0,"_bbp_voice_count":0,"_bbp_anonymous_reply_count":0,"_bbp_topic_count_hidden":0,"_bbp_reply_count_hidden":0,"_bbp_forum_subforum_count":0,"site-sidebar-layout":"no-sidebar","site-content-layout":"","ast-site-content-layout":"normal-width-container","site-content-style":"default","site-sidebar-style":"default","ast-global-header-display":"","ast-banner-title-visibility":"","ast-main-header-display":"","ast-hfb-above-header-display":"","ast-hfb-below-header-display":"","ast-hfb-mobile-header-display":"","site-post-title":"","ast-breadcrumbs-content":"","ast-featured-img":"","footer-sml-layout":"","theme-transparent-header-meta":"default","adv-header-id-meta":"","stick-header-meta":"","header-above-stick-meta":"","header-main-stick-meta":"","header-below-stick-meta":"","astra-migrate-meta-layouts":"set","ast-page-background-enabled":"default","ast-page-background-meta":{"desktop":{"background-color":"var(--ast-global-color-4)","background-image":"","background-repeat":"repeat","background-position":"center center","background-size":"auto","background-attachment":"scroll","background-type":"","background-media":"","overlay-type":"","overlay-color":"","overlay-opacity":"","overlay-gradient":""},"tablet":{"background-color":"","background-image":"","background-repeat":"repeat","background-position":"center center","background-size":"auto","background-attachment":"scroll","background-type":"","background-media":"","overlay-type":"","overlay-color":"","overlay-opacity":"","overlay-gradient":""},"mobile":{"background-color":"","background-image":"","background-repeat":"repeat","background-position":"center center","background-size":"auto","background-attachment":"scroll","background-type":"","background-media":"","overlay-type":"","overlay-color":"","overlay-opacity":"","overlay-gradient":""}},"ast-content-background-meta":{"desktop":{"background-color":"var(--ast-global-color-5)","background-image":"","background-repeat":"repeat","background-position":"center center","background-size":"auto","background-attachment":"scroll","background-type":"","background-media":"","overlay-type":"","overlay-color":"","overlay-opacity":"","overlay-gradient":""},"tablet":{"background-color":"var(--ast-global-color-5)","background-image":"","background-repeat":"repeat","background-position":"center center","background-size":"auto","background-attachment":"scroll","background-type":"","background-media":"","overlay-type":"","overlay-color":"","overlay-opacity":"","overlay-gradient":""},"mobile":{"background-color":"var(--ast-global-color-5)","background-image":"","background-repeat":"repeat","background-position":"center center","background-size":"auto","background-attachment":"scroll","background-type":"","background-media":"","overlay-type":"","overlay-color":"","overlay-opacity":"","overlay-gradient":""}},"footnotes":""},"class_list":["post-25715","page","type-page","status-publish","hentry"],"post_mailing_queue_ids":[],"_links":{"self":[{"href":"https:\/\/serveiseducatius.xtec.cat\/bages\/wp-json\/wp\/v2\/pages\/25715","targetHints":{"allow":["GET"]}}],"collection":[{"href":"https:\/\/serveiseducatius.xtec.cat\/bages\/wp-json\/wp\/v2\/pages"}],"about":[{"href":"https:\/\/serveiseducatius.xtec.cat\/bages\/wp-json\/wp\/v2\/types\/page"}],"author":[{"embeddable":true,"href":"https:\/\/serveiseducatius.xtec.cat\/bages\/wp-json\/wp\/v2\/users\/1"}],"replies":[{"embeddable":true,"href":"https:\/\/serveiseducatius.xtec.cat\/bages\/wp-json\/wp\/v2\/comments?post=25715"}],"version-history":[{"count":2,"href":"https:\/\/serveiseducatius.xtec.cat\/bages\/wp-json\/wp\/v2\/pages\/25715\/revisions"}],"predecessor-version":[{"id":30300,"href":"https:\/\/serveiseducatius.xtec.cat\/bages\/wp-json\/wp\/v2\/pages\/25715\/revisions\/30300"}],"up":[{"embeddable":true,"href":"https:\/\/serveiseducatius.xtec.cat\/bages\/wp-json\/wp\/v2\/pages\/25847"}],"wp:attachment":[{"href":"https:\/\/serveiseducatius.xtec.cat\/bages\/wp-json\/wp\/v2\/media?parent=25715"}],"curies":[{"name":"wp","href":"https:\/\/api.w.org\/{rel}","templated":true}]}}