{"id":25711,"date":"2025-01-08T09:17:19","date_gmt":"2025-01-08T08:17:19","guid":{"rendered":"https:\/\/serveiseducatius.xtec.cat\/bages\/?page_id=25711"},"modified":"2026-02-27T10:38:22","modified_gmt":"2026-02-27T09:38:22","slug":"crp","status":"publish","type":"page","link":"https:\/\/serveiseducatius.xtec.cat\/bages\/el-servei-educatiu\/crp\/","title":{"rendered":"CRP"},"content":{"rendered":"\n<div class=\"wp-block-columns is-layout-flex wp-container-core-columns-is-layout-1 wp-block-columns-is-layout-flex\">\n<div class=\"wp-block-column is-layout-flow wp-block-column-is-layout-flow\" style=\"flex-basis:33.33%\">\n<p class=\"has-text-align-center has-white-color has-ast-global-color-1-background-color has-text-color has-background has-link-color has-medium-font-size wp-elements-263dece6a742f5f5f7624e9ffa781676\"><strong>EQUIPS<\/strong><\/p>\n\n\n\n<div class=\"wp-block-buttons is-content-justification-center is-layout-flex wp-container-core-buttons-is-layout-1 wp-block-buttons-is-layout-flex\" style=\"padding-right:0;padding-left:0\">\n<div class=\"wp-block-button\"><a class=\"wp-block-button__link wp-element-button\" href=\"https:\/\/serveiseducatius.xtec.cat\/bages\/el-servei-educatiu\/crp\/\">CRP<\/a><\/div>\n<\/div>\n\n\n\n<div class=\"wp-block-buttons is-content-justification-center is-layout-flex wp-container-core-buttons-is-layout-2 wp-block-buttons-is-layout-flex\" style=\"padding-right:0;padding-left:0\">\n<div class=\"wp-block-button\"><a class=\"wp-block-button__link wp-element-button\" href=\"https:\/\/serveiseducatius.xtec.cat\/bages\/el-servei-educatiu\/eap\/\">EAP<\/a><\/div>\n<\/div>\n\n\n\n<div class=\"wp-block-buttons is-content-justification-center is-layout-flex wp-container-core-buttons-is-layout-3 wp-block-buttons-is-layout-flex\" style=\"padding-right:0;padding-left:0\">\n<div class=\"wp-block-button\"><a class=\"wp-block-button__link wp-element-button\" href=\"https:\/\/serveiseducatius.xtec.cat\/bages\/el-servei-educatiu\/elic\/\">ELIC<\/a><\/div>\n<\/div>\n\n\n\n<p class=\"has-text-align-center has-white-color has-ast-global-color-1-background-color has-text-color has-background has-link-color wp-elements-6edb38423ae262fb21d0c76ebaf06822\"><strong>Atenci\u00f3 telef\u00f2nica<\/strong><\/p>\n\n\n\n<p class=\"has-text-align-center has-ast-global-color-1-color has-text-color has-link-color has-medium-font-size wp-elements-18d4e2f839de4a84f089896c55c20498\"><strong>de dilluns a dijous<\/strong><\/p>\n\n\n\n<p class=\"has-text-align-center has-medium-font-size\">de 9 a 14 i de 15:30 a 17:00<\/p>\n\n\n\n<p class=\"has-text-align-center has-ast-global-color-1-color has-text-color has-link-color wp-elements-7ac4b41062ffff853e287aeef3f31818\"><strong>Divendres: de 9 a 13 h<\/strong><\/p>\n\n\n\n<p class=\"has-medium-font-size\">al tel\u00e8fon 93 872 71 42<\/p>\n\n\n\n<p class=\"has-medium-font-size\">o correu electr\u00f2nic a a8930003@xtec.cat<\/p>\n<\/div>\n\n\n\n<div class=\"wp-block-column is-layout-flow wp-block-column-is-layout-flow\" style=\"flex-basis:66.66%\"><figure class=\"wp-block-post-featured-image\"><img loading=\"lazy\" decoding=\"async\" width=\"1200\" height=\"600\" src=\"https:\/\/serveiseducatius.xtec.cat\/bages\/wp-content\/uploads\/usu776\/2025\/01\/PROVA-IMATGES-2.png\" class=\"attachment-post-thumbnail size-post-thumbnail wp-post-image\" alt=\"\" style=\"object-fit:cover;\" srcset=\"https:\/\/serveiseducatius.xtec.cat\/bages\/wp-content\/uploads\/usu776\/2025\/01\/PROVA-IMATGES-2.png 1200w, https:\/\/serveiseducatius.xtec.cat\/bages\/wp-content\/uploads\/usu776\/2025\/01\/PROVA-IMATGES-2-300x150.png 300w, https:\/\/serveiseducatius.xtec.cat\/bages\/wp-content\/uploads\/usu776\/2025\/01\/PROVA-IMATGES-2-1024x512.png 1024w, https:\/\/serveiseducatius.xtec.cat\/bages\/wp-content\/uploads\/usu776\/2025\/01\/PROVA-IMATGES-2-768x384.png 768w\" sizes=\"auto, (max-width: 1200px) 100vw, 1200px\" \/><\/figure>\n\n\n<h2 class=\"wp-block-heading\" style=\"font-size:30px\">Equip d&#8217;assessorament per als centres educatius<\/h2>\n\n\n\n<p>El <strong>CRP del Bages<\/strong> treballa per donar suport als docents i als centres educatius de les dues comarques, oferint serveis i recursos per a la innovaci\u00f3 pedag\u00f2gica i la millora de l\u2019educaci\u00f3.<\/p>\n<\/div>\n<\/div>\n\n\n\n<div class=\"wp-block-getwid-tabs\" data-active-tab=\"0\"><ul class=\"wp-block-getwid-tabs__nav-links\"><\/ul>\n<div class=\"wp-block-getwid-tabs__nav-link\"><span class=\"wp-block-getwid-tabs__title-wrapper\"><a href=\"#\"><span class=\"wp-block-getwid-tabs__title\">1. <strong>Suport als docents i als equips educatius<\/strong><\/span><\/a><\/span><\/div><div class=\"wp-block-getwid-tabs__tab-content-wrapper\"><div class=\"wp-block-getwid-tabs__tab-content\">\n<ul class=\"wp-block-list\">\n<li>Assessorament pedag\u00f2gic per implementar metodologies actives i innovadores.<\/li>\n\n\n\n<li>Acompanyament en la planificaci\u00f3 i desenvolupament de projectes educatius.<\/li>\n\n\n\n<li>Orientaci\u00f3 en l&#8217;aplicaci\u00f3 del nou curr\u00edculum.<\/li>\n<\/ul>\n<\/div><\/div>\n\n\n\n<div class=\"wp-block-getwid-tabs__nav-link\"><span class=\"wp-block-getwid-tabs__title-wrapper\"><a href=\"#\"><span class=\"wp-block-getwid-tabs__title\">2. <strong>Dinamitzaci\u00f3 educativa<\/strong><\/span><\/a><\/span><\/div><div class=\"wp-block-getwid-tabs__tab-content-wrapper\"><div class=\"wp-block-getwid-tabs__tab-content\">\n<ul class=\"wp-block-list\">\n<li>Organitzaci\u00f3 d\u2019activitats educatives com jornades, tallers i xerrades.<\/li>\n\n\n\n<li>Coordinaci\u00f3 de projectes compartits entre centres (lectura, ci\u00e8ncia, art, etc.).<\/li>\n\n\n\n<li>Promoci\u00f3 d\u2019iniciatives per fomentar valors com la sostenibilitat, la inclusi\u00f3 i la igualtat.<\/li>\n<\/ul>\n<\/div><\/div>\n\n\n\n<div class=\"wp-block-getwid-tabs__nav-link\"><span class=\"wp-block-getwid-tabs__title-wrapper\"><a href=\"#\"><span class=\"wp-block-getwid-tabs__title\">3. <strong>Materials i recursos pedag\u00f2gics<\/strong><\/span><\/a><\/span><\/div><div class=\"wp-block-getwid-tabs__tab-content-wrapper\"><div class=\"wp-block-getwid-tabs__tab-content\">\n<ul class=\"wp-block-list\">\n<li>Pr\u00e9stec de materials educatius (llibres, kits did\u00e0ctics, recursos tecnol\u00f2gics).<\/li>\n\n\n\n<li>Elaboraci\u00f3 i difusi\u00f3 de guies did\u00e0ctiques i propostes d\u2019activitats.<\/li>\n\n\n\n<li>Creaci\u00f3 d\u2019espais de recursos en l\u00ednia accessibles per a tots els docents.<\/li>\n<\/ul>\n<\/div><\/div>\n\n\n\n<div class=\"wp-block-getwid-tabs__nav-link\"><span class=\"wp-block-getwid-tabs__title-wrapper\"><a href=\"#\"><span class=\"wp-block-getwid-tabs__title\">4. <strong>Formaci\u00f3 continuada<\/strong><\/span><\/a><\/span><\/div><div class=\"wp-block-getwid-tabs__tab-content-wrapper\"><div class=\"wp-block-getwid-tabs__tab-content\">\n<ul class=\"wp-block-list\">\n<li>Organitzaci\u00f3 de cursos, seminaris i grups de treball per al professorat.<\/li>\n\n\n\n<li>Formaci\u00f3 espec\u00edfica per adaptar-se a nous reptes educatius i tecnol\u00f2gics.<\/li>\n\n\n\n<li>Xarxes professionals per compartir bones pr\u00e0ctiques i experi\u00e8ncies.<\/li>\n<\/ul>\n<\/div><\/div>\n<\/div>\n\n\n\n<h2 class=\"wp-block-heading\">equip 25-26<\/h2>\n\n\n\n<figure class=\"wp-block-image aligncenter size-full\"><img loading=\"lazy\" decoding=\"async\" width=\"1024\" height=\"768\" src=\"https:\/\/serveiseducatius.xtec.cat\/bages\/wp-content\/uploads\/usu776\/2026\/02\/equip-se-25-26.png\" alt=\"\" class=\"wp-image-32727\" srcset=\"https:\/\/serveiseducatius.xtec.cat\/bages\/wp-content\/uploads\/usu776\/2026\/02\/equip-se-25-26.png 1024w, https:\/\/serveiseducatius.xtec.cat\/bages\/wp-content\/uploads\/usu776\/2026\/02\/equip-se-25-26-300x225.png 300w, https:\/\/serveiseducatius.xtec.cat\/bages\/wp-content\/uploads\/usu776\/2026\/02\/equip-se-25-26-768x576.png 768w\" sizes=\"auto, (max-width: 1024px) 100vw, 1024px\" \/><\/figure>\n","protected":false},"excerpt":{"rendered":"<p>EQUIPS Atenci\u00f3 telef\u00f2nica de dilluns a dijous de 9 a 14 i de 15:30 a 17:00 Divendres: de 9 a 13 h al tel\u00e8fon 93 872 71 42 o correu electr\u00f2nic a a8930003@xtec.cat Equip d&#8217;assessorament per als centres educatius El CRP del Bages treballa per donar suport als docents i als centres educatius de les [&hellip;]<\/p>\n","protected":false},"author":1,"featured_media":26666,"parent":806,"menu_order":2,"comment_status":"closed","ping_status":"closed","template":"","meta":{"_bbp_topic_count":0,"_bbp_reply_count":0,"_bbp_total_topic_count":0,"_bbp_total_reply_count":0,"_bbp_voice_count":0,"_bbp_anonymous_reply_count":0,"_bbp_topic_count_hidden":0,"_bbp_reply_count_hidden":0,"_bbp_forum_subforum_count":0,"site-sidebar-layout":"no-sidebar","site-content-layout":"","ast-site-content-layout":"normal-width-container","site-content-style":"default","site-sidebar-style":"default","ast-global-header-display":"","ast-banner-title-visibility":"","ast-main-header-display":"","ast-hfb-above-header-display":"","ast-hfb-below-header-display":"","ast-hfb-mobile-header-display":"","site-post-title":"disabled","ast-breadcrumbs-content":"","ast-featured-img":"","footer-sml-layout":"","theme-transparent-header-meta":"default","adv-header-id-meta":"","stick-header-meta":"","header-above-stick-meta":"","header-main-stick-meta":"","header-below-stick-meta":"","astra-migrate-meta-layouts":"set","ast-page-background-enabled":"default","ast-page-background-meta":{"desktop":{"background-color":"var(--ast-global-color-4)","background-image":"","background-repeat":"repeat","background-position":"center center","background-size":"auto","background-attachment":"scroll","background-type":"","background-media":"","overlay-type":"","overlay-color":"","overlay-opacity":"","overlay-gradient":""},"tablet":{"background-color":"","background-image":"","background-repeat":"repeat","background-position":"center center","background-size":"auto","background-attachment":"scroll","background-type":"","background-media":"","overlay-type":"","overlay-color":"","overlay-opacity":"","overlay-gradient":""},"mobile":{"background-color":"","background-image":"","background-repeat":"repeat","background-position":"center center","background-size":"auto","background-attachment":"scroll","background-type":"","background-media":"","overlay-type":"","overlay-color":"","overlay-opacity":"","overlay-gradient":""}},"ast-content-background-meta":{"desktop":{"background-color":"var(--ast-global-color-5)","background-image":"","background-repeat":"repeat","background-position":"center center","background-size":"auto","background-attachment":"scroll","background-type":"","background-media":"","overlay-type":"","overlay-color":"","overlay-opacity":"","overlay-gradient":""},"tablet":{"background-color":"var(--ast-global-color-5)","background-image":"","background-repeat":"repeat","background-position":"center center","background-size":"auto","background-attachment":"scroll","background-type":"","background-media":"","overlay-type":"","overlay-color":"","overlay-opacity":"","overlay-gradient":""},"mobile":{"background-color":"var(--ast-global-color-5)","background-image":"","background-repeat":"repeat","background-position":"center center","background-size":"auto","background-attachment":"scroll","background-type":"","background-media":"","overlay-type":"","overlay-color":"","overlay-opacity":"","overlay-gradient":""}},"footnotes":""},"class_list":["post-25711","page","type-page","status-publish","has-post-thumbnail","hentry"],"post_mailing_queue_ids":[],"_links":{"self":[{"href":"https:\/\/serveiseducatius.xtec.cat\/bages\/wp-json\/wp\/v2\/pages\/25711","targetHints":{"allow":["GET"]}}],"collection":[{"href":"https:\/\/serveiseducatius.xtec.cat\/bages\/wp-json\/wp\/v2\/pages"}],"about":[{"href":"https:\/\/serveiseducatius.xtec.cat\/bages\/wp-json\/wp\/v2\/types\/page"}],"author":[{"embeddable":true,"href":"https:\/\/serveiseducatius.xtec.cat\/bages\/wp-json\/wp\/v2\/users\/1"}],"replies":[{"embeddable":true,"href":"https:\/\/serveiseducatius.xtec.cat\/bages\/wp-json\/wp\/v2\/comments?post=25711"}],"version-history":[{"count":6,"href":"https:\/\/serveiseducatius.xtec.cat\/bages\/wp-json\/wp\/v2\/pages\/25711\/revisions"}],"predecessor-version":[{"id":32729,"href":"https:\/\/serveiseducatius.xtec.cat\/bages\/wp-json\/wp\/v2\/pages\/25711\/revisions\/32729"}],"up":[{"embeddable":true,"href":"https:\/\/serveiseducatius.xtec.cat\/bages\/wp-json\/wp\/v2\/pages\/806"}],"wp:featuredmedia":[{"embeddable":true,"href":"https:\/\/serveiseducatius.xtec.cat\/bages\/wp-json\/wp\/v2\/media\/26666"}],"wp:attachment":[{"href":"https:\/\/serveiseducatius.xtec.cat\/bages\/wp-json\/wp\/v2\/media?parent=25711"}],"curies":[{"name":"wp","href":"https:\/\/api.w.org\/{rel}","templated":true}]}}

<div class="wp-block-columns is-layout-flex wp-container-core-columns-is-layout-1 wp-block-columns-is-layout-flex">
<div class="wp-block-column is-layout-flow wp-block-column-is-layout-flow" style="flex-basis:33.33%">
<p class="has-text-align-center has-white-color has-ast-global-color-1-background-color has-text-color has-background has-link-color has-medium-font-size wp-elements-263dece6a742f5f5f7624e9ffa781676"><strong>EQUIPS</strong></p>



<div class="wp-block-buttons is-content-justification-center is-layout-flex wp-container-core-buttons-is-layout-1 wp-block-buttons-is-layout-flex" style="padding-right:0;padding-left:0">
<div class="wp-block-button"><a class="wp-block-button__link wp-element-button" href="https://serveiseducatius.xtec.cat/bages/el-servei-educatiu/crp/">CRP</a></div>
</div>



<div class="wp-block-buttons is-content-justification-center is-layout-flex wp-container-core-buttons-is-layout-2 wp-block-buttons-is-layout-flex" style="padding-right:0;padding-left:0">
<div class="wp-block-button"><a class="wp-block-button__link wp-element-button" href="https://serveiseducatius.xtec.cat/bages/el-servei-educatiu/eap/">EAP</a></div>
</div>



<div class="wp-block-buttons is-content-justification-center is-layout-flex wp-container-core-buttons-is-layout-3 wp-block-buttons-is-layout-flex" style="padding-right:0;padding-left:0">
<div class="wp-block-button"><a class="wp-block-button__link wp-element-button" href="https://serveiseducatius.xtec.cat/bages/el-servei-educatiu/elic/">ELIC</a></div>
</div>



<p class="has-text-align-center has-white-color has-ast-global-color-1-background-color has-text-color has-background has-link-color wp-elements-6edb38423ae262fb21d0c76ebaf06822"><strong>Atenció telefònica</strong></p>



<p class="has-text-align-center has-ast-global-color-1-color has-text-color has-link-color has-medium-font-size wp-elements-18d4e2f839de4a84f089896c55c20498"><strong>de dilluns a dijous</strong></p>



<p class="has-text-align-center has-medium-font-size">de 9 a 14 i de 15:30 a 17:00</p>



<p class="has-text-align-center has-ast-global-color-1-color has-text-color has-link-color wp-elements-7ac4b41062ffff853e287aeef3f31818"><strong>Divendres: de 9 a 13 h</strong></p>



<p class="has-medium-font-size">al telèfon 93 872 71 42</p>



<p class="has-medium-font-size">o correu electrònic a a8930003@xtec.cat</p>
</div>



<div class="wp-block-column is-layout-flow wp-block-column-is-layout-flow" style="flex-basis:66.66%"><figure class="wp-block-post-featured-image"><img loading="lazy" decoding="async" width="1200" height="600" src="https://serveiseducatius.xtec.cat/bages/wp-content/uploads/usu776/2025/01/PROVA-IMATGES-2.png" class="attachment-post-thumbnail size-post-thumbnail wp-post-image" alt="" style="object-fit:cover;" srcset="https://serveiseducatius.xtec.cat/bages/wp-content/uploads/usu776/2025/01/PROVA-IMATGES-2.png 1200w, https://serveiseducatius.xtec.cat/bages/wp-content/uploads/usu776/2025/01/PROVA-IMATGES-2-300x150.png 300w, https://serveiseducatius.xtec.cat/bages/wp-content/uploads/usu776/2025/01/PROVA-IMATGES-2-1024x512.png 1024w, https://serveiseducatius.xtec.cat/bages/wp-content/uploads/usu776/2025/01/PROVA-IMATGES-2-768x384.png 768w" sizes="auto, (max-width: 1200px) 100vw, 1200px" /></figure>


<h2 class="wp-block-heading" style="font-size:30px">Equip d&#8217;assessorament per als centres educatius</h2>



<p>El <strong>CRP del Bages</strong> treballa per donar suport als docents i als centres educatius de les dues comarques, oferint serveis i recursos per a la innovació pedagògica i la millora de l’educació.</p>
</div>
</div>



<div class="wp-block-getwid-tabs" data-active-tab="0"><ul class="wp-block-getwid-tabs__nav-links"></ul>
<div class="wp-block-getwid-tabs__nav-link"><span class="wp-block-getwid-tabs__title-wrapper"><a href="#"><span class="wp-block-getwid-tabs__title">1. <strong>Suport als docents i als equips educatius</strong></span></a></span></div><div class="wp-block-getwid-tabs__tab-content-wrapper"><div class="wp-block-getwid-tabs__tab-content">
<ul class="wp-block-list">
<li>Assessorament pedagògic per implementar metodologies actives i innovadores.</li>



<li>Acompanyament en la planificació i desenvolupament de projectes educatius.</li>



<li>Orientació en l&#8217;aplicació del nou currículum.</li>
</ul>
</div></div>



<div class="wp-block-getwid-tabs__nav-link"><span class="wp-block-getwid-tabs__title-wrapper"><a href="#"><span class="wp-block-getwid-tabs__title">2. <strong>Dinamització educativa</strong></span></a></span></div><div class="wp-block-getwid-tabs__tab-content-wrapper"><div class="wp-block-getwid-tabs__tab-content">
<ul class="wp-block-list">
<li>Organització d’activitats educatives com jornades, tallers i xerrades.</li>



<li>Coordinació de projectes compartits entre centres (lectura, ciència, art, etc.).</li>



<li>Promoció d’iniciatives per fomentar valors com la sostenibilitat, la inclusió i la igualtat.</li>
</ul>
</div></div>



<div class="wp-block-getwid-tabs__nav-link"><span class="wp-block-getwid-tabs__title-wrapper"><a href="#"><span class="wp-block-getwid-tabs__title">3. <strong>Materials i recursos pedagògics</strong></span></a></span></div><div class="wp-block-getwid-tabs__tab-content-wrapper"><div class="wp-block-getwid-tabs__tab-content">
<ul class="wp-block-list">
<li>Préstec de materials educatius (llibres, kits didàctics, recursos tecnològics).</li>



<li>Elaboració i difusió de guies didàctiques i propostes d’activitats.</li>



<li>Creació d’espais de recursos en línia accessibles per a tots els docents.</li>
</ul>
</div></div>



<div class="wp-block-getwid-tabs__nav-link"><span class="wp-block-getwid-tabs__title-wrapper"><a href="#"><span class="wp-block-getwid-tabs__title">4. <strong>Formació continuada</strong></span></a></span></div><div class="wp-block-getwid-tabs__tab-content-wrapper"><div class="wp-block-getwid-tabs__tab-content">
<ul class="wp-block-list">
<li>Organització de cursos, seminaris i grups de treball per al professorat.</li>



<li>Formació específica per adaptar-se a nous reptes educatius i tecnològics.</li>



<li>Xarxes professionals per compartir bones pràctiques i experiències.</li>
</ul>
</div></div>
</div>



<h2 class="wp-block-heading">equip 25-26</h2>



<figure class="wp-block-image aligncenter size-full"><img loading="lazy" decoding="async" width="1024" height="768" src="https://serveiseducatius.xtec.cat/bages/wp-content/uploads/usu776/2026/02/equip-se-25-26.png" alt="" class="wp-image-32727" srcset="https://serveiseducatius.xtec.cat/bages/wp-content/uploads/usu776/2026/02/equip-se-25-26.png 1024w, https://serveiseducatius.xtec.cat/bages/wp-content/uploads/usu776/2026/02/equip-se-25-26-300x225.png 300w, https://serveiseducatius.xtec.cat/bages/wp-content/uploads/usu776/2026/02/equip-se-25-26-768x576.png 768w" sizes="auto, (max-width: 1024px) 100vw, 1024px" /></figure>

<p>EQUIPS Atenció telefònica de dilluns a dijous de 9 a 14 i de 15:30 a 17:00 Divendres: de 9 a 13 h al telèfon 93 872 71 42 o correu electrònic a a8930003@xtec.cat Equip d&#8217;assessorament per als centres educatius El CRP del Bages treballa per donar suport als docents i als centres educatius de les [&hellip;]</p>
