{"id":889,"date":"2015-11-29T15:07:18","date_gmt":"2015-11-29T14:07:18","guid":{"rendered":"http:\/\/serveiseducatius.xtec.cat\/badalona\/?page_id=889"},"modified":"2025-10-30T10:13:45","modified_gmt":"2025-10-30T09:13:45","slug":"revistes","status":"publish","type":"page","link":"https:\/\/serveiseducatius.xtec.cat\/badalona\/recursos\/revistes\/","title":{"rendered":"Revistes electr\u00f2niques i en paper"},"content":{"rendered":"<header class=\"entry-header\">\n<h2><b>Revistes electr\u00f2niques per a docents<\/b><\/h2>\n<p><b>Revistes rebudes a la Biblioteca del Departament d\u2019Educaci\u00f3 que podeu consultar en l\u00ednia.<\/b><\/p>\n<\/header>\n<p style=\"text-align: center;\">\u00a0\u00a0<img loading=\"lazy\" decoding=\"async\" class=\"alignnone size-large wp-image-22396\" src=\"https:\/\/serveiseducatius.xtec.cat\/badalona\/wp-content\/uploads\/usu1088\/2024\/09\/Cuadernos-de-Pedagogia.png\" alt=\"\" width=\"70\" height=\"70\" \/> <img loading=\"lazy\" decoding=\"async\" class=\"alignnone size-large wp-image-22397\" src=\"https:\/\/serveiseducatius.xtec.cat\/badalona\/wp-content\/uploads\/usu1088\/2024\/09\/eGrao.png\" alt=\"\" width=\"70\" height=\"70\" \/> <img loading=\"lazy\" decoding=\"async\" class=\"alignnone  wp-image-22398\" src=\"https:\/\/serveiseducatius.xtec.cat\/badalona\/wp-content\/uploads\/usu1088\/2024\/09\/images.png\" alt=\"\" width=\"70\" height=\"70\" srcset=\"https:\/\/serveiseducatius.xtec.cat\/badalona\/wp-content\/uploads\/usu1088\/2024\/09\/images.png 225w, https:\/\/serveiseducatius.xtec.cat\/badalona\/wp-content\/uploads\/usu1088\/2024\/09\/images-150x150.png 150w\" sizes=\"auto, (max-width: 70px) 100vw, 70px\" \/><img loading=\"lazy\" decoding=\"async\" class=\"alignnone size-full wp-image-22395\" src=\"https:\/\/serveiseducatius.xtec.cat\/badalona\/wp-content\/uploads\/usu1088\/2024\/09\/Altres-revistes.png\" alt=\"\" width=\"70\" height=\"70\" \/><\/p>\n<header class=\"entry-header\">\n<p><span style=\"font-weight: 400;\">&gt;<\/span> <a href=\"https:\/\/espai.educacio.gencat.cat\/Recursos\/Biblioteca\/Biblioteca-virtual\/Revistes-electroniques\/Pagines\/default.aspx\"><b>Com accedir als continguts de les revistes<\/b><\/a><\/p>\n<p><b>_______<\/b><\/p>\n<p><span style=\"font-size: 18pt;\"><a href=\"https:\/\/sites.google.com\/xtec.cat\/publicacions-digitals-bdn\/home?authuser=0\"><b>Publicacions digitals educatives<\/b><\/a><\/span><\/p>\n<p><b>Recull obert de documents creats pels membres i centres de la comunitat docent de Badalona. La comunitat pot participar enviant pr\u00e0ctiques educatives innovadores, materials did\u00e0ctics i materials creats per l\u2019alumnat.<\/b><\/p>\n<p><b>ISSN: 2604-7403<\/b><\/p>\n<p><b>_______<\/b><\/p>\n<p><b>Ja participeu al <\/b><a href=\"https:\/\/repositori.educacio.gencat.cat\/\"><b>Repositori digital del Departament?<\/b><\/a><\/p>\n<p><a href=\"https:\/\/espai.educacio.gencat.cat\/Recursos\/Biblioteca\/rde\/Pagines\/default.aspx\"><b>Sol\u00b7licituds per emmagatzemar documents<\/b><\/a><\/p>\n<p><b>M\u00e9s info: <\/b><a href=\"https:\/\/repositori.educacio.gencat.cat\/bitstream\/handle\/20.500.12694\/167\/rde_repositori_departament_educacio_descripcio_objectius_que_es_que_conte_07_10_2020.pdf?sequence=2&amp;isAllowed=y\"><b>RDE: descripci\u00f3, objectius, qu\u00e8 \u00e9s i qu\u00e8 cont\u00e9<\/b><\/a><\/p>\n<p><b>______<\/b><\/p>\n<\/header>\n<p><img loading=\"lazy\" decoding=\"async\" class=\"alignnone size-full wp-image-26195\" src=\"https:\/\/serveiseducatius.xtec.cat\/badalona\/wp-content\/uploads\/usu1088\/2025\/10\/Captura-de-pantalla-2025-10-30-100852.png\" alt=\"\" width=\"878\" height=\"131\" srcset=\"https:\/\/serveiseducatius.xtec.cat\/badalona\/wp-content\/uploads\/usu1088\/2025\/10\/Captura-de-pantalla-2025-10-30-100852.png 878w, https:\/\/serveiseducatius.xtec.cat\/badalona\/wp-content\/uploads\/usu1088\/2025\/10\/Captura-de-pantalla-2025-10-30-100852-300x45.png 300w, https:\/\/serveiseducatius.xtec.cat\/badalona\/wp-content\/uploads\/usu1088\/2025\/10\/Captura-de-pantalla-2025-10-30-100852-768x115.png 768w\" sizes=\"auto, (max-width: 878px) 100vw, 878px\" \/><\/p>\n<p><a href=\"https:\/\/ambitsaaf.cat\/\" target=\"_blank\" rel=\"noopener\">Acc\u00e9s al web<\/a> de la revista.<\/p>\n<p>Continguts amb \u00edndex i sumaris a <a href=\"https:\/\/dialnet.unirioja.es\/servlet\/revista?codigo=25196\" target=\"_blank\" rel=\"noopener\">Dialnet<\/a>.<\/p>\n<p>________________________<\/p>\n<header class=\"entry-header\">\n<h2><b>Revistes en paper disponibles al CRP<\/b><\/h2>\n<p><span style=\"font-family: inherit; font-size: 1em;\">Podeu demanar les revistes en pr\u00e9stec per un per\u00edode de quatre setmanes enviant un correu electr\u00f2nic a: <\/span><a style=\"font-family: inherit; font-size: 1em;\" href=\"mailto:crp-badalona@xtec.cat\">crp-badalona@xtec.cat<\/a><span style=\"font-family: inherit; font-size: 1em;\">. Les revistes s&#8217;han de recollir i retornar al <\/span><span class=\"hiddenSpellError\" style=\"font-family: inherit; font-size: 1em;\">CRP<\/span><span style=\"font-family: inherit; font-size: 1em;\">.<\/span><\/p>\n<p><a href=\"http:\/\/articles.grao.com\/\"><b>Articles<\/b><span style=\"font-weight: 400;\"><br \/>\n<\/span><\/a><span style=\"font-weight: 400;\">Articles de Did\u00e0ctica de la Llengua i de la Literatura. T\u00e9 com a objectiu ser un instrument de formaci\u00f3 permanent dels professionals de l\u2019ensenyament de la llengua, un espai d\u2019intercanvi i de coneixements, opinions, recerques i experi\u00e8ncies.<\/span><\/p>\n<p><a href=\"https:\/\/www.grao.com\/revistas\/revista-dosier\/\"><b>Dosier Gra\u00f3<\/b><\/a><\/p>\n<p><span style=\"font-weight: 400;\">El Dosier Gra\u00f3 trata de forma rigurosa y exhaustiva temas de innovaci\u00f3n educativa. Organizado en blogs tem\u00e1ticos y con la participaci\u00f3n de expertos de \u00e1mbitos profesionales y geogr\u00e1ficos diversos, pretende ofrecer una mirada amplia y variada del panorama educativo actual, con sus luces y sombras.\u00a0<\/span><\/p>\n<p><a href=\"https:\/\/www.clijcat.cat\/faristol\/\"><b>Faristol<\/b><b><br \/>\n<\/b><\/a><span style=\"font-weight: 400;\">\u00c9s la revista del Consell Catal\u00e0 del llibre per a Infants i Joves. Dirigida als mediadors i lectors amb la finalitat d\u2019ajudar-los a mantenir-se informats de l\u2019actualitat del llibre en catal\u00e0.<\/span><\/p>\n<p><a href=\"https:\/\/www.grao.com\/grao-6-12-tu-lugar-de-referencia-en-educacion-primaria\/\"><b>GRA\u00d3 6-12. <\/b><\/a><b>Contin\u00faa GUIX.<\/b><\/p>\n<p><span style=\"font-weight: 400;\">Descubre GRA\u00d3 6-12, un entorno con el que podr\u00e1s conocer una gran variedad de recursos y experiencias para esta etapa, dirigido al profesorado de primaria, estudiantes y familias, as\u00ed como todas las personas interesadas en esta etapa.<\/span><\/p>\n<p><a href=\"https:\/\/www.grao.com\/grao-12-18-tu-lugar-de-referencia-en-educacion-secundaria\/\"><b>GRA\u00d3 12-18. <\/b><\/a><b>Contin\u00faa Aula de secundaria.<\/b><span style=\"font-weight: 400;\"><br \/>\n<\/span><span style=\"font-weight: 400;\">Revista bimestral dirigida especialment al professorat de l\u2019etapa de secund\u00e0ria. Aporta eines de tutoria i orientaci\u00f3, aix\u00ed com reflexions i recursos de did\u00e0ctica.<\/span><\/p>\n<p><a href=\"http:\/\/www2.rosasensat.org\/revistes\/perspectiva-escolar\"><b>Perspectiva escolar<\/b><b><br \/>\n<\/b><\/a><span style=\"font-weight: 400;\">Revista adre\u00e7ada als professionals dels sistema educatiu que s\u2019ocupa de difondre accions educatives d\u2019innovaci\u00f3 i promoure reflexions sobre els reptes de l\u2019ensenyament obligatori<\/span><\/p>\n<\/header>\n","protected":false},"excerpt":{"rendered":"<p>Revistes electr\u00f2niques per a docents Revistes rebudes a la Biblioteca del Departament d\u2019Educaci\u00f3 que podeu consultar en l\u00ednia. \u00a0\u00a0 &gt; [&hellip;]<\/p>\n","protected":false},"author":1,"featured_media":0,"parent":906,"menu_order":0,"comment_status":"open","ping_status":"closed","template":"","meta":{"_bbp_topic_count":0,"_bbp_reply_count":0,"_bbp_total_topic_count":0,"_bbp_total_reply_count":0,"_bbp_voice_count":0,"_bbp_anonymous_reply_count":0,"_bbp_topic_count_hidden":0,"_bbp_reply_count_hidden":0,"_bbp_forum_subforum_count":0,"site-sidebar-layout":"default","site-content-layout":"","ast-site-content-layout":"default","site-content-style":"default","site-sidebar-style":"default","ast-global-header-display":"","ast-banner-title-visibility":"","ast-main-header-display":"","ast-hfb-above-header-display":"","ast-hfb-below-header-display":"","ast-hfb-mobile-header-display":"","site-post-title":"","ast-breadcrumbs-content":"","ast-featured-img":"","footer-sml-layout":"","theme-transparent-header-meta":"default","adv-header-id-meta":"","stick-header-meta":"","header-above-stick-meta":"","header-main-stick-meta":"","header-below-stick-meta":"","astra-migrate-meta-layouts":"set","ast-page-background-enabled":"default","ast-page-background-meta":{"desktop":{"background-color":"var(--ast-global-color-4)","background-image":"","background-repeat":"repeat","background-position":"center center","background-size":"auto","background-attachment":"scroll","background-type":"","background-media":"","overlay-type":"","overlay-color":"","overlay-opacity":"","overlay-gradient":""},"tablet":{"background-color":"","background-image":"","background-repeat":"repeat","background-position":"center center","background-size":"auto","background-attachment":"scroll","background-type":"","background-media":"","overlay-type":"","overlay-color":"","overlay-opacity":"","overlay-gradient":""},"mobile":{"background-color":"","background-image":"","background-repeat":"repeat","background-position":"center center","background-size":"auto","background-attachment":"scroll","background-type":"","background-media":"","overlay-type":"","overlay-color":"","overlay-opacity":"","overlay-gradient":""}},"ast-content-background-meta":{"desktop":{"background-color":"var(--ast-global-color-5)","background-image":"","background-repeat":"repeat","background-position":"center center","background-size":"auto","background-attachment":"scroll","background-type":"","background-media":"","overlay-type":"","overlay-color":"","overlay-opacity":"","overlay-gradient":""},"tablet":{"background-color":"var(--ast-global-color-5)","background-image":"","background-repeat":"repeat","background-position":"center center","background-size":"auto","background-attachment":"scroll","background-type":"","background-media":"","overlay-type":"","overlay-color":"","overlay-opacity":"","overlay-gradient":""},"mobile":{"background-color":"var(--ast-global-color-5)","background-image":"","background-repeat":"repeat","background-position":"center center","background-size":"auto","background-attachment":"scroll","background-type":"","background-media":"","overlay-type":"","overlay-color":"","overlay-opacity":"","overlay-gradient":""}},"footnotes":""},"class_list":["post-889","page","type-page","status-publish","hentry"],"post_mailing_queue_ids":[],"_links":{"self":[{"href":"https:\/\/serveiseducatius.xtec.cat\/badalona\/wp-json\/wp\/v2\/pages\/889","targetHints":{"allow":["GET"]}}],"collection":[{"href":"https:\/\/serveiseducatius.xtec.cat\/badalona\/wp-json\/wp\/v2\/pages"}],"about":[{"href":"https:\/\/serveiseducatius.xtec.cat\/badalona\/wp-json\/wp\/v2\/types\/page"}],"author":[{"embeddable":true,"href":"https:\/\/serveiseducatius.xtec.cat\/badalona\/wp-json\/wp\/v2\/users\/1"}],"replies":[{"embeddable":true,"href":"https:\/\/serveiseducatius.xtec.cat\/badalona\/wp-json\/wp\/v2\/comments?post=889"}],"version-history":[{"count":7,"href":"https:\/\/serveiseducatius.xtec.cat\/badalona\/wp-json\/wp\/v2\/pages\/889\/revisions"}],"predecessor-version":[{"id":26196,"href":"https:\/\/serveiseducatius.xtec.cat\/badalona\/wp-json\/wp\/v2\/pages\/889\/revisions\/26196"}],"up":[{"embeddable":true,"href":"https:\/\/serveiseducatius.xtec.cat\/badalona\/wp-json\/wp\/v2\/pages\/906"}],"wp:attachment":[{"href":"https:\/\/serveiseducatius.xtec.cat\/badalona\/wp-json\/wp\/v2\/media?parent=889"}],"curies":[{"name":"wp","href":"https:\/\/api.w.org\/{rel}","templated":true}]}}