{"id":6541,"date":"2017-02-13T14:37:48","date_gmt":"2017-02-13T13:37:48","guid":{"rendered":"http:\/\/serveiseducatius.xtec.cat\/badalona\/?page_id=6541"},"modified":"2024-11-06T12:38:02","modified_gmt":"2024-11-06T11:38:02","slug":"jjcc-edicions-anteriors","status":"publish","type":"page","link":"https:\/\/serveiseducatius.xtec.cat\/badalona\/jornades-cientifiques-densenyament-secundari\/jjcc-edicions-anteriors\/","title":{"rendered":"JJCC: edicions anteriors"},"content":{"rendered":"<p>En aquest arxiu podeu consultar la relaci\u00f3 de tots els treballs presentats en les darreres edicions de les Jornades Cient\u00edfiques d&#8217;Ensenyament Secundari de Badalona.<\/p>\n<p><span style=\"font-size: 8pt;\"><a href=\"http:\/\/www.edu3.cat\/Edu3tv\/Fitxa?p_id=16938\" target=\"_blank\" rel=\"noopener noreferrer\">V\u00eddeo a edu3.cat sobre investigaci\u00f3 cient\u00edfica a l&#8217;INS Pompeu Fabra.<\/a><\/span><\/p>\n<table style=\"width: 55.9607%; height: 822px;\">\n<tbody>\n<tr style=\"height: 46px;\">\n<td style=\"width: 17.1377%; height: 46px;\"><span style=\"font-size: 12pt;\"><strong>Relaci\u00f3 de treballs<\/strong><\/span><\/td>\n<td style=\"width: 25.1647%; height: 46px;\"><span style=\"font-size: 12pt;\"><strong>Enlla\u00e7 al llibre<\/strong><\/span><\/td>\n<td style=\"width: 98.0232%; height: 46px;\"><span style=\"font-size: 12pt;\"><strong>Fotos\/v\u00eddeos<\/strong><\/span><\/td>\n<\/tr>\n<tr style=\"height: 33px;\">\n<td style=\"width: 17.1377%; height: 33px;\">Curs 2023-24<\/td>\n<td style=\"width: 25.1647%; height: 33px;\"><a href=\"https:\/\/drive.google.com\/file\/d\/17Nn8FyO2NOBZuD6CGWYQMQSm97j31qSd\/view?usp=sharing\" target=\"_blank\" rel=\"noopener\">Llibre de les XXXVIII JCB<\/a><\/td>\n<td style=\"width: 98.0232%; height: 33px;\">\u00a0<\/td>\n<\/tr>\n<tr style=\"height: 33px;\">\n<td style=\"width: 17.1377%; height: 33px;\">Curs 2022-23<\/td>\n<td style=\"width: 25.1647%; height: 33px;\"><a href=\"https:\/\/drive.google.com\/file\/d\/1oRGXjQaPCYBCiPPwMLu2nwspJSo7Vduu\/view?usp=sharing\" target=\"_blank\" rel=\"noopener\">Llibre de les XXXVII JCB<\/a><\/td>\n<td style=\"width: 98.0232%; height: 33px;\">\u00a0<\/td>\n<\/tr>\n<tr style=\"height: 33px;\">\n<td style=\"width: 17.1377%; height: 33px;\">Curs 2021-22<\/td>\n<td style=\"width: 25.1647%; height: 33px;\"><a href=\"https:\/\/drive.google.com\/file\/d\/14pnGP4fVJxoYtRS4OtQD6yAA3_NAhlR7\/view?usp=sharing\" target=\"_blank\" rel=\"noopener\">Llibre de les XXXVI JCB<\/a><\/td>\n<td style=\"width: 98.0232%; height: 33px;\">\u00a0<\/td>\n<\/tr>\n<tr style=\"height: 31px;\">\n<td style=\"width: 17.1377%; height: 31px;\">Curs 2020-21<\/td>\n<td style=\"width: 25.1647%; height: 31px;\"><a href=\"https:\/\/drive.google.com\/file\/d\/1A5EUP5m04IKAE6hj-OXp2I1cqnqOnZ1C\/view?usp=sharing\" target=\"_blank\" rel=\"noopener\">Llibre de les XXXV JC<\/a><\/td>\n<td style=\"width: 98.0232%; height: 31px;\">\u00a0<\/td>\n<\/tr>\n<tr style=\"height: 31px;\">\n<td style=\"width: 17.1377%; height: 31px;\">Curs 2019-20<\/td>\n<td style=\"width: 25.1647%; height: 31px;\"><a href=\"https:\/\/drive.google.com\/file\/d\/1RZlYCihdy5FnLHFNFjnB_YNiDSF2Ki1Z\/view\" target=\"_blank\" rel=\"noopener noreferrer\">Llibre de les XXXIV JC<\/a><\/td>\n<td style=\"width: 98.0232%; height: 31px;\">\u00a0<\/td>\n<\/tr>\n<tr style=\"height: 31px;\">\n<td style=\"width: 17.1377%; height: 31px;\">Curs 2018-19<\/td>\n<td style=\"width: 25.1647%; height: 31px;\"><a href=\"https:\/\/drive.google.com\/file\/d\/1DgZykSqfynvBNBjjinxVUFWopvG_79zG\/view\" target=\"_blank\" rel=\"noopener noreferrer\">Llibre de les XXXIII JC<\/a><\/td>\n<td style=\"width: 98.0232%; height: 31px;\">\u00a0<\/td>\n<\/tr>\n<tr style=\"height: 31px;\">\n<td style=\"width: 17.1377%; height: 31px;\">Curs 2017-18<\/td>\n<td style=\"width: 25.1647%; height: 31px;\">Llibre de les XXXII JC<\/td>\n<td style=\"width: 98.0232%; height: 31px;\"><a href=\"https:\/\/photos.app.goo.gl\/bmb3dU44DUSsjpW83\" target=\"_blank\" rel=\"noopener noreferrer\">Fotos,\u00a020 de mar\u00e7<\/a>, <a href=\"https:\/\/photos.app.goo.gl\/utgMbo9uDmXIzVGj1\" target=\"_blank\" rel=\"noopener noreferrer\">Fotos, 21 de mar\u00e7, <\/a><a href=\"https:\/\/photos.app.goo.gl\/f71iq3mMmAEZvXUK2\" target=\"_blank\" rel=\"noopener noreferrer\">Fotos, 22 de mar\u00e7<\/a><\/td>\n<\/tr>\n<tr style=\"height: 31px;\">\n<td style=\"width: 17.1377%; height: 31px;\">Curs 2016-17<\/td>\n<td style=\"width: 25.1647%; height: 31px;\"><a href=\"https:\/\/drive.google.com\/file\/d\/1VBY2479EzJgdI1A9zqrsBd50e-vXeTTG\/view\" target=\"_blank\" rel=\"noopener noreferrer\">Llibre de les XXXI JC<\/a><\/td>\n<td style=\"width: 98.0232%; height: 31px;\"><a href=\"https:\/\/goo.gl\/photos\/5pmWWa1F4t1JRYqP9\" target=\"_blank\" rel=\"noopener noreferrer\">Fotos, 4 d&#8217;abril, <\/a><a href=\"https:\/\/goo.gl\/photos\/DByyA3E1EZku72ZWA\" target=\"_blank\" rel=\"noopener noreferrer\">Fotos, 5 d&#8217;abril, <\/a><a href=\"https:\/\/goo.gl\/photos\/JSLUQvkemtG5W3my9\" target=\"_blank\" rel=\"noopener noreferrer\">Fotos, 6 d&#8217;abril<\/a><\/td>\n<\/tr>\n<tr style=\"height: 31px;\">\n<td style=\"width: 17.1377%; height: 31px;\">Curs 2015-16<\/td>\n<td style=\"width: 25.1647%; height: 31px;\"><a href=\"https:\/\/drive.google.com\/file\/d\/0B8iO_h_UisQhTTV4VTE1Ui11RXc\/view\" target=\"_blank\" rel=\"noopener noreferrer\">Llibre de les XXX JC<\/a><\/td>\n<td style=\"width: 98.0232%; height: 31px;\"><a href=\"https:\/\/get.google.com\/albumarchive\/pwa\/105942396219872083034\/album\/6273686994734322577\" target=\"_blank\" rel=\"noopener noreferrer\">Fotos\u00a0<\/a><\/td>\n<\/tr>\n<tr style=\"height: 31px;\">\n<td style=\"width: 17.1377%; height: 31px;\">Curs 2014-15<\/td>\n<td style=\"width: 25.1647%; height: 31px;\">Llibre de les XXIX JC<\/td>\n<td style=\"width: 98.0232%; height: 31px;\">\u00a0<\/td>\n<\/tr>\n<tr style=\"height: 31px;\">\n<td style=\"width: 17.1377%; height: 31px;\">Curs 2013-14<\/td>\n<td style=\"width: 25.1647%; height: 31px;\"><a href=\"https:\/\/drive.google.com\/file\/d\/1YXhMQDT1xjZmo9ncmjU1tXZaCjDf01mm\/view\" target=\"_blank\" rel=\"noopener noreferrer\">Llibre de les XXVIII JC<\/a><\/td>\n<td style=\"width: 98.0232%; height: 31px;\">\u00a0<\/td>\n<\/tr>\n<tr style=\"height: 31px;\">\n<td style=\"width: 17.1377%; height: 31px;\">Curs 2012-13<\/td>\n<td style=\"width: 25.1647%; height: 31px;\"><a href=\"https:\/\/drive.google.com\/file\/d\/0B8iO_h_UisQhRWFiWl9jNEx2Q2s\/view\" target=\"_blank\" rel=\"noopener noreferrer\">Llibre de les XXVII JC<\/a><\/td>\n<td style=\"width: 98.0232%; height: 31px;\">\u00a0<\/td>\n<\/tr>\n<tr style=\"height: 31px;\">\n<td style=\"width: 17.1377%; height: 31px;\">Curs 2011-12<\/td>\n<td style=\"width: 25.1647%; height: 31px;\"><a href=\"https:\/\/drive.google.com\/file\/d\/0B8iO_h_UisQhekhLXzF3eXROSHc\/view\" target=\"_blank\" rel=\"noopener noreferrer\">Llibre de les XXVI JC<\/a><\/td>\n<td style=\"width: 98.0232%; height: 31px;\">\u00a0<\/td>\n<\/tr>\n<tr style=\"height: 41px;\">\n<td style=\"width: 17.1377%; height: 26px;\">Curs 2010-11<\/td>\n<td style=\"width: 25.1647%; height: 26px;\"><a href=\"https:\/\/drive.google.com\/file\/d\/0B8iO_h_UisQhUjJ5RHhETnFUTWc\/view\" target=\"_blank\" rel=\"noopener noreferrer\">Llibre de les XXV JC<\/a><\/td>\n<td style=\"width: 98.0232%; height: 26px;\"><a href=\"https:\/\/photos.app.goo.gl\/tWtbRdZFV6ctXhhX2\" target=\"_blank\" rel=\"noopener noreferrer\">Fotos, 30 i 31 de mar\u00e7<\/a>. <a href=\"https:\/\/youtu.be\/opjdUIBC7BY\" target=\"_blank\" rel=\"noopener noreferrer\">V\u00eddeo<\/a>, <a href=\"https:\/\/youtu.be\/ORhsrfd9U8Q\" target=\"_blank\" rel=\"noopener noreferrer\">Not\u00edcia TV Badalona<\/a><\/td>\n<\/tr>\n<tr style=\"height: 31px;\">\n<td style=\"width: 17.1377%; height: 31px;\">Curs 2009-10<\/td>\n<td style=\"width: 25.1647%; height: 31px;\"><a href=\"https:\/\/drive.google.com\/file\/d\/1lcxaJHLMWBqlD1LbZ-ljFxvxU4WOvGob\/view\" target=\"_blank\" rel=\"noopener noreferrer\">Llibre de les XXIV JC<\/a><\/td>\n<td style=\"width: 98.0232%; height: 31px;\">\u00a0<\/td>\n<\/tr>\n<tr style=\"height: 31px;\">\n<td style=\"width: 17.1377%; height: 31px;\">Curs 2008-09<\/td>\n<td style=\"width: 25.1647%; height: 31px;\">Llibre de les XXIII JC<\/td>\n<td style=\"width: 98.0232%; height: 31px;\">\u00a0<\/td>\n<\/tr>\n<tr style=\"height: 31px;\">\n<td style=\"width: 17.1377%; height: 31px;\">Curs 2007-08<\/td>\n<td style=\"width: 25.1647%; height: 31px;\"><a href=\"https:\/\/drive.google.com\/file\/d\/1M8mkqwfytqtzBN0yzeW8gurMeJ2Qj_P9\/view?usp=sharing\" target=\"_blank\" rel=\"noopener noreferrer\">Llibre de les XXII JC<\/a><\/td>\n<td style=\"width: 98.0232%; height: 31px;\">\u00a0<\/td>\n<\/tr>\n<tr style=\"height: 31px;\">\n<td style=\"width: 17.1377%; height: 31px;\">Curs 2006-07<\/td>\n<td style=\"width: 25.1647%; height: 31px;\"><a href=\"https:\/\/drive.google.com\/file\/d\/16TqMHWJkLlHAOZHWaIltryVD_p9eO6o-\/view\" target=\"_blank\" rel=\"noopener noreferrer\">Llibre de les XXI JC<\/a><\/td>\n<td style=\"width: 98.0232%; height: 31px;\">\u00a0<\/td>\n<\/tr>\n<tr style=\"height: 31px;\">\n<td style=\"width: 17.1377%; height: 31px;\">Curs 2005-06<\/td>\n<td style=\"width: 25.1647%; height: 31px;\">Llibre de les XX JC<\/td>\n<td style=\"width: 98.0232%; height: 31px;\">\u00a0<\/td>\n<\/tr>\n<tr style=\"height: 31px;\">\n<td style=\"width: 17.1377%; height: 31px;\">Curs 2004-05<\/td>\n<td style=\"width: 25.1647%; height: 31px;\"><a href=\"https:\/\/drive.google.com\/file\/d\/1USj116z2EmS8AgBUzPYPrxf5JJkd_K6H\/view\" target=\"_blank\" rel=\"noopener noreferrer\">Llibre de les XIX JC<\/a><\/td>\n<td style=\"width: 98.0232%; height: 31px;\">\u00a0<\/td>\n<\/tr>\n<tr style=\"height: 31px;\">\n<td style=\"width: 17.1377%; height: 31px;\">Curs 2003-04<\/td>\n<td style=\"width: 25.1647%; height: 31px;\">Llibre de les XVIII JC<\/td>\n<td style=\"width: 98.0232%; height: 31px;\">\u00a0<\/td>\n<\/tr>\n<tr style=\"height: 31px;\">\n<td style=\"width: 17.1377%; height: 31px;\">Curs 2002-03<\/td>\n<td style=\"width: 25.1647%; height: 31px;\">Llibre de les XVII JC<\/td>\n<td style=\"width: 98.0232%; height: 31px;\">\u00a0<\/td>\n<\/tr>\n<tr style=\"height: 31px;\">\n<td style=\"width: 17.1377%; height: 31px;\">Curs 2001-02<\/td>\n<td style=\"width: 25.1647%; height: 31px;\">Llibre de les XVI JC<\/td>\n<td style=\"width: 98.0232%; height: 31px;\">\u00a0<\/td>\n<\/tr>\n<tr style=\"height: 31px;\">\n<td style=\"width: 17.1377%; height: 31px;\">Curs 2000-01<\/td>\n<td style=\"width: 25.1647%; height: 31px;\">Llibre de les XV JC<\/td>\n<td style=\"width: 98.0232%; height: 31px;\">\u00a0<\/td>\n<\/tr>\n<tr style=\"height: 31px;\">\n<td style=\"width: 17.1377%; height: 31px;\">Curs 1999-00<\/td>\n<td style=\"width: 25.1647%; height: 31px;\"><a href=\"https:\/\/drive.google.com\/file\/d\/0B8iO_h_UisQhNFh0Rk05ZFRvWTg\/view\" target=\"_blank\" rel=\"noopener noreferrer\">Llibre de les XIV JC<\/a><\/td>\n<td style=\"width: 98.0232%; height: 31px;\">\u00a0<\/td>\n<\/tr>\n<\/tbody>\n<\/table>\n<p>&nbsp;<\/p>\n<p><span style=\"font-size: 12pt;\"><span style=\"font-family: Geneva, Arial, Helvetica, san-serif;\"><\/p>\n<p>\n<\/span><\/span><\/p>\n","protected":false},"excerpt":{"rendered":"<p>En aquest arxiu podeu consultar la relaci\u00f3 de tots els treballs presentats en les darreres edicions de les Jornades Cient\u00edfiques [&hellip;]<\/p>\n","protected":false},"author":1,"featured_media":0,"parent":1771,"menu_order":0,"comment_status":"closed","ping_status":"closed","template":"","meta":{"_bbp_topic_count":0,"_bbp_reply_count":0,"_bbp_total_topic_count":0,"_bbp_total_reply_count":0,"_bbp_voice_count":0,"_bbp_anonymous_reply_count":0,"_bbp_topic_count_hidden":0,"_bbp_reply_count_hidden":0,"_bbp_forum_subforum_count":0,"site-sidebar-layout":"default","site-content-layout":"","ast-site-content-layout":"","site-content-style":"default","site-sidebar-style":"default","ast-global-header-display":"","ast-banner-title-visibility":"","ast-main-header-display":"","ast-hfb-above-header-display":"","ast-hfb-below-header-display":"","ast-hfb-mobile-header-display":"","site-post-title":"","ast-breadcrumbs-content":"","ast-featured-img":"","footer-sml-layout":"","theme-transparent-header-meta":"","adv-header-id-meta":"","stick-header-meta":"","header-above-stick-meta":"","header-main-stick-meta":"","header-below-stick-meta":"","astra-migrate-meta-layouts":"default","ast-page-background-enabled":"default","ast-page-background-meta":{"desktop":{"background-color":"var(--ast-global-color-4)","background-image":"","background-repeat":"repeat","background-position":"center center","background-size":"auto","background-attachment":"scroll","background-type":"","background-media":"","overlay-type":"","overlay-color":"","overlay-opacity":"","overlay-gradient":""},"tablet":{"background-color":"","background-image":"","background-repeat":"repeat","background-position":"center center","background-size":"auto","background-attachment":"scroll","background-type":"","background-media":"","overlay-type":"","overlay-color":"","overlay-opacity":"","overlay-gradient":""},"mobile":{"background-color":"","background-image":"","background-repeat":"repeat","background-position":"center center","background-size":"auto","background-attachment":"scroll","background-type":"","background-media":"","overlay-type":"","overlay-color":"","overlay-opacity":"","overlay-gradient":""}},"ast-content-background-meta":{"desktop":{"background-color":"var(--ast-global-color-5)","background-image":"","background-repeat":"repeat","background-position":"center center","background-size":"auto","background-attachment":"scroll","background-type":"","background-media":"","overlay-type":"","overlay-color":"","overlay-opacity":"","overlay-gradient":""},"tablet":{"background-color":"var(--ast-global-color-5)","background-image":"","background-repeat":"repeat","background-position":"center center","background-size":"auto","background-attachment":"scroll","background-type":"","background-media":"","overlay-type":"","overlay-color":"","overlay-opacity":"","overlay-gradient":""},"mobile":{"background-color":"var(--ast-global-color-5)","background-image":"","background-repeat":"repeat","background-position":"center center","background-size":"auto","background-attachment":"scroll","background-type":"","background-media":"","overlay-type":"","overlay-color":"","overlay-opacity":"","overlay-gradient":""}},"footnotes":""},"class_list":["post-6541","page","type-page","status-publish","hentry"],"post_mailing_queue_ids":[],"_links":{"self":[{"href":"https:\/\/serveiseducatius.xtec.cat\/badalona\/wp-json\/wp\/v2\/pages\/6541","targetHints":{"allow":["GET"]}}],"collection":[{"href":"https:\/\/serveiseducatius.xtec.cat\/badalona\/wp-json\/wp\/v2\/pages"}],"about":[{"href":"https:\/\/serveiseducatius.xtec.cat\/badalona\/wp-json\/wp\/v2\/types\/page"}],"author":[{"embeddable":true,"href":"https:\/\/serveiseducatius.xtec.cat\/badalona\/wp-json\/wp\/v2\/users\/1"}],"replies":[{"embeddable":true,"href":"https:\/\/serveiseducatius.xtec.cat\/badalona\/wp-json\/wp\/v2\/comments?post=6541"}],"version-history":[{"count":8,"href":"https:\/\/serveiseducatius.xtec.cat\/badalona\/wp-json\/wp\/v2\/pages\/6541\/revisions"}],"predecessor-version":[{"id":23356,"href":"https:\/\/serveiseducatius.xtec.cat\/badalona\/wp-json\/wp\/v2\/pages\/6541\/revisions\/23356"}],"up":[{"embeddable":true,"href":"https:\/\/serveiseducatius.xtec.cat\/badalona\/wp-json\/wp\/v2\/pages\/1771"}],"wp:attachment":[{"href":"https:\/\/serveiseducatius.xtec.cat\/badalona\/wp-json\/wp\/v2\/media?parent=6541"}],"curies":[{"name":"wp","href":"https:\/\/api.w.org\/{rel}","templated":true}]}}