{"id":6520,"date":"2017-02-13T13:01:23","date_gmt":"2017-02-13T12:01:23","guid":{"rendered":"http:\/\/serveiseducatius.xtec.cat\/badalona\/?page_id=6520"},"modified":"2022-09-02T13:49:37","modified_gmt":"2022-09-02T11:49:37","slug":"xerrades-en-centre-metode-cientificcom-fer-una-presentacio-oral","status":"publish","type":"page","link":"https:\/\/serveiseducatius.xtec.cat\/badalona\/jornades-cientifiques-densenyament-secundari\/xerrades-en-centre-metode-cientificcom-fer-una-presentacio-oral\/","title":{"rendered":"Xerrades en centre: m\u00e8tode cient\u00edfic\/com fer una presentaci\u00f3 oral"},"content":{"rendered":"<p style=\"text-align: justify;\"><span style=\"font-family: Geneva, Arial, Helvetica, san-serif; font-size: medium;\">Com cada any, us oferim per a aquest curs la possibilitat de passar pel vostre centre i realitzar una xerrada als vostres alumnes en la data que vosaltres escolliu (d&#8217;octubre a febrer).<\/span><\/p>\n<p style=\"text-align: justify;\"><span style=\"font-family: Geneva, Arial, Helvetica, san-serif; font-size: medium;\">Aquestes xerrades es duran a terme entre els mesos d&#8217;<b>octubre i febrer<\/b>, tindran una durada d&#8217;<b>1 hora<\/b>, realitzant-se en horari de<b> mat\u00ed, <\/b>els<b> dimarts, dimecres o dijous<\/b>. (<span style=\"color: #cc0000;\">preferentment primera o darrera hora del mat\u00ed<\/span>).<\/span><\/p>\n<p style=\"text-align: justify;\">Us oferim <strong>dues modalitats<\/strong> de xerrades, destinades a alumnat i professorat de batxillerat (encara que poden adaptar-se per a cicles formatius)\u00a0que vulgui elaborar un treball d&#8217;investigaci\u00f3 en qualsevol de les \u00e0rees del curr\u00edculum:<\/p>\n<ol>\n<li style=\"text-align: justify;\"><img loading=\"lazy\" decoding=\"async\" class=\" wp-image-6526 alignright\" src=\"http:\/\/serveiseducatius.xtec.cat\/badalona\/wp-content\/uploads\/usu1088\/2017\/02\/icon-search.jpg\" alt=\"icon-search\" width=\"158\" height=\"157\" srcset=\"https:\/\/serveiseducatius.xtec.cat\/badalona\/wp-content\/uploads\/usu1088\/2017\/02\/icon-search.jpg 350w, https:\/\/serveiseducatius.xtec.cat\/badalona\/wp-content\/uploads\/usu1088\/2017\/02\/icon-search-150x150.jpg 150w, https:\/\/serveiseducatius.xtec.cat\/badalona\/wp-content\/uploads\/usu1088\/2017\/02\/icon-search-300x298.jpg 300w\" sizes=\"auto, (max-width: 158px) 100vw, 158px\" \/>Qu\u00e8 \u00e9s el m\u00e8tode cient\u00edfic?<\/li>\n<\/ol>\n<p style=\"text-align: justify;\">Orientada a <strong>primer de batxillera<\/strong>t, la xerrada cont\u00e9 una explicaci\u00f3 sobre els treballs d&#8217;investigaci\u00f3: la <strong>metodologia cient\u00edfica<\/strong> a partir d&#8217;una investigaci\u00f3 real presentada, per\u00f2, \u00a0des de <strong>diversos \u00e0mbits<\/strong>: hist\u00f2ric, ling\u00fc\u00edstic, cient\u00edfic, etc.<\/p>\n<p style=\"text-align: justify;\">2. <img loading=\"lazy\" decoding=\"async\" class=\"wp-image-6523 alignright\" src=\"http:\/\/serveiseducatius.xtec.cat\/badalona\/wp-content\/uploads\/usu1088\/2017\/02\/ninot1.jpg\" alt=\"3d human give a lecture behind a podium\" width=\"152\" height=\"152\" srcset=\"https:\/\/serveiseducatius.xtec.cat\/badalona\/wp-content\/uploads\/usu1088\/2017\/02\/ninot1.jpg 347w, https:\/\/serveiseducatius.xtec.cat\/badalona\/wp-content\/uploads\/usu1088\/2017\/02\/ninot1-150x150.jpg 150w, https:\/\/serveiseducatius.xtec.cat\/badalona\/wp-content\/uploads\/usu1088\/2017\/02\/ninot1-300x300.jpg 300w\" sizes=\"auto, (max-width: 152px) 100vw, 152px\" \/>Com comunicar un treball d&#8217;investigaci\u00f3 i dissenyar-ne la presentaci\u00f3?<\/p>\n<p style=\"text-align: justify;\">Orientada a <strong>segon de batxillerat<\/strong>, ens centrem en explicar com s&#8217;ha de <strong>comunicar un treball<\/strong>, i els aspectes a tenir en compte a l&#8217;hora de dur a terme una <strong>exposici\u00f3 oral<\/strong>: l&#8217;organitzaci\u00f3, el text oral, els elements paraling\u00fc\u00edstics i de comunicaci\u00f3 no-verbal, etc. Tamb\u00e9 s&#8217;orienta en el <strong>disseny del\u00a0suport visual<\/strong> amb exemples de treballs presentats en edicions anteriors de les JJCC.<\/p>\n<p style=\"text-align: justify;\"><strong>Com sol\u00b7licitar una xerrada al vostre centre?<\/strong><\/p>\n<p style=\"text-align: justify;\"><span style=\"font-family: Geneva, Arial, Helvetica, san-serif; font-size: medium;\">Les sol\u00b7licituds s&#8217;hauran de fer durant el mes de <b>setembre<\/b> i s&#8217;atendran <b>per rigor\u00f3s ordre d&#8217;arribada<\/b>.\u00a0<\/span><span style=\"font-family: Geneva, Arial, Helvetica, san-serif; font-size: medium;\">Cal <b>trucar (93.460.22.26)<\/b> o enviar un <a href=\"mailto:crp-badalona@xtec.cat\"><b>missatge al CRP<\/b><\/a> per tal de concretar <strong>dia i hora<\/strong>. Cal que especifiqueu tamb\u00e9 el <b>nombre d&#8217;alumnes i nivell<\/b>. <\/span><\/p>\n<p style=\"text-align: justify;\"><span style=\"font-family: Geneva, Arial, Helvetica, san-serif; font-size: medium;\">L&#8217;assignaci\u00f3 de xerrades a centres s&#8217;aniran atorgant en funci\u00f3 de la disponibilitat de les persones de la Comissi\u00f3 Organitzadora. Aquelles demandes que no es puguin atendre aquest mesos tindran prioritat el curs vinent.<\/span><\/p>\n<p>Us preguem que les\u00a0 xerrades per diferents nivells, les agrupeu el mateix dia, evitant-nos despla\u00e7aments.<\/p>\n<p>IMPORTANT: M\u00e0xim 2 presentacions\u00a0per centre.<\/p>\n","protected":false},"excerpt":{"rendered":"<p>Com cada any, us oferim per a aquest curs la possibilitat de passar pel vostre centre i realitzar una xerrada [&hellip;]<\/p>\n","protected":false},"author":1,"featured_media":0,"parent":1771,"menu_order":0,"comment_status":"closed","ping_status":"closed","template":"","meta":{"_bbp_topic_count":0,"_bbp_reply_count":0,"_bbp_total_topic_count":0,"_bbp_total_reply_count":0,"_bbp_voice_count":0,"_bbp_anonymous_reply_count":0,"_bbp_topic_count_hidden":0,"_bbp_reply_count_hidden":0,"_bbp_forum_subforum_count":0,"site-sidebar-layout":"default","site-content-layout":"","ast-site-content-layout":"","site-content-style":"default","site-sidebar-style":"default","ast-global-header-display":"","ast-banner-title-visibility":"","ast-main-header-display":"","ast-hfb-above-header-display":"","ast-hfb-below-header-display":"","ast-hfb-mobile-header-display":"","site-post-title":"","ast-breadcrumbs-content":"","ast-featured-img":"","footer-sml-layout":"","theme-transparent-header-meta":"","adv-header-id-meta":"","stick-header-meta":"","header-above-stick-meta":"","header-main-stick-meta":"","header-below-stick-meta":"","astra-migrate-meta-layouts":"default","ast-page-background-enabled":"default","ast-page-background-meta":{"desktop":{"background-color":"var(--ast-global-color-4)","background-image":"","background-repeat":"repeat","background-position":"center center","background-size":"auto","background-attachment":"scroll","background-type":"","background-media":"","overlay-type":"","overlay-color":"","overlay-opacity":"","overlay-gradient":""},"tablet":{"background-color":"","background-image":"","background-repeat":"repeat","background-position":"center center","background-size":"auto","background-attachment":"scroll","background-type":"","background-media":"","overlay-type":"","overlay-color":"","overlay-opacity":"","overlay-gradient":""},"mobile":{"background-color":"","background-image":"","background-repeat":"repeat","background-position":"center center","background-size":"auto","background-attachment":"scroll","background-type":"","background-media":"","overlay-type":"","overlay-color":"","overlay-opacity":"","overlay-gradient":""}},"ast-content-background-meta":{"desktop":{"background-color":"var(--ast-global-color-5)","background-image":"","background-repeat":"repeat","background-position":"center center","background-size":"auto","background-attachment":"scroll","background-type":"","background-media":"","overlay-type":"","overlay-color":"","overlay-opacity":"","overlay-gradient":""},"tablet":{"background-color":"var(--ast-global-color-5)","background-image":"","background-repeat":"repeat","background-position":"center center","background-size":"auto","background-attachment":"scroll","background-type":"","background-media":"","overlay-type":"","overlay-color":"","overlay-opacity":"","overlay-gradient":""},"mobile":{"background-color":"var(--ast-global-color-5)","background-image":"","background-repeat":"repeat","background-position":"center center","background-size":"auto","background-attachment":"scroll","background-type":"","background-media":"","overlay-type":"","overlay-color":"","overlay-opacity":"","overlay-gradient":""}},"footnotes":""},"class_list":["post-6520","page","type-page","status-publish","hentry"],"post_mailing_queue_ids":[],"_links":{"self":[{"href":"https:\/\/serveiseducatius.xtec.cat\/badalona\/wp-json\/wp\/v2\/pages\/6520","targetHints":{"allow":["GET"]}}],"collection":[{"href":"https:\/\/serveiseducatius.xtec.cat\/badalona\/wp-json\/wp\/v2\/pages"}],"about":[{"href":"https:\/\/serveiseducatius.xtec.cat\/badalona\/wp-json\/wp\/v2\/types\/page"}],"author":[{"embeddable":true,"href":"https:\/\/serveiseducatius.xtec.cat\/badalona\/wp-json\/wp\/v2\/users\/1"}],"replies":[{"embeddable":true,"href":"https:\/\/serveiseducatius.xtec.cat\/badalona\/wp-json\/wp\/v2\/comments?post=6520"}],"version-history":[{"count":4,"href":"https:\/\/serveiseducatius.xtec.cat\/badalona\/wp-json\/wp\/v2\/pages\/6520\/revisions"}],"predecessor-version":[{"id":18519,"href":"https:\/\/serveiseducatius.xtec.cat\/badalona\/wp-json\/wp\/v2\/pages\/6520\/revisions\/18519"}],"up":[{"embeddable":true,"href":"https:\/\/serveiseducatius.xtec.cat\/badalona\/wp-json\/wp\/v2\/pages\/1771"}],"wp:attachment":[{"href":"https:\/\/serveiseducatius.xtec.cat\/badalona\/wp-json\/wp\/v2\/media?parent=6520"}],"curies":[{"name":"wp","href":"https:\/\/api.w.org\/{rel}","templated":true}]}}