{"id":4753,"date":"2016-09-22T11:45:00","date_gmt":"2016-09-22T10:45:00","guid":{"rendered":"http:\/\/serveiseducatius.xtec.cat\/badalona\/?page_id=4753"},"modified":"2016-09-22T11:45:00","modified_gmt":"2016-09-22T10:45:00","slug":"la-cremada-del-dimoni","status":"publish","type":"page","link":"https:\/\/serveiseducatius.xtec.cat\/badalona\/la-cremada-del-dimoni\/","title":{"rendered":"La Cremada del Dimoni"},"content":{"rendered":"<p><strong><\/strong><img loading=\"lazy\" decoding=\"async\" class=\"alignnone size-full wp-image-4754\" src=\"http:\/\/serveiseducatius.xtec.cat\/badalona\/wp-content\/uploads\/usu1088\/2016\/09\/galeria-dimonis.jpg\" alt=\"galeria dimonis\" width=\"1016\" height=\"252\" srcset=\"https:\/\/serveiseducatius.xtec.cat\/badalona\/wp-content\/uploads\/usu1088\/2016\/09\/galeria-dimonis.jpg 1016w, https:\/\/serveiseducatius.xtec.cat\/badalona\/wp-content\/uploads\/usu1088\/2016\/09\/galeria-dimonis-300x74.jpg 300w, https:\/\/serveiseducatius.xtec.cat\/badalona\/wp-content\/uploads\/usu1088\/2016\/09\/galeria-dimonis-768x190.jpg 768w\" sizes=\"auto, (max-width: 1016px) 100vw, 1016px\" \/><\/p>\n<p>La <strong><a href=\"https:\/\/ca.wikipedia.org\/wiki\/Cremada_del_Dimoni\" target=\"_blank\">Cremada del Dimoni de Badalona<\/a><\/strong>\u00a0\u00e9s la festa tradicional m\u00e9s important de la ciutat i \u00e9s l&#8217;acte central de la Festa Major que se celebra les primeres setmanes de maig i \u00e9s coneguda com les Festes de Maig.\u00a0 El 10 de maig, a partir de les deu de la nit, t\u00e9 lloc a la Rambla de Badalona, davant del mar, la Cremada del Dimoni, que \u00e9s la culminaci\u00f3 d&#8217;un seguit d&#8217;actes que conformen la Nit de Sant Anastasi.\u00a0 La Generalitat va declarar la Cremada festa d&#8217;inter\u00e8s tur\u00edstic el 1991.<\/p>\n<p>Hem preparat un\u00a0<a href=\"http:\/\/blocs.xtec.cat\/dimonibadalona\/\" target=\"_blank\"><strong>recull de materials<\/strong><\/a>\u00a0i una\u00a0<strong>Cacera del Tresor del Dimoni<\/strong>\u00a0per ajudar les escoles a participar en la festa. Trobareu tamb\u00e9\u00a0<a href=\"http:\/\/blocs.xtec.cat\/dimonibadalona\/el-mural-del-dimoni\/\" target=\"_blank\"><strong>el mural del dimoni<\/strong><\/a>\u00a0per anotar tot all\u00f2 que voleu cremar amb el dimoni, pujar-hi les vostres imatges, fotos, v\u00eddeos&#8230;<\/p>\n<p>Us deixem tamb\u00e9 el\u00a0<strong><a href=\"https:\/\/www.pinterest.com\/culturabdn\/tots-els-dimonis-de-les-festes-de-maig-de-badalona\/\" target=\"_blank\">Pinterest: Tots els dimonis de la festa<\/a><\/strong>\u00a0de la regidoria de Cultura de l&#8217;Aj.de Badalona amb les imatges de tots els dimonis de les Festes de Maig de Badalona i un altre <strong><a href=\"https:\/\/es.pinterest.com\/sebadalona\/dimonis\/\" target=\"_blank\">Pinterest amb propostes d&#8217;idees per treballar el dimoni a l&#8217;escola<\/a>.<\/strong><\/p>\n<p>&nbsp;<\/p>\n","protected":false},"excerpt":{"rendered":"<p>La Cremada del Dimoni de Badalona\u00a0\u00e9s la festa tradicional m\u00e9s important de la ciutat i \u00e9s l&#8217;acte central de la [&hellip;]<\/p>\n","protected":false},"author":9,"featured_media":0,"parent":0,"menu_order":0,"comment_status":"closed","ping_status":"closed","template":"","meta":{"_bbp_topic_count":0,"_bbp_reply_count":0,"_bbp_total_topic_count":0,"_bbp_total_reply_count":0,"_bbp_voice_count":0,"_bbp_anonymous_reply_count":0,"_bbp_topic_count_hidden":0,"_bbp_reply_count_hidden":0,"_bbp_forum_subforum_count":0,"site-sidebar-layout":"default","site-content-layout":"","ast-site-content-layout":"","site-content-style":"default","site-sidebar-style":"default","ast-global-header-display":"","ast-banner-title-visibility":"","ast-main-header-display":"","ast-hfb-above-header-display":"","ast-hfb-below-header-display":"","ast-hfb-mobile-header-display":"","site-post-title":"","ast-breadcrumbs-content":"","ast-featured-img":"","footer-sml-layout":"","theme-transparent-header-meta":"","adv-header-id-meta":"","stick-header-meta":"","header-above-stick-meta":"","header-main-stick-meta":"","header-below-stick-meta":"","astra-migrate-meta-layouts":"default","ast-page-background-enabled":"default","ast-page-background-meta":{"desktop":{"background-color":"var(--ast-global-color-4)","background-image":"","background-repeat":"repeat","background-position":"center center","background-size":"auto","background-attachment":"scroll","background-type":"","background-media":"","overlay-type":"","overlay-color":"","overlay-opacity":"","overlay-gradient":""},"tablet":{"background-color":"","background-image":"","background-repeat":"repeat","background-position":"center center","background-size":"auto","background-attachment":"scroll","background-type":"","background-media":"","overlay-type":"","overlay-color":"","overlay-opacity":"","overlay-gradient":""},"mobile":{"background-color":"","background-image":"","background-repeat":"repeat","background-position":"center center","background-size":"auto","background-attachment":"scroll","background-type":"","background-media":"","overlay-type":"","overlay-color":"","overlay-opacity":"","overlay-gradient":""}},"ast-content-background-meta":{"desktop":{"background-color":"var(--ast-global-color-5)","background-image":"","background-repeat":"repeat","background-position":"center center","background-size":"auto","background-attachment":"scroll","background-type":"","background-media":"","overlay-type":"","overlay-color":"","overlay-opacity":"","overlay-gradient":""},"tablet":{"background-color":"var(--ast-global-color-5)","background-image":"","background-repeat":"repeat","background-position":"center center","background-size":"auto","background-attachment":"scroll","background-type":"","background-media":"","overlay-type":"","overlay-color":"","overlay-opacity":"","overlay-gradient":""},"mobile":{"background-color":"var(--ast-global-color-5)","background-image":"","background-repeat":"repeat","background-position":"center center","background-size":"auto","background-attachment":"scroll","background-type":"","background-media":"","overlay-type":"","overlay-color":"","overlay-opacity":"","overlay-gradient":""}},"footnotes":""},"class_list":["post-4753","page","type-page","status-publish","hentry"],"post_mailing_queue_ids":[],"_links":{"self":[{"href":"https:\/\/serveiseducatius.xtec.cat\/badalona\/wp-json\/wp\/v2\/pages\/4753","targetHints":{"allow":["GET"]}}],"collection":[{"href":"https:\/\/serveiseducatius.xtec.cat\/badalona\/wp-json\/wp\/v2\/pages"}],"about":[{"href":"https:\/\/serveiseducatius.xtec.cat\/badalona\/wp-json\/wp\/v2\/types\/page"}],"author":[{"embeddable":true,"href":"https:\/\/serveiseducatius.xtec.cat\/badalona\/wp-json\/wp\/v2\/users\/9"}],"replies":[{"embeddable":true,"href":"https:\/\/serveiseducatius.xtec.cat\/badalona\/wp-json\/wp\/v2\/comments?post=4753"}],"version-history":[{"count":1,"href":"https:\/\/serveiseducatius.xtec.cat\/badalona\/wp-json\/wp\/v2\/pages\/4753\/revisions"}],"predecessor-version":[{"id":4755,"href":"https:\/\/serveiseducatius.xtec.cat\/badalona\/wp-json\/wp\/v2\/pages\/4753\/revisions\/4755"}],"wp:attachment":[{"href":"https:\/\/serveiseducatius.xtec.cat\/badalona\/wp-json\/wp\/v2\/media?parent=4753"}],"curies":[{"name":"wp","href":"https:\/\/api.w.org\/{rel}","templated":true}]}}