{"id":2762,"date":"2012-10-18T13:46:31","date_gmt":"2012-10-18T12:46:31","guid":{"rendered":"http:\/\/serveiseducatius.xtec.cat\/badalona\/intraweb\/programa-internacional-erasmus\/"},"modified":"2017-02-09T14:17:17","modified_gmt":"2017-02-09T13:17:17","slug":"programa-internacional-erasmus","status":"publish","type":"page","link":"https:\/\/serveiseducatius.xtec.cat\/badalona\/programa-internacional-erasmus\/","title":{"rendered":"Programa Internacional Erasmus+"},"content":{"rendered":"<p>&nbsp;<\/p>\n<table class=\" htmtableborders\" style=\"display: table; width: 765px;\" border=\"0\">\n<tbody>\n<tr>\n<td><span style=\"font-size: 20px;\"><span style=\"color: #008080;\"><span style=\"font-family: verdana,geneva,sans-serif;\"><strong>PROGRAMES INTERNACIONALS<br \/>\n<span style=\"font-size: 16px;\">Erasmus+ (KA1, KA2 i e-Twinning)<\/span><\/strong><\/span><\/span><\/span><\/td>\n<\/tr>\n<tr>\n<td>\n<div><\/div>\n<div>\n<table style=\"border-collapse: collapse; border-color: #000000; width: 754px;\" border=\"1\" cellpadding=\"5\">\n<tbody>\n<tr>\n<td><span style=\"color: #008080;\"><span style=\"font-size: 18px;\">ERASMUS+\u00a0(2014-2020)<\/span><\/span><\/td>\n<td style=\"text-align: center;\"><span style=\"font-size: 18px;\"><span style=\"font-family: verdana,geneva,sans-serif;\"><span style=\"color: #008080;\">Espai\u00a0\u00a0<\/span><a title=\"ETWINNING\" href=\"index.php?module=pagines&amp;func=display&amp;pageid=99\" target=\"_blank\"><span style=\"color: #ff8c00;\">eTWINNING<\/span><\/a><\/span><\/span><\/td>\n<\/tr>\n<\/tbody>\n<\/table>\n<\/div>\n<p><a title=\"Erasmus+\" href=\"http:\/\/www.oapee.es\/oapee\/inicio\/ErasmusPlus.html\" target=\"_blank\">Erasmus +<\/a><\/p>\n<p>La Comissi\u00f3 Europea ha proposat per al per\u00edode 2014-2020\u00a0el programa\u00a0<a title=\"erasmus+\" href=\"http:\/\/ec.europa.eu\/dgs\/education_culture\/promo\/erasmus-plus\/pub\/erasmus-plus-in-detail_en.pdf\" target=\"_blank\">Erasmus<\/a><a title=\"erasmus+\" href=\"http:\/\/ec.europa.eu\/dgs\/education_culture\/promo\/erasmus-plus\/pub\/erasmus-plus-in-detail_en.pdf\" target=\"_blank\">\u00a0<\/a><a title=\"erasmus+\" href=\"http:\/\/ec.europa.eu\/dgs\/education_culture\/promo\/erasmus-plus\/pub\/erasmus-plus-in-detail_en.pdf\" target=\"_blank\">+<\/a>\u00a0(Programa europeu per a l&#8217;Educaci\u00f3 Formaci\u00f3 Professional, Joventut i Esport).\u00a0<a href=\"http:\/\/ec.europa.eu\/programmes\/erasmus-plus\/index_es.htm\" target=\"_blank\">+ info (esp)<\/a><br \/>\nAquest programa substituir\u00e0 el Com\u00e8nius actuals.\u00a0<a href=\"http:\/\/ec.europa.eu\/education\/erasmus-plus\/index_en.htm\" target=\"_blank\">+ info<\/a>\u00a0<a href=\"http:\/\/ec.europa.eu\/dgs\/education_culture\/promo\/erasmus-plus\/pub\/view\/erasmus-plus-leaflet_es.pdf\" target=\"_blank\">+info(esp)\u00a0<\/a><\/p>\n<p><a title=\"Video presentaci\u00f3 Erasmus +\" href=\"http:\/\/europa.eu\/!Hw83nd\" target=\"_blank\">V\u00eddeo de presentaci\u00f3 Erasmus<\/a><\/p>\n<p><a title=\"erasmus+\" href=\"http:\/\/xtec.gencat.cat\/ca\/projectes\/projecteinternacionalerasmus\/\" target=\"_blank\">Informaci\u00f3 Erasmus+ a l&#8217;XTEC<\/a><\/p>\n<p><a href=\"https:\/\/drive.google.com\/file\/d\/0B8iO_h_UisQhQS15QjNZOEpxeWc\/view?usp=sharing\" target=\"_blank\">Qu\u00e8 \u00e9s eTwinnig?<\/a>\u00a0 (Albert Vitri\u00e0. CRP Badalona &#8211; 24 de febrer de 2016)<\/p>\n<p><a title=\"Presentaci\u00f3 Erasmus +\" href=\"https:\/\/drive.google.com\/file\/d\/0B8iO_h_UisQhblZiSjc0QVhsTFk\/view?usp=sharing\" target=\"_blank\">Presentaci\u00f3 Erasmus<\/a>\u00a0(Albert Vitri\u00e0. CRP Badalona &#8211; 13 de gener de 2015)<\/p>\n<p><a title=\"Presentaci\u00f3 Erasmus +\" href=\"https:\/\/drive.google.com\/open?id=0B8iO_h_UisQhaTZzdTVBb2lSQ1U\" target=\"_blank\">Presentaci\u00f3 Erasmus<\/a>\u00a0\u00a0(Albert Vitri\u00e0. CRP Santa Coloma Gramenet &#8211; 25 de novembre 2015)<\/p>\n<p><a href=\"http:\/\/www.schooleducationgateway.eu\/es\/pub\/tools.htm\" target=\"_blank\">School EducationGateway<\/a>\u00a0&#8211;\u00a0web de suport als programes europeus (tutorial d&#8217;\u00fas\u00a0<a href=\"http:\/\/www.schooleducationgateway.eu\/es\/pub\/tutorials\/seg_-_how_to_use.htm\" target=\"_blank\">aqu\u00ed<\/a>)<\/p>\n<p><span style=\"text-decoration: underline;\">Altres enlla\u00e7os d&#8217;inter\u00e8s:<\/span><\/p>\n<p><a href=\"http:\/\/www.oapee.es\/oapee\/inicio.html\" target=\"_blank\">OAPEE<\/a> (Organismo Aut\u00f3nomo Programas Educativos Europeos)<\/p>\n<p><a href=\"http:\/\/phobos.xtec.cat\/pluriling\/servei.html\" target=\"_blank\">Servei\u00a0de lleng\u00fces<\/a> Bloc del Servei de Lleng\u00fces del Departament d&#8217;Ensenyament<\/p>\n<p><a href=\"http:\/\/phobos.xtec.cat\/cirel\/cirel\/\" target=\"_blank\">CIREL<\/a> Centre d&#8217;innovaci\u00f3 i recerca educatives en lleng\u00fces<\/td>\n<\/tr>\n<tr>\n<td>CONVOCAT\u00d2RIA I FORMULARIS<\/p>\n<p style=\"margin-left: 40px;\"><a title=\"Convocat\u00f2ria\" href=\"http:\/\/www.xtec.cat\/web\/projectes\/projecteinternacionalerasmus\/normativacalendari\" target=\"_blank\">Convocat\u00f2ria Erasmus+<\/a><\/p>\n<p style=\"margin-left: 40px;\"><a title=\"Guia (angl\u00e8s)\" href=\"http:\/\/www.oapee.es\/dctm\/weboapee\/convocatoria\/2015\/erasmus-plus-programme-guideen-version-3.pdf?documentId=0901e72b81b31fac\" target=\"_blank\">Instruccions i manuals<\/a><\/p>\n<p><a title=\"Sol\u00b7licitud PIC (erasmus +)\" href=\"https:\/\/www.slideshare.net\/a8930002\/sollicitud-pic-erasmus\" target=\"_blank\">Sol\u00b7licitud PIC (erasmus +)<\/a><\/p>\n<p style=\"margin-left: 40px;\">Acci\u00f3\u00a0<a title=\"KA1\" href=\"http:\/\/ec.europa.eu\/programmes\/erasmus-plus\/discover\/guide\/documents-applicants_en.htm\" target=\"_blank\">KA1<\/a><\/p>\n<div style=\"margin-left: 40px;\">Mobilitat de les persones en l&#8217;\u00e0mbit de l&#8217;educaci\u00f3, la formaci\u00f3 i la joventut: 2 de febrer de 2016 (fins a les 12\u00a0 del migdia, hora de\u00a0Brussel\u00b7les)<\/div>\n<p style=\"margin-left: 40px;\"><a title=\"K1\" href=\"http:\/\/ec.europa.eu\/programmes\/erasmus-plus\/discover\/guide\/documents-applicants_en.htm\" target=\"_blank\">Formularis sol\u00b7licitud KA1 i orientacions<\/a> (El lliurament de la documentaci\u00f3 ser\u00e0 totalment en l\u00ednia)<\/p>\n<p style=\"margin-left: 40px;\">&#8211; Per fer la sol\u00b7licitud els centres han de comptar amb el codi PIC<br \/>\n&#8211; La demanda de formaci\u00f3 de professorat no l&#8217;han de fer els docents individualment, l&#8217;ha de fer el propi<br \/>\ncentre i pot estar basada en projectes PILE, PMQCE&#8230;<br \/>\n&#8211; Per sol\u00b7licitar mobilitat d&#8217;alumnes de CFGS cal tenir la Carta Erasmus com a centre. Aquest requisit no<br \/>\n_es necessari pels alumnes de CFGM<\/p>\n<p style=\"margin-left: 40px;\">Acci\u00f3\u00a0<a title=\"KA2\" href=\"http:\/\/ec.europa.eu\/programmes\/erasmus-plus\/discover\/guide\/documents-applicants_en.htm\" target=\"_blank\">KA2<\/a><\/p>\n<p>Associacions estrat\u00e8giques: 31 de mar\u00e7 del 2016\u00a0 (fins a les 12\u00a0 del migdia, hora de\u00a0Brussel\u00b7les)<\/p>\n<p style=\"margin-left: 40px;\"><a title=\"KA2\" href=\"http:\/\/ec.europa.eu\/programmes\/erasmus-plus\/discover\/guide\/documents-applicants_en.htm\" target=\"_blank\">Formulari KA2 i orientacions<\/a> (El lliurament de la documentaci\u00f3\u00a0ser\u00e0 totalment en l\u00ednia)<\/p>\n<p style=\"margin-left: 40px;\">* Es poden formular consultes a la Comissi\u00f3 Europea, en relaci\u00f3 al PIC, URF i formularis electr\u00f2nics a trav\u00e9s del correu electr\u00f2nic:\u00a0\u00a0 <span style=\"background-color: #ffffff;\"><a href=\"mailto:EAC-business-helpdesk@ec.europa.eu\" target=\"_blank\">EAC-business-helpdesk@ec.europa.eu<\/a> .<\/span><\/p>\n<ul>\n<li>FORMACI\u00d3 RELACIONADA AMB PROJECTES ERASMUS + \u00a0(Curs 2015-2016)<\/li>\n<\/ul>\n<p style=\"margin-left: 40px;\"><a href=\"https:\/\/aplicacions.gestioeducativa.gencat.cat\/pls\/soloas\/pk_for_mod_ins.p_for_detall_activitat?p_header=Llista%20d%27activitats%5epk_for_mod_ins.p_for_cons_activitats?p_codi=9003200500,9003300500,9003400500,9003460500,9000010542,9000580555,9000620555,9000030542,9000040542,9000020542%26p_any=2015-2016%26p_totes=S%26p_inici=1%26p_excloure_crp_rec=T&amp;p_codi=9000030542&amp;p_curs=2015-2016&amp;p_excloure_crp_rec=T\" target=\"_blank\">Formaci\u00f3 adre\u00e7ada als centres sol\u00b7licitants d\u2019un projecte Erasmus+ 2016<\/a>\u00a0(Sector escolar i d\u2019adults)\u00a09000030542<br \/>\n<a href=\"https:\/\/aplicacions.gestioeducativa.gencat.cat\/pls\/soloas\/pk_for_mod_ins.p_for_detall_activitat?p_header=Llista%20d%27activitats%5epk_for_mod_ins.p_for_cons_activitats?p_codi=9003200500,9003300500,9003400500,9003460500,9000010542,9000580555,9000620555,9000030542,9000040542,9000020542%26p_any=2015-2016%26p_totes=S%26p_inici=1%26p_excloure_crp_rec=T&amp;p_codi=9000030542&amp;p_curs=2015-2016&amp;p_excloure_crp_rec=T\" target=\"_blank\">Inscripci\u00f3<\/a>\u00a0fins el proper 27 setembre. 1\u00aa sessi\u00f3: 6 de novembre;<\/p>\n<p><a href=\"https:\/\/aplicacions.gestioeducativa.gencat.cat\/pls\/soloas\/pk_for_mod_ins.p_for_detall_activitat?p_header=Llista%20d%27activitats%5Epk_for_mod_ins.p_for_cons_activitats?p_codi=9003200500,9003300500,9003400500,9003460500,9000010542,9000580555,9000620555,9000030542,9000040542,9000020542%26p_any=2015-2016%26p_totes=S%26p_inici=1%26p_excloure_crp_rec=T&amp;p_codi=9000040542&amp;p_curs=2015-2016&amp;p_excloure_crp_rec=T\" target=\"_blank\">Formaci\u00f3 per la coordinaci\u00f3 de projectes internacionals Erasmus+ 2015<\/a>\u00a0(Sector escolar i d\u2019adults)\u00a09000040542<br \/>\n<a href=\"https:\/\/aplicacions.gestioeducativa.gencat.cat\/pls\/soloas\/pk_for_mod_ins.p_for_detall_activitat?p_header=Llista%20d%27activitats%5Epk_for_mod_ins.p_for_cons_activitats?p_codi=9003200500,9003300500,9003400500,9003460500,9000010542,9000580555,9000620555,9000030542,9000040542,9000020542%26p_any=2015-2016%26p_totes=S%26p_inici=1%26p_excloure_crp_rec=T&amp;p_codi=9000040542&amp;p_curs=2015-2016&amp;p_excloure_crp_rec=T\" target=\"_blank\">Inscripci\u00f3<\/a>\u00a0\u00a0fins el proper 27 setembre. (dues persones per centre)\u00a01a sessi\u00f3: 29 de setembre<\/td>\n<\/tr>\n<\/tbody>\n<\/table>\n<p>&nbsp;<\/p>\n","protected":false},"excerpt":{"rendered":"<p>&nbsp; PROGRAMES INTERNACIONALS Erasmus+ (KA1, KA2 i e-Twinning) ERASMUS+\u00a0(2014-2020) Espai\u00a0\u00a0eTWINNING Erasmus + La Comissi\u00f3 Europea ha proposat per al per\u00edode [&hellip;]<\/p>\n","protected":false},"author":1,"featured_media":0,"parent":0,"menu_order":0,"comment_status":"closed","ping_status":"closed","template":"page-templates\/side-menu.php","meta":{"_bbp_topic_count":0,"_bbp_reply_count":0,"_bbp_total_topic_count":0,"_bbp_total_reply_count":0,"_bbp_voice_count":0,"_bbp_anonymous_reply_count":0,"_bbp_topic_count_hidden":0,"_bbp_reply_count_hidden":0,"_bbp_forum_subforum_count":0,"site-sidebar-layout":"default","site-content-layout":"","ast-site-content-layout":"","site-content-style":"default","site-sidebar-style":"default","ast-global-header-display":"","ast-banner-title-visibility":"","ast-main-header-display":"","ast-hfb-above-header-display":"","ast-hfb-below-header-display":"","ast-hfb-mobile-header-display":"","site-post-title":"","ast-breadcrumbs-content":"","ast-featured-img":"","footer-sml-layout":"","theme-transparent-header-meta":"","adv-header-id-meta":"","stick-header-meta":"","header-above-stick-meta":"","header-main-stick-meta":"","header-below-stick-meta":"","astra-migrate-meta-layouts":"default","ast-page-background-enabled":"default","ast-page-background-meta":{"desktop":{"background-color":"var(--ast-global-color-4)","background-image":"","background-repeat":"repeat","background-position":"center center","background-size":"auto","background-attachment":"scroll","background-type":"","background-media":"","overlay-type":"","overlay-color":"","overlay-opacity":"","overlay-gradient":""},"tablet":{"background-color":"","background-image":"","background-repeat":"repeat","background-position":"center center","background-size":"auto","background-attachment":"scroll","background-type":"","background-media":"","overlay-type":"","overlay-color":"","overlay-opacity":"","overlay-gradient":""},"mobile":{"background-color":"","background-image":"","background-repeat":"repeat","background-position":"center center","background-size":"auto","background-attachment":"scroll","background-type":"","background-media":"","overlay-type":"","overlay-color":"","overlay-opacity":"","overlay-gradient":""}},"ast-content-background-meta":{"desktop":{"background-color":"var(--ast-global-color-5)","background-image":"","background-repeat":"repeat","background-position":"center center","background-size":"auto","background-attachment":"scroll","background-type":"","background-media":"","overlay-type":"","overlay-color":"","overlay-opacity":"","overlay-gradient":""},"tablet":{"background-color":"var(--ast-global-color-5)","background-image":"","background-repeat":"repeat","background-position":"center center","background-size":"auto","background-attachment":"scroll","background-type":"","background-media":"","overlay-type":"","overlay-color":"","overlay-opacity":"","overlay-gradient":""},"mobile":{"background-color":"var(--ast-global-color-5)","background-image":"","background-repeat":"repeat","background-position":"center center","background-size":"auto","background-attachment":"scroll","background-type":"","background-media":"","overlay-type":"","overlay-color":"","overlay-opacity":"","overlay-gradient":""}},"footnotes":""},"class_list":["post-2762","page","type-page","status-publish","hentry"],"post_mailing_queue_ids":[],"_links":{"self":[{"href":"https:\/\/serveiseducatius.xtec.cat\/badalona\/wp-json\/wp\/v2\/pages\/2762","targetHints":{"allow":["GET"]}}],"collection":[{"href":"https:\/\/serveiseducatius.xtec.cat\/badalona\/wp-json\/wp\/v2\/pages"}],"about":[{"href":"https:\/\/serveiseducatius.xtec.cat\/badalona\/wp-json\/wp\/v2\/types\/page"}],"author":[{"embeddable":true,"href":"https:\/\/serveiseducatius.xtec.cat\/badalona\/wp-json\/wp\/v2\/users\/1"}],"replies":[{"embeddable":true,"href":"https:\/\/serveiseducatius.xtec.cat\/badalona\/wp-json\/wp\/v2\/comments?post=2762"}],"version-history":[{"count":3,"href":"https:\/\/serveiseducatius.xtec.cat\/badalona\/wp-json\/wp\/v2\/pages\/2762\/revisions"}],"predecessor-version":[{"id":6452,"href":"https:\/\/serveiseducatius.xtec.cat\/badalona\/wp-json\/wp\/v2\/pages\/2762\/revisions\/6452"}],"wp:attachment":[{"href":"https:\/\/serveiseducatius.xtec.cat\/badalona\/wp-json\/wp\/v2\/media?parent=2762"}],"curies":[{"name":"wp","href":"https:\/\/api.w.org\/{rel}","templated":true}]}}