{"id":2747,"date":"2012-06-17T16:41:58","date_gmt":"2012-06-17T15:41:58","guid":{"rendered":"http:\/\/serveiseducatius.xtec.cat\/badalona\/intraweb\/el-violi-dauschwitz-activitats\/"},"modified":"2023-02-03T14:03:38","modified_gmt":"2023-02-03T13:03:38","slug":"el-violi-dauschwitz-activitats","status":"publish","type":"page","link":"https:\/\/serveiseducatius.xtec.cat\/badalona\/recursos\/llibres-de-text-lectures-a-leso-premis-ciutat-de-badalona\/el-violi-dauschwitz-activitats\/","title":{"rendered":"El viol\u00ed d&#8217;Auschwitz"},"content":{"rendered":"<table border=\"0\" width=\"94%\">\n<tbody>\n<tr>\n<td align=\"center\" valign=\"middle\" width=\"31%\"><img loading=\"lazy\" decoding=\"async\" class=\"alignnone size-large\" src=\"https:\/\/www.cpnl.cat\/media\/upload\/cache\/e_12400690_10154510875163047_4941587595044914061_n_editora_200_124_1.jpg\" width=\"200\" height=\"300\" \/><\/td>\n<td align=\"left\" valign=\"top\" width=\"69%\">\n<p><span style=\"font-family: Geneva, Arial, Helvetica, sans-serif; font-size: small; color: #000000;\"><strong>Comentari:<\/strong><\/span><\/p>\n<p><span style=\"color: #000000;\"><span style=\"font-family: Geneva, Arial, Helvetica, sans-serif; font-size: small;\">La novel.la narra el sofriment del poble jueu als camps de concentraci\u00f3 alemanys, personificat en Daniel, un lutier jueu de Crac\u00f2via que treballa al camp com a fuster. Sauckel, el comandant del camp s&#8217;assabenta del veritable ofici d&#8217;en Daniel i condiciona la seva vida a la construcci\u00f3 d\u2019un viol\u00ed de so perfecte. La construcci\u00f3 de l&#8217;instrument \u00e9s constitueix en el fil que lliga en Daniel amb la vida en una situaci\u00f3 contra rellotge en la que s&#8217;enfronta la dignitat d&#8217;un \u00e9sser hum\u00e0 a la barb\u00e0rie del feixisme.<br \/>\n<\/span><span style=\"font-family: Geneva, Arial, Helvetica, sans-serif; font-size: small;\">En aquest llibre es mostra com eren les condicions de vida en un camp de concentraci\u00f3 nazi.<\/span><\/span><\/p>\n<p><span style=\"font-family: Geneva, Arial, Helvetica, sans-serif; font-size: small; color: #000000;\"><strong>Activitats:<\/strong><\/span><\/p>\n<ul>\n<li><span style=\"font-family: Geneva, Arial, Helvetica, sans-serif; font-size: small; color: #000000;\">Dossier de treball: (<a style=\"color: #000000;\" href=\"https:\/\/mestreacasa.gva.es\/c\/document_library\/get_file?folderId=500023071343&amp;name=DLFE-1956889.pdf\" target=\"_blank\" rel=\"noopener\">enlla\u00e7<\/a>) <\/span><\/li>\n<li><span style=\"font-family: Geneva, Arial, Helvetica, sans-serif; font-size: small; color: #000000;\">Proposta de treball a EDU365 (<a style=\"color: #000000;\" href=\"https:\/\/www.edu365.cat\/eso\/catala\/lectures\/violi\/index.htm\" target=\"_blank\" rel=\"noopener\">enlla\u00e7<\/a>)<\/span><\/li>\n<li><span style=\"font-family: Geneva, Arial, Helvetica, sans-serif; font-size: small; color: #000000;\">Pel\u00b7l\u00edcula: <em>El Ni\u00f1o con el pijama de rayas<\/em>, dirigida por Mark Herman; durada: 90 min.<\/span><\/li>\n<li><span style=\"font-family: Geneva, Arial, Helvetica, sans-serif; font-size: small; color: #000000;\">DVDS: <\/span>\n<ul>\n<li><span style=\"font-family: Geneva, Arial, Helvetica, sans-serif; font-size: small; color: #000000;\"><em>Genocidio: el exterminio jud\u00edo<\/em>; durada: 60 min.<\/span><\/li>\n<li><span style=\"font-family: Geneva, Arial, Helvetica, sans-serif; font-size: small; color: #000000;\"><em>El Holocausto: cr\u00f3nica de un exterminio<\/em>; durada: 52 min.<\/span><\/li>\n<\/ul>\n<\/li>\n<li><span style=\"font-family: Geneva, Arial, Helvetica, sans-serif; font-size: small; color: #000000;\">Documental sobre l\u2019Holocaust jueu; durada: 9:14 min. (<a style=\"color: #000000;\" href=\"http:\/\/www.youtube.com\/watch?v=YG36mUW_-k0\" target=\"_blank\" rel=\"noopener\">enlla\u00e7<\/a>)<\/span><\/li>\n<li><span style=\"font-family: Geneva, Arial, Helvetica, sans-serif; font-size: small; color: #000000;\">Xerrada a c\u00e0rrec d\u2019un professor d\u2019Hist\u00f2ria sobre l\u2019Holocaust jueu 1939\/1945.<\/span><\/li>\n<\/ul>\n<\/td>\n<\/tr>\n<tr align=\"left\" valign=\"top\" bgcolor=\"#E3E3C4\">\n<td colspan=\"3\" height=\"18\"><span style=\"color: #ff6600;\"><strong><span style=\"font-family: Geneva, Arial, Helvetica, sans-serif; font-size: large;\">Per\u00a0a m\u00e9s informaci\u00f3:<\/span><\/strong><\/span><\/td>\n<\/tr>\n<tr align=\"left\" valign=\"top\">\n<td colspan=\"3\" height=\"20\"><span style=\"font-size: 10pt;\">Pots\u00a0contactar amb:<span style=\"color: #ff6600;\">CRP de Badalona &#8211; 934602226<\/span><\/span><\/td>\n<\/tr>\n<tr align=\"left\" valign=\"top\">\n<td colspan=\"3\" height=\"21\"><span style=\"font-size: 10pt;\">Correu\u00a0electr\u00f2nic:<span style=\"color: #ff6600;\">crp-badalona@xtec.cat<\/span><\/span><\/td>\n<\/tr>\n<tr style=\"background-color: #ffffff;\" align=\"left\" valign=\"top\" bgcolor=\"#E3E3C4\">\n<td colspan=\"3\" height=\"18\"><span style=\"color: #ff6600;\"><strong><span style=\"font-family: Geneva, Arial, Helvetica, sans-serif; font-size: large;\">Organitza:<\/span><\/strong><\/span><\/td>\n<\/tr>\n<tr align=\"left\" valign=\"top\">\n<td colspan=\"3\" height=\"18\"><span style=\"font-size: 10pt;\">Ajuntament de Badalona. \u00c0rea d&#8217;Educaci\u00f3. \u00c0rea de Cultura mitjan\u00e7ant la Xarxa Municipal de Biblioteques<\/span><\/td>\n<\/tr>\n<tr align=\"left\" valign=\"top\">\n<td colspan=\"3\" height=\"18\"><span style=\"font-size: 10pt;\">Servei Educatiu Ciutat de Badalona. Departament d&#8217;Ensenyament. Generalitat de Catalunya<\/span><\/td>\n<\/tr>\n<\/tbody>\n<\/table>\n<p>&nbsp;<\/p>\n","protected":false},"excerpt":{"rendered":"<p>Comentari: La novel.la narra el sofriment del poble jueu als camps de concentraci\u00f3 alemanys, personificat en Daniel, un lutier jueu [&hellip;]<\/p>\n","protected":false},"author":1,"featured_media":0,"parent":2737,"menu_order":0,"comment_status":"closed","ping_status":"closed","template":"page-templates\/side-menu.php","meta":{"_bbp_topic_count":0,"_bbp_reply_count":0,"_bbp_total_topic_count":0,"_bbp_total_reply_count":0,"_bbp_voice_count":0,"_bbp_anonymous_reply_count":0,"_bbp_topic_count_hidden":0,"_bbp_reply_count_hidden":0,"_bbp_forum_subforum_count":0,"site-sidebar-layout":"default","site-content-layout":"","ast-site-content-layout":"","site-content-style":"default","site-sidebar-style":"default","ast-global-header-display":"","ast-banner-title-visibility":"","ast-main-header-display":"","ast-hfb-above-header-display":"","ast-hfb-below-header-display":"","ast-hfb-mobile-header-display":"","site-post-title":"","ast-breadcrumbs-content":"","ast-featured-img":"","footer-sml-layout":"","theme-transparent-header-meta":"","adv-header-id-meta":"","stick-header-meta":"","header-above-stick-meta":"","header-main-stick-meta":"","header-below-stick-meta":"","astra-migrate-meta-layouts":"default","ast-page-background-enabled":"default","ast-page-background-meta":{"desktop":{"background-color":"var(--ast-global-color-4)","background-image":"","background-repeat":"repeat","background-position":"center center","background-size":"auto","background-attachment":"scroll","background-type":"","background-media":"","overlay-type":"","overlay-color":"","overlay-opacity":"","overlay-gradient":""},"tablet":{"background-color":"","background-image":"","background-repeat":"repeat","background-position":"center center","background-size":"auto","background-attachment":"scroll","background-type":"","background-media":"","overlay-type":"","overlay-color":"","overlay-opacity":"","overlay-gradient":""},"mobile":{"background-color":"","background-image":"","background-repeat":"repeat","background-position":"center center","background-size":"auto","background-attachment":"scroll","background-type":"","background-media":"","overlay-type":"","overlay-color":"","overlay-opacity":"","overlay-gradient":""}},"ast-content-background-meta":{"desktop":{"background-color":"var(--ast-global-color-5)","background-image":"","background-repeat":"repeat","background-position":"center center","background-size":"auto","background-attachment":"scroll","background-type":"","background-media":"","overlay-type":"","overlay-color":"","overlay-opacity":"","overlay-gradient":""},"tablet":{"background-color":"var(--ast-global-color-5)","background-image":"","background-repeat":"repeat","background-position":"center center","background-size":"auto","background-attachment":"scroll","background-type":"","background-media":"","overlay-type":"","overlay-color":"","overlay-opacity":"","overlay-gradient":""},"mobile":{"background-color":"var(--ast-global-color-5)","background-image":"","background-repeat":"repeat","background-position":"center center","background-size":"auto","background-attachment":"scroll","background-type":"","background-media":"","overlay-type":"","overlay-color":"","overlay-opacity":"","overlay-gradient":""}},"footnotes":""},"class_list":["post-2747","page","type-page","status-publish","hentry"],"post_mailing_queue_ids":[],"_links":{"self":[{"href":"https:\/\/serveiseducatius.xtec.cat\/badalona\/wp-json\/wp\/v2\/pages\/2747","targetHints":{"allow":["GET"]}}],"collection":[{"href":"https:\/\/serveiseducatius.xtec.cat\/badalona\/wp-json\/wp\/v2\/pages"}],"about":[{"href":"https:\/\/serveiseducatius.xtec.cat\/badalona\/wp-json\/wp\/v2\/types\/page"}],"author":[{"embeddable":true,"href":"https:\/\/serveiseducatius.xtec.cat\/badalona\/wp-json\/wp\/v2\/users\/1"}],"replies":[{"embeddable":true,"href":"https:\/\/serveiseducatius.xtec.cat\/badalona\/wp-json\/wp\/v2\/comments?post=2747"}],"version-history":[{"count":3,"href":"https:\/\/serveiseducatius.xtec.cat\/badalona\/wp-json\/wp\/v2\/pages\/2747\/revisions"}],"predecessor-version":[{"id":19627,"href":"https:\/\/serveiseducatius.xtec.cat\/badalona\/wp-json\/wp\/v2\/pages\/2747\/revisions\/19627"}],"up":[{"embeddable":true,"href":"https:\/\/serveiseducatius.xtec.cat\/badalona\/wp-json\/wp\/v2\/pages\/2737"}],"wp:attachment":[{"href":"https:\/\/serveiseducatius.xtec.cat\/badalona\/wp-json\/wp\/v2\/media?parent=2747"}],"curies":[{"name":"wp","href":"https:\/\/api.w.org\/{rel}","templated":true}]}}

El violí d&#8217;Auschwitz

<table border="0" width="94%">
<tbody>
<tr>
<td align="center" valign="middle" width="31%"><img loading="lazy" decoding="async" class="alignnone size-large" src="https://www.cpnl.cat/media/upload/cache/e_12400690_10154510875163047_4941587595044914061_n_editora_200_124_1.jpg" width="200" height="300" /></td>
<td align="left" valign="top" width="69%">
<p><span style="font-family: Geneva, Arial, Helvetica, sans-serif; font-size: small; color: #000000;"><strong>Comentari:</strong></span></p>
<p><span style="color: #000000;"><span style="font-family: Geneva, Arial, Helvetica, sans-serif; font-size: small;">La novel.la narra el sofriment del poble jueu als camps de concentració alemanys, personificat en Daniel, un lutier jueu de Cracòvia que treballa al camp com a fuster. Sauckel, el comandant del camp s&#8217;assabenta del veritable ofici d&#8217;en Daniel i condiciona la seva vida a la construcció d’un violí de so perfecte. La construcció de l&#8217;instrument és constitueix en el fil que lliga en Daniel amb la vida en una situació contra rellotge en la que s&#8217;enfronta la dignitat d&#8217;un ésser humà a la barbàrie del feixisme.<br />
</span><span style="font-family: Geneva, Arial, Helvetica, sans-serif; font-size: small;">En aquest llibre es mostra com eren les condicions de vida en un camp de concentració nazi.</span></span></p>
<p><span style="font-family: Geneva, Arial, Helvetica, sans-serif; font-size: small; color: #000000;"><strong>Activitats:</strong></span></p>
<ul>
<li><span style="font-family: Geneva, Arial, Helvetica, sans-serif; font-size: small; color: #000000;">Dossier de treball: (<a style="color: #000000;" href="https://mestreacasa.gva.es/c/document_library/get_file?folderId=500023071343&amp;name=DLFE-1956889.pdf" target="_blank" rel="noopener">enllaç</a>) </span></li>
<li><span style="font-family: Geneva, Arial, Helvetica, sans-serif; font-size: small; color: #000000;">Proposta de treball a EDU365 (<a style="color: #000000;" href="https://www.edu365.cat/eso/catala/lectures/violi/index.htm" target="_blank" rel="noopener">enllaç</a>)</span></li>
<li><span style="font-family: Geneva, Arial, Helvetica, sans-serif; font-size: small; color: #000000;">Pel·lícula: <em>El Niño con el pijama de rayas</em>, dirigida por Mark Herman; durada: 90 min.</span></li>
<li><span style="font-family: Geneva, Arial, Helvetica, sans-serif; font-size: small; color: #000000;">DVDS: </span>
<ul>
<li><span style="font-family: Geneva, Arial, Helvetica, sans-serif; font-size: small; color: #000000;"><em>Genocidio: el exterminio judío</em>; durada: 60 min.</span></li>
<li><span style="font-family: Geneva, Arial, Helvetica, sans-serif; font-size: small; color: #000000;"><em>El Holocausto: crónica de un exterminio</em>; durada: 52 min.</span></li>
</ul>
</li>
<li><span style="font-family: Geneva, Arial, Helvetica, sans-serif; font-size: small; color: #000000;">Documental sobre l’Holocaust jueu; durada: 9:14 min. (<a style="color: #000000;" href="http://www.youtube.com/watch?v=YG36mUW_-k0" target="_blank" rel="noopener">enllaç</a>)</span></li>
<li><span style="font-family: Geneva, Arial, Helvetica, sans-serif; font-size: small; color: #000000;">Xerrada a càrrec d’un professor d’Història sobre l’Holocaust jueu 1939/1945.</span></li>
</ul>
</td>
</tr>
<tr align="left" valign="top" bgcolor="#E3E3C4">
<td colspan="3" height="18"><span style="color: #ff6600;"><strong><span style="font-family: Geneva, Arial, Helvetica, sans-serif; font-size: large;">Per a més informació:</span></strong></span></td>
</tr>
<tr align="left" valign="top">
<td colspan="3" height="20"><span style="font-size: 10pt;">Pots contactar amb:<span style="color: #ff6600;">CRP de Badalona &#8211; 934602226</span></span></td>
</tr>
<tr align="left" valign="top">
<td colspan="3" height="21"><span style="font-size: 10pt;">Correu electrònic:<span style="color: #ff6600;">crp-badalona@xtec.cat</span></span></td>
</tr>
<tr style="background-color: #ffffff;" align="left" valign="top" bgcolor="#E3E3C4">
<td colspan="3" height="18"><span style="color: #ff6600;"><strong><span style="font-family: Geneva, Arial, Helvetica, sans-serif; font-size: large;">Organitza:</span></strong></span></td>
</tr>
<tr align="left" valign="top">
<td colspan="3" height="18"><span style="font-size: 10pt;">Ajuntament de Badalona. Àrea d&#8217;Educació. Àrea de Cultura mitjançant la Xarxa Municipal de Biblioteques</span></td>
</tr>
<tr align="left" valign="top">
<td colspan="3" height="18"><span style="font-size: 10pt;">Servei Educatiu Ciutat de Badalona. Departament d&#8217;Ensenyament. Generalitat de Catalunya</span></td>
</tr>
</tbody>
</table>
<p>&nbsp;</p>

<p>Comentari: La novel.la narra el sofriment del poble jueu als camps de concentració alemanys, personificat en Daniel, un lutier jueu [&hellip;]</p>
