{"id":2740,"date":"2012-06-16T16:13:02","date_gmt":"2012-06-16T15:13:02","guid":{"rendered":"http:\/\/serveiseducatius.xtec.cat\/badalona\/intraweb\/no-estem-mai-sols-coneixer-miquel-marti-i-pol-activitats\/"},"modified":"2016-12-13T16:44:16","modified_gmt":"2016-12-13T15:44:16","slug":"no-estem-mai-sols-coneixer-miquel-marti-i-pol-activitats","status":"publish","type":"page","link":"https:\/\/serveiseducatius.xtec.cat\/badalona\/recursos\/llibres-de-text-lectures-a-leso-premis-ciutat-de-badalona\/no-estem-mai-sols-coneixer-miquel-marti-i-pol-activitats\/","title":{"rendered":"No estem mai sols: con\u00e8ixer Miquel Mart\u00ed i Pol"},"content":{"rendered":"<table border=\"0\" width=\"94%\">\n<tbody>\n<tr>\n<td align=\"left\" valign=\"top\" width=\"33%\"><span style=\"color: #000099;\"><strong><img loading=\"lazy\" decoding=\"async\" class=\"alignnone size-full wp-image-5570\" src=\"http:\/\/serveiseducatius.xtec.cat\/badalona\/wp-content\/uploads\/usu1088\/2012\/06\/mpol.jpg\" alt=\"mpol\" width=\"364\" height=\"364\" \/><\/strong><\/span><\/td>\n<td align=\"left\" valign=\"top\" width=\"67%\"><span style=\"font-size: small;\"><strong><span style=\"font-family: Geneva, Arial, Helvetica, sans-serif;\">Comentari:<br \/>\n<\/span><\/strong><\/span><span style=\"font-family: Geneva, Arial, Helvetica, sans-serif; font-size: small;\">Una\u00a0obra per con\u00e8ixer i estimar una mica m\u00e9s el poeta Miquel Mart\u00ed i Pol.<\/span><span style=\"font-family: Geneva, Arial, Helvetica, sans-serif; font-size: small;\"><strong>Activitats:<\/strong><\/span><\/p>\n<ul>\n<li><span style=\"font-family: Geneva, Arial, Helvetica, sans-serif; font-size: small;\">Xerrada\u00a0amb l&#8217;autora.<\/span><\/li>\n<li><span style=\"font-family: Geneva, Arial, Helvetica, sans-serif; font-size: small;\">Dossier\u00a0de treball: exercicis i solucionari: (<a href=\"http:\/\/www.cpnl.cat\/media\/upload\/pdf\/\/No_estem_mai_sols_complet_editora_grup_30_194.pdf\" target=\"_blank\">enlla\u00e7<\/a>)<\/span><\/li>\n<li><span style=\"font-family: Geneva, Arial, Helvetica, sans-serif; font-size: small;\">Fitxa\u00a0de lectura: (<a href=\"http:\/\/blocs.cpnl.cat\/santandreu\/files\/2012\/03\/F-No-estem-mai-sols-con%C3%A8ixer-Mart%C3%AD-i-Pol.pdf\" target=\"_blank\">enlla\u00e7<\/a>)<\/span><\/li>\n<li><span style=\"font-family: Geneva, Arial, Helvetica, sans-serif; font-size: small;\">Ruta\u00a0liter\u00e0ria Miquel Mart\u00ed i Pol: (<a href=\"http:\/\/www.mapaliterari.cat\/ca\/mapa\/guia\/13\/miquel\/ruta-literaria-miquel-marti-i-pol;%20%20http:\/\/www.rodadeter.cat\/rodater\/apartats\/index.php?apartat=51\" target=\"_blank\">enlla\u00e7<br \/>\n1<\/a>) (<a href=\"http:\/\/www.mapaliterari.cat\/ca\/mapa\/guia\/13\/miquel\/ruta-literaria-miquel-marti-i-pol\" target=\"_blank\">enlla\u00e7<br \/>\n2<\/a>) (<a href=\"http:\/\/www.rodadeter.cat\/rodater\/apartats\/index.php?apartat=51\" target=\"_blank\">enlla\u00e7<br \/>\n<\/a><\/span><\/li>\n<li><span style=\"font-family: Geneva, Arial, Helvetica, sans-serif; font-size: small;\">Recursos\u00a0bibliogr\u00e0fics i electr\u00f2nics: (<a href=\"http:\/\/www.rodadeter.cat\/rodater\/apartats\/index.php?apartat=179\" target=\"_blank\">enlla\u00e7<\/a>)<\/span><\/li>\n<li><span style=\"font-family: Geneva, Arial, Helvetica, sans-serif; font-size: small;\">DVDs\u00a0documentals sobre la vida i traject\u00f2ria del poeta:<\/span>\n<ul>\n<li><span style=\"font-family: Geneva, Arial, Helvetica, sans-serif; font-size: small;\">Miquel\u00a0Mart\u00ed i Pol, el comprom\u00eds amb la vida.<br \/>\n<\/span><span style=\"font-family: Geneva, Arial, Helvetica, sans-serif; font-size: small;\">Entrevistes\u00a0amb poetes, poemes recitats, el propi poeta; durada: 53 min.<\/span><\/li>\n<li><span style=\"font-family: Geneva, Arial, Helvetica, sans-serif; font-size: small;\">Miquel\u00a0Mart\u00ed i Pol: Premi d&#8217;Honor de les Lletres Catalanes 1991<br \/>\nCultural; durada: 26 min.<\/span><\/li>\n<li><span style=\"font-family: Geneva, Arial, Helvetica, sans-serif; font-size: small;\">Concert\u00a0Sta. Cec\u00edlia: dedicat a Miquel Mart\u00ed i Pol.<\/span><br \/>\n<span style=\"font-family: Geneva, Arial, Helvetica, sans-serif; font-size: small;\">Homenatge\u00a0a Miquel Mart\u00ed i Pol, que tingu\u00e9 lloc en el Concert de Sta. Cec\u00edlia\u00a0que l&#8217;entitat Societat Coral Cultural i Recreativa La Verbena<br \/>\ncelebr\u00e0 el 16 de novembre de 2003 a Sant Joan de Vilatorrada,<br \/>\ni on es fa un rep\u00e0s a la seva obra a trav\u00e9s de la lectura i adaptacions<br \/>\nmusicals d&#8217;alguns dels seus poemes. 2 DVDs.<\/span><\/li>\n<\/ul>\n<\/li>\n<li><span style=\"font-family: Geneva, Arial, Helvetica, sans-serif; font-size: small;\">Audiollibre:<br \/>\nEl pas del temps: m\u00fasica i poeta; m\u00fasica original i direcci\u00f3:<br \/>\nJos\u00e9 Mar\u00eda Aparicio; durada: 17 min.<\/span><\/li>\n<li><span style=\"font-family: Geneva, Arial, Helvetica, sans-serif; font-size: small;\">CD:\u00a0Un Pont de mar blava de Llu\u00eds Llach; textos de Miquel<br \/>\nMart\u00ed i Pol i Llu\u00eds Llach; durada: 44 min.<\/span><\/li>\n<\/ul>\n<\/td>\n<\/tr>\n<tr style=\"background-color: #ffffff;\" align=\"left\" valign=\"top\" bgcolor=\"#E3E3C4\">\n<td colspan=\"3\" height=\"18\"><span style=\"color: #ff6600;\"><strong><span style=\"font-family: Geneva, Arial, Helvetica, sans-serif; font-size: large;\">Per\u00a0a m\u00e9s informaci\u00f3:<\/span><\/strong><\/span><\/td>\n<\/tr>\n<tr align=\"left\" valign=\"top\">\n<td colspan=\"3\" height=\"20\">Pots\u00a0contactar amb:<span style=\"color: #ff6600;\">CRP de Badalona &#8211; 934602226<\/span><\/td>\n<\/tr>\n<tr style=\"background-color: #ffffff;\" align=\"left\" valign=\"top\">\n<td colspan=\"3\" height=\"21\">Correu\u00a0electr\u00f2nic:<span style=\"color: #ff6600;\">crp-badalona@xtec.cat<\/span><\/td>\n<\/tr>\n<tr style=\"background-color: #ffffff;\" align=\"left\" valign=\"top\" bgcolor=\"#E3E3C4\">\n<td colspan=\"3\" height=\"18\"><span style=\"color: #ff6600;\"><strong><span style=\"font-family: Geneva, Arial, Helvetica, sans-serif; font-size: large;\">Organitza:<\/span><\/strong><\/span><\/td>\n<\/tr>\n<tr style=\"background-color: #ffffff;\" align=\"left\" valign=\"top\">\n<td colspan=\"3\" height=\"18\"><span style=\"font-size: 10pt;\">Ajuntament de Badalona. \u00c0rea d&#8217;Educaci\u00f3. \u00c0rea de Cultura mitjan\u00e7ant la Xarxa Municipal de Biblioteques<\/span><\/td>\n<\/tr>\n<tr align=\"left\" valign=\"top\">\n<td colspan=\"3\" height=\"18\"><span style=\"font-size: 10pt;\">Servei Educatiu Ciutat de Badalona. Departament d&#8217;Ensenyament. Generalitat de Catalunya<\/span><\/td>\n<\/tr>\n<\/tbody>\n<\/table>\n<p>&nbsp;<\/p>\n","protected":false},"excerpt":{"rendered":"<p>Comentari: Una\u00a0obra per con\u00e8ixer i estimar una mica m\u00e9s el poeta Miquel Mart\u00ed i Pol.Activitats: Xerrada\u00a0amb l&#8217;autora. Dossier\u00a0de treball: exercicis [&hellip;]<\/p>\n","protected":false},"author":1,"featured_media":0,"parent":2737,"menu_order":0,"comment_status":"closed","ping_status":"closed","template":"page-templates\/side-menu.php","meta":{"_bbp_topic_count":0,"_bbp_reply_count":0,"_bbp_total_topic_count":0,"_bbp_total_reply_count":0,"_bbp_voice_count":0,"_bbp_anonymous_reply_count":0,"_bbp_topic_count_hidden":0,"_bbp_reply_count_hidden":0,"_bbp_forum_subforum_count":0,"site-sidebar-layout":"default","site-content-layout":"","ast-site-content-layout":"","site-content-style":"default","site-sidebar-style":"default","ast-global-header-display":"","ast-banner-title-visibility":"","ast-main-header-display":"","ast-hfb-above-header-display":"","ast-hfb-below-header-display":"","ast-hfb-mobile-header-display":"","site-post-title":"","ast-breadcrumbs-content":"","ast-featured-img":"","footer-sml-layout":"","theme-transparent-header-meta":"","adv-header-id-meta":"","stick-header-meta":"","header-above-stick-meta":"","header-main-stick-meta":"","header-below-stick-meta":"","astra-migrate-meta-layouts":"default","ast-page-background-enabled":"default","ast-page-background-meta":{"desktop":{"background-color":"var(--ast-global-color-4)","background-image":"","background-repeat":"repeat","background-position":"center center","background-size":"auto","background-attachment":"scroll","background-type":"","background-media":"","overlay-type":"","overlay-color":"","overlay-opacity":"","overlay-gradient":""},"tablet":{"background-color":"","background-image":"","background-repeat":"repeat","background-position":"center center","background-size":"auto","background-attachment":"scroll","background-type":"","background-media":"","overlay-type":"","overlay-color":"","overlay-opacity":"","overlay-gradient":""},"mobile":{"background-color":"","background-image":"","background-repeat":"repeat","background-position":"center center","background-size":"auto","background-attachment":"scroll","background-type":"","background-media":"","overlay-type":"","overlay-color":"","overlay-opacity":"","overlay-gradient":""}},"ast-content-background-meta":{"desktop":{"background-color":"var(--ast-global-color-5)","background-image":"","background-repeat":"repeat","background-position":"center center","background-size":"auto","background-attachment":"scroll","background-type":"","background-media":"","overlay-type":"","overlay-color":"","overlay-opacity":"","overlay-gradient":""},"tablet":{"background-color":"var(--ast-global-color-5)","background-image":"","background-repeat":"repeat","background-position":"center center","background-size":"auto","background-attachment":"scroll","background-type":"","background-media":"","overlay-type":"","overlay-color":"","overlay-opacity":"","overlay-gradient":""},"mobile":{"background-color":"var(--ast-global-color-5)","background-image":"","background-repeat":"repeat","background-position":"center center","background-size":"auto","background-attachment":"scroll","background-type":"","background-media":"","overlay-type":"","overlay-color":"","overlay-opacity":"","overlay-gradient":""}},"footnotes":""},"class_list":["post-2740","page","type-page","status-publish","hentry"],"post_mailing_queue_ids":[],"_links":{"self":[{"href":"https:\/\/serveiseducatius.xtec.cat\/badalona\/wp-json\/wp\/v2\/pages\/2740","targetHints":{"allow":["GET"]}}],"collection":[{"href":"https:\/\/serveiseducatius.xtec.cat\/badalona\/wp-json\/wp\/v2\/pages"}],"about":[{"href":"https:\/\/serveiseducatius.xtec.cat\/badalona\/wp-json\/wp\/v2\/types\/page"}],"author":[{"embeddable":true,"href":"https:\/\/serveiseducatius.xtec.cat\/badalona\/wp-json\/wp\/v2\/users\/1"}],"replies":[{"embeddable":true,"href":"https:\/\/serveiseducatius.xtec.cat\/badalona\/wp-json\/wp\/v2\/comments?post=2740"}],"version-history":[{"count":0,"href":"https:\/\/serveiseducatius.xtec.cat\/badalona\/wp-json\/wp\/v2\/pages\/2740\/revisions"}],"up":[{"embeddable":true,"href":"https:\/\/serveiseducatius.xtec.cat\/badalona\/wp-json\/wp\/v2\/pages\/2737"}],"wp:attachment":[{"href":"https:\/\/serveiseducatius.xtec.cat\/badalona\/wp-json\/wp\/v2\/media?parent=2740"}],"curies":[{"name":"wp","href":"https:\/\/api.w.org\/{rel}","templated":true}]}}

No estem mai sols: conèixer Miquel Martí i Pol

<table border="0" width="94%">
<tbody>
<tr>
<td align="left" valign="top" width="33%"><span style="color: #000099;"><strong><img loading="lazy" decoding="async" class="alignnone size-full wp-image-5570" src="http://serveiseducatius.xtec.cat/badalona/wp-content/uploads/usu1088/2012/06/mpol.jpg" alt="mpol" width="364" height="364" /></strong></span></td>
<td align="left" valign="top" width="67%"><span style="font-size: small;"><strong><span style="font-family: Geneva, Arial, Helvetica, sans-serif;">Comentari:<br />
</span></strong></span><span style="font-family: Geneva, Arial, Helvetica, sans-serif; font-size: small;">Una obra per conèixer i estimar una mica més el poeta Miquel Martí i Pol.</span><span style="font-family: Geneva, Arial, Helvetica, sans-serif; font-size: small;"><strong>Activitats:</strong></span></p>
<ul>
<li><span style="font-family: Geneva, Arial, Helvetica, sans-serif; font-size: small;">Xerrada amb l&#8217;autora.</span></li>
<li><span style="font-family: Geneva, Arial, Helvetica, sans-serif; font-size: small;">Dossier de treball: exercicis i solucionari: (<a href="http://www.cpnl.cat/media/upload/pdf//No_estem_mai_sols_complet_editora_grup_30_194.pdf" target="_blank">enllaç</a>)</span></li>
<li><span style="font-family: Geneva, Arial, Helvetica, sans-serif; font-size: small;">Fitxa de lectura: (<a href="http://blocs.cpnl.cat/santandreu/files/2012/03/F-No-estem-mai-sols-con%C3%A8ixer-Mart%C3%AD-i-Pol.pdf" target="_blank">enllaç</a>)</span></li>
<li><span style="font-family: Geneva, Arial, Helvetica, sans-serif; font-size: small;">Ruta literària Miquel Martí i Pol: (<a href="http://www.mapaliterari.cat/ca/mapa/guia/13/miquel/ruta-literaria-miquel-marti-i-pol;%20%20http://www.rodadeter.cat/rodater/apartats/index.php?apartat=51" target="_blank">enllaç<br />
1</a>) (<a href="http://www.mapaliterari.cat/ca/mapa/guia/13/miquel/ruta-literaria-miquel-marti-i-pol" target="_blank">enllaç<br />
2</a>) (<a href="http://www.rodadeter.cat/rodater/apartats/index.php?apartat=51" target="_blank">enllaç<br />
</a></span></li>
<li><span style="font-family: Geneva, Arial, Helvetica, sans-serif; font-size: small;">Recursos bibliogràfics i electrònics: (<a href="http://www.rodadeter.cat/rodater/apartats/index.php?apartat=179" target="_blank">enllaç</a>)</span></li>
<li><span style="font-family: Geneva, Arial, Helvetica, sans-serif; font-size: small;">DVDs documentals sobre la vida i trajectòria del poeta:</span>
<ul>
<li><span style="font-family: Geneva, Arial, Helvetica, sans-serif; font-size: small;">Miquel Martí i Pol, el compromís amb la vida.<br />
</span><span style="font-family: Geneva, Arial, Helvetica, sans-serif; font-size: small;">Entrevistes amb poetes, poemes recitats, el propi poeta; durada: 53 min.</span></li>
<li><span style="font-family: Geneva, Arial, Helvetica, sans-serif; font-size: small;">Miquel Martí i Pol: Premi d&#8217;Honor de les Lletres Catalanes 1991<br />
Cultural; durada: 26 min.</span></li>
<li><span style="font-family: Geneva, Arial, Helvetica, sans-serif; font-size: small;">Concert Sta. Cecília: dedicat a Miquel Martí i Pol.</span><br />
<span style="font-family: Geneva, Arial, Helvetica, sans-serif; font-size: small;">Homenatge a Miquel Martí i Pol, que tingué lloc en el Concert de Sta. Cecília que l&#8217;entitat Societat Coral Cultural i Recreativa La Verbena<br />
celebrà el 16 de novembre de 2003 a Sant Joan de Vilatorrada,<br />
i on es fa un repàs a la seva obra a través de la lectura i adaptacions<br />
musicals d&#8217;alguns dels seus poemes. 2 DVDs.</span></li>
</ul>
</li>
<li><span style="font-family: Geneva, Arial, Helvetica, sans-serif; font-size: small;">Audiollibre:<br />
El pas del temps: música i poeta; música original i direcció:<br />
José María Aparicio; durada: 17 min.</span></li>
<li><span style="font-family: Geneva, Arial, Helvetica, sans-serif; font-size: small;">CD: Un Pont de mar blava de Lluís Llach; textos de Miquel<br />
Martí i Pol i Lluís Llach; durada: 44 min.</span></li>
</ul>
</td>
</tr>
<tr style="background-color: #ffffff;" align="left" valign="top" bgcolor="#E3E3C4">
<td colspan="3" height="18"><span style="color: #ff6600;"><strong><span style="font-family: Geneva, Arial, Helvetica, sans-serif; font-size: large;">Per a més informació:</span></strong></span></td>
</tr>
<tr align="left" valign="top">
<td colspan="3" height="20">Pots contactar amb:<span style="color: #ff6600;">CRP de Badalona &#8211; 934602226</span></td>
</tr>
<tr style="background-color: #ffffff;" align="left" valign="top">
<td colspan="3" height="21">Correu electrònic:<span style="color: #ff6600;">crp-badalona@xtec.cat</span></td>
</tr>
<tr style="background-color: #ffffff;" align="left" valign="top" bgcolor="#E3E3C4">
<td colspan="3" height="18"><span style="color: #ff6600;"><strong><span style="font-family: Geneva, Arial, Helvetica, sans-serif; font-size: large;">Organitza:</span></strong></span></td>
</tr>
<tr style="background-color: #ffffff;" align="left" valign="top">
<td colspan="3" height="18"><span style="font-size: 10pt;">Ajuntament de Badalona. Àrea d&#8217;Educació. Àrea de Cultura mitjançant la Xarxa Municipal de Biblioteques</span></td>
</tr>
<tr align="left" valign="top">
<td colspan="3" height="18"><span style="font-size: 10pt;">Servei Educatiu Ciutat de Badalona. Departament d&#8217;Ensenyament. Generalitat de Catalunya</span></td>
</tr>
</tbody>
</table>
<p>&nbsp;</p>

<p>Comentari: Una obra per conèixer i estimar una mica més el poeta Miquel Martí i Pol.Activitats: Xerrada amb l&#8217;autora. Dossier de treball: exercicis [&hellip;]</p>
