{"id":2707,"date":"2011-11-16T18:24:17","date_gmt":"2011-11-16T17:24:17","guid":{"rendered":"http:\/\/serveiseducatius.xtec.cat\/badalona\/intraweb\/ll-e-batxibac\/"},"modified":"2017-02-09T13:39:51","modified_gmt":"2017-02-09T12:39:51","slug":"ll-e-batxibac","status":"publish","type":"page","link":"https:\/\/serveiseducatius.xtec.cat\/badalona\/ll-e-batxibac\/","title":{"rendered":"Batxibac"},"content":{"rendered":"<p style=\"text-align: justify;\"><img loading=\"lazy\" decoding=\"async\" class=\"alignleft\" src=\"http:\/\/agora.xtec.cat\/iesgabrielferrater\/wp-content\/uploads\/usu1206\/2015\/12\/puzzle2.jpg\" width=\"176\" height=\"130\" \/>El programa batxibac, impartit en els centres espec\u00edficament autoritzats pel Departament d\u2019Ensenyament,\u00a0 permet a l\u2019alumnat cursar un curr\u00edculum mixt que suposa fer un ter\u00e7 de l\u2019horari lectiu del batxillerat en llengua francesa i cursar les mat\u00e8ries Llengua i literatura franceses i Hist\u00f2ria de Fran\u00e7a.<br \/>\nPer accedir al batxibac l\u2019alumnat ha de demostrar un nivell b\u00e0sic de franc\u00e8s, equivalent al B1 del Marc Europeu de Refer\u00e8ncia per a les Lleng\u00fces.<br \/>\nL\u2019alumnat que cursi el curr\u00edculum mixt, a m\u00e9s d\u2019obtenir el t\u00edtol de batxiller si supera totes les mat\u00e8ries cursades, obtindr\u00e0 tamb\u00e9 el diploma de baccalaur\u00e9at si supera una prova externa que es desenvolupa \u00edntegrament en franc\u00e8s.<\/p>\n<ul>\n<li>Les orientacions i el model per a l&#8217;elaboraci\u00f3 del curr\u00edculum mixt Batxillerat &#8211; Baccalaur\u00e9at estan disponibles al <strong><a href=\"http:\/\/educacio.gencat.cat\/portal\/page\/portal\/EducacioIntranet\/Benvinguda\" target=\"_blank\">portal de centres p\u00fablics<\/a><\/strong> i al <strong><a href=\"http:\/\/educacio.gencat.cat\/portal\/page\/portal\/Educacio\/PCentrePrivat\/PCPInici\" target=\"_blank\">portal de centres d&#8217;altres titularitats<\/a><\/strong>.<\/li>\n<\/ul>\n<p><a href=\"http:\/\/xtec.gencat.cat\/web\/.content\/curriculum\/batxillerat\/baccalaureat\/documents\/llista_centres_batxibac_2016_2017.pdf\" target=\"_blank\"><strong>Llista<\/strong> <\/a>de centres autoritzats.<\/p>\n<p><strong><a href=\"http:\/\/xtec.gencat.cat\/ca\/curriculum\/batxillerat\/baccalaureat\/\" target=\"_blank\">Normativa de refer\u00e8ncia<\/a><\/strong><\/p>\n<p><strong><a href=\"http:\/\/xtec.gencat.cat\/web\/.content\/alfresco\/d\/d\/workspace\/SpacesStore\/0063\/8ef050e8-0635-4f94-94ea-2022b04feb15\/batxibac_presentation.pdf\" target=\"_blank\">Presentaci\u00f3 de la doble titulaci\u00f3<\/a><\/strong><\/p>\n<p><strong><a href=\"http:\/\/xtec.gencat.cat\/ca\/projectes\/batxibac\/index.html\" target=\"_blank\">M\u00e9s informaci\u00f3&#8230;<\/a><\/strong><\/p>\n<p>&nbsp;<\/p>\n","protected":false},"excerpt":{"rendered":"<p>El programa batxibac, impartit en els centres espec\u00edficament autoritzats pel Departament d\u2019Ensenyament,\u00a0 permet a l\u2019alumnat cursar un curr\u00edculum mixt que [&hellip;]<\/p>\n","protected":false},"author":1,"featured_media":0,"parent":0,"menu_order":0,"comment_status":"closed","ping_status":"closed","template":"page-templates\/side-menu.php","meta":{"_bbp_topic_count":0,"_bbp_reply_count":0,"_bbp_total_topic_count":0,"_bbp_total_reply_count":0,"_bbp_voice_count":0,"_bbp_anonymous_reply_count":0,"_bbp_topic_count_hidden":0,"_bbp_reply_count_hidden":0,"_bbp_forum_subforum_count":0,"site-sidebar-layout":"default","site-content-layout":"","ast-site-content-layout":"","site-content-style":"default","site-sidebar-style":"default","ast-global-header-display":"","ast-banner-title-visibility":"","ast-main-header-display":"","ast-hfb-above-header-display":"","ast-hfb-below-header-display":"","ast-hfb-mobile-header-display":"","site-post-title":"","ast-breadcrumbs-content":"","ast-featured-img":"","footer-sml-layout":"","theme-transparent-header-meta":"","adv-header-id-meta":"","stick-header-meta":"","header-above-stick-meta":"","header-main-stick-meta":"","header-below-stick-meta":"","astra-migrate-meta-layouts":"default","ast-page-background-enabled":"default","ast-page-background-meta":{"desktop":{"background-color":"var(--ast-global-color-4)","background-image":"","background-repeat":"repeat","background-position":"center center","background-size":"auto","background-attachment":"scroll","background-type":"","background-media":"","overlay-type":"","overlay-color":"","overlay-opacity":"","overlay-gradient":""},"tablet":{"background-color":"","background-image":"","background-repeat":"repeat","background-position":"center center","background-size":"auto","background-attachment":"scroll","background-type":"","background-media":"","overlay-type":"","overlay-color":"","overlay-opacity":"","overlay-gradient":""},"mobile":{"background-color":"","background-image":"","background-repeat":"repeat","background-position":"center center","background-size":"auto","background-attachment":"scroll","background-type":"","background-media":"","overlay-type":"","overlay-color":"","overlay-opacity":"","overlay-gradient":""}},"ast-content-background-meta":{"desktop":{"background-color":"var(--ast-global-color-5)","background-image":"","background-repeat":"repeat","background-position":"center center","background-size":"auto","background-attachment":"scroll","background-type":"","background-media":"","overlay-type":"","overlay-color":"","overlay-opacity":"","overlay-gradient":""},"tablet":{"background-color":"var(--ast-global-color-5)","background-image":"","background-repeat":"repeat","background-position":"center center","background-size":"auto","background-attachment":"scroll","background-type":"","background-media":"","overlay-type":"","overlay-color":"","overlay-opacity":"","overlay-gradient":""},"mobile":{"background-color":"var(--ast-global-color-5)","background-image":"","background-repeat":"repeat","background-position":"center center","background-size":"auto","background-attachment":"scroll","background-type":"","background-media":"","overlay-type":"","overlay-color":"","overlay-opacity":"","overlay-gradient":""}},"footnotes":""},"class_list":["post-2707","page","type-page","status-publish","hentry"],"post_mailing_queue_ids":[],"_links":{"self":[{"href":"https:\/\/serveiseducatius.xtec.cat\/badalona\/wp-json\/wp\/v2\/pages\/2707","targetHints":{"allow":["GET"]}}],"collection":[{"href":"https:\/\/serveiseducatius.xtec.cat\/badalona\/wp-json\/wp\/v2\/pages"}],"about":[{"href":"https:\/\/serveiseducatius.xtec.cat\/badalona\/wp-json\/wp\/v2\/types\/page"}],"author":[{"embeddable":true,"href":"https:\/\/serveiseducatius.xtec.cat\/badalona\/wp-json\/wp\/v2\/users\/1"}],"replies":[{"embeddable":true,"href":"https:\/\/serveiseducatius.xtec.cat\/badalona\/wp-json\/wp\/v2\/comments?post=2707"}],"version-history":[{"count":3,"href":"https:\/\/serveiseducatius.xtec.cat\/badalona\/wp-json\/wp\/v2\/pages\/2707\/revisions"}],"predecessor-version":[{"id":6442,"href":"https:\/\/serveiseducatius.xtec.cat\/badalona\/wp-json\/wp\/v2\/pages\/2707\/revisions\/6442"}],"wp:attachment":[{"href":"https:\/\/serveiseducatius.xtec.cat\/badalona\/wp-json\/wp\/v2\/media?parent=2707"}],"curies":[{"name":"wp","href":"https:\/\/api.w.org\/{rel}","templated":true}]}}