{"id":2636,"date":"2011-02-09T18:44:00","date_gmt":"2011-02-09T17:44:00","guid":{"rendered":"http:\/\/serveiseducatius.xtec.cat\/badalona\/intraweb\/cotxe\/"},"modified":"2018-02-09T11:23:23","modified_gmt":"2018-02-09T10:23:23","slug":"cotxe","status":"publish","type":"page","link":"https:\/\/serveiseducatius.xtec.cat\/badalona\/cotxe\/","title":{"rendered":"Cotxe"},"content":{"rendered":"<div class=\"Estilo6\" align=\"left\"><strong>ARRIBAR EN COTXE <\/strong><\/p>\n<p><\/div>\n<div align=\"left\">\n<table border=\"0\" width=\"580\">\n<tbody>\n<tr>\n<td>\u00a0<\/td>\n<\/tr>\n<\/tbody>\n<\/table>\n<\/div>\n<div align=\"left\">\n<table border=\"0\" width=\"578\">\n<tbody>\n<tr align=\"left\" valign=\"middle\">\n<td bgcolor=\"#ddfaff\" height=\"21\">\n<h3>Des de Barcelona<\/h3>\n<\/td>\n<td rowspan=\"4\" valign=\"top\" width=\"267\">\n<div align=\"center\"><img loading=\"lazy\" decoding=\"async\" src=\"https:\/\/lh3.googleusercontent.com\/_MpRR26Sz2-U\/TWtemEZvWsI\/AAAAAAAAALA\/lMSXiJMoCYM\/cotxe_clip_image002_0000.jpg\" alt=\"mapa\" width=\"229\" height=\"209\" \/><\/div>\n<\/td>\n<\/tr>\n<tr align=\"left\" valign=\"middle\">\n<td valign=\"top\" width=\"301\" height=\"132\">\n<p class=\"Estilo1\" align=\"justify\"><span style=\"font-family: 'times new roman', times, serif; font-size: small;\">Si veniu per l&#8217;Autopista C-31. (Barcelona-Matar\u00f3), cal que sortiu per la Sortida: Sant Adri\u00e0 de Bes\u00f2s-Badalona Sud.<br \/>Continueu recte per l&#8217;Avinguda Marqu\u00e8s de Montroig i en arribar al primer sem\u00e0for, gireu a l&#8217;esquerra, ja estareu a l&#8217;Av. del Maresme. Seguiu recte i, un cop passat el pont sota l&#8217;autopista, a la dreta tindreu l&#8217;edifici de l&#8217;INS Eugeni d&#8217;Ors on est\u00e0 ubicat el CRP.<\/span><\/p>\n<\/td>\n<\/tr>\n<tr align=\"left\" valign=\"middle\">\n<td valign=\"top\" bgcolor=\"#ddfaff\" height=\"3\">\n<h3><span class=\"Estilo7\">Des de les Rondes<\/span><\/h3>\n<\/td>\n<\/tr>\n<tr align=\"left\" valign=\"middle\">\n<td valign=\"top\" height=\"21\">\n<p><span class=\"Estilo1\"><span style=\"font-family: 'times new roman', times, serif; font-size: small;\">Sortiu a la sortida 27 i us incorporeu a l&#8217;Autopista C-31 (Barcelona-Matar\u00f3), cal que la deixeu per la Sortida: Sant Adri\u00e0 de Bes\u00f2s-Badalona Sud.<\/span><\/span><\/p>\n<\/td>\n<\/tr>\n<tr align=\"left\" valign=\"middle\">\n<td height=\"22\">\n<p class=\"Estilo4\"><span style=\"font-family: 'times new roman', times, serif; font-size: small;\">Continueu recte per l&#8217;Avinguda Marqu\u00e8s de Montroig i en arribar al primer sem\u00e0for, gireu a l&#8217;esquerra, ja estareu a l&#8217;Av. del Maresme. Seguiu recte i, un cop passat el pont sota l&#8217;autopista, a la dreta tindreu l&#8217;edifici de l&#8217;INS Eugeni d&#8217;Ors, on est\u00e0 ubicat el CRP.<br \/><\/span><\/p>\n<\/td>\n<td valign=\"top\" height=\"22\">\n<p class=\"Estilo11\" align=\"center\"><a href=\"http:\/\/maps.google.es\/maps?f=q&amp;source=s_q&amp;hl=es&amp;geocode=&amp;q=av.+del+maresme+212+badalona&amp;aq=&amp;sll=41.414084,2.196266&amp;sspn=0.187441,0.307274&amp;ie=UTF8&amp;hq=&amp;hnear=Avinguda+del+Maresme,+212,+08918+Badalona,+Barcelona,+Catalu%F1a&amp;z=16\" target=\"_blank\" rel=\"noopener noreferrer\"><span style=\"color: #ff5f10;\"><span style=\"font-size: small;\">+ Fes el mapa m\u00e9s gran<\/span> <\/span><\/a><\/p>\n<\/td>\n<\/tr>\n<tr align=\"left\" valign=\"middle\">\n<td bgcolor=\"#ddfaff\" height=\"22\">\n<h3 class=\"Estilo7\">Des de Matar\u00f3<\/h3>\n<\/td>\n<td rowspan=\"2\">\n<div align=\"center\"><img loading=\"lazy\" decoding=\"async\" src=\"https:\/\/lh6.googleusercontent.com\/_MpRR26Sz2-U\/TWtemryov3I\/AAAAAAAAALE\/6iU8GJARKpA\/cotxe_clip_image002_0001.jpg\" alt=\"mapa2\" width=\"241\" height=\"213\" \/><\/div>\n<\/td>\n<\/tr>\n<tr align=\"left\" valign=\"middle\">\n<td>\n<p><span style=\"font-family: 'times new roman', times, serif;\"><span style=\"font-size: small;\"><span class=\"Estilo1\">Si veniu per l&#8217;Autopista C-32. (Barcelona-Matar\u00f3), cal que la deixeu per la Sortida: Sant Adri\u00e0 de Bes\u00f2s-Badalona Sud.<br \/><\/span><span class=\"Estilo1\">A l&#8217;arribar al primer sem\u00e0for, seguiu rectes pel lateral sota l&#8217;autopista (c\/Jumilla) fins que arribeu a la cru\u00eflla de l&#8217;Av. del Maresme. Gireu a la dreta i ja estareu a l&#8217;edifici de l&#8217;INS Eugeni d&#8217;Ors, on est\u00e0 ubicat el CRP.<\/span><\/span><\/span><\/p>\n<p class=\"Estilo2\">\u00a0<\/p>\n<p class=\"Estilo2\">\u00a0<\/p>\n<\/td>\n<\/tr>\n<tr align=\"left\" valign=\"middle\">\n<td colspan=\"2\" height=\"21\">\u00a0<\/td>\n<\/tr>\n<tr align=\"left\" valign=\"middle\">\n<td colspan=\"2\" height=\"22\">\u00a0<\/td>\n<\/tr>\n<\/tbody>\n<\/table>\n<\/div>\n<p>&nbsp;<\/p>\n<p>&nbsp;<\/p>\n","protected":false},"excerpt":{"rendered":"<p>ARRIBAR EN COTXE \u00a0 Des de Barcelona Si veniu per l&#8217;Autopista C-31. (Barcelona-Matar\u00f3), cal que sortiu per la Sortida: Sant [&hellip;]<\/p>\n","protected":false},"author":1,"featured_media":0,"parent":0,"menu_order":0,"comment_status":"closed","ping_status":"closed","template":"page-templates\/side-menu.php","meta":{"_bbp_topic_count":0,"_bbp_reply_count":0,"_bbp_total_topic_count":0,"_bbp_total_reply_count":0,"_bbp_voice_count":0,"_bbp_anonymous_reply_count":0,"_bbp_topic_count_hidden":0,"_bbp_reply_count_hidden":0,"_bbp_forum_subforum_count":0,"site-sidebar-layout":"default","site-content-layout":"","ast-site-content-layout":"","site-content-style":"default","site-sidebar-style":"default","ast-global-header-display":"","ast-banner-title-visibility":"","ast-main-header-display":"","ast-hfb-above-header-display":"","ast-hfb-below-header-display":"","ast-hfb-mobile-header-display":"","site-post-title":"","ast-breadcrumbs-content":"","ast-featured-img":"","footer-sml-layout":"","theme-transparent-header-meta":"","adv-header-id-meta":"","stick-header-meta":"","header-above-stick-meta":"","header-main-stick-meta":"","header-below-stick-meta":"","astra-migrate-meta-layouts":"default","ast-page-background-enabled":"default","ast-page-background-meta":{"desktop":{"background-color":"var(--ast-global-color-4)","background-image":"","background-repeat":"repeat","background-position":"center center","background-size":"auto","background-attachment":"scroll","background-type":"","background-media":"","overlay-type":"","overlay-color":"","overlay-opacity":"","overlay-gradient":""},"tablet":{"background-color":"","background-image":"","background-repeat":"repeat","background-position":"center center","background-size":"auto","background-attachment":"scroll","background-type":"","background-media":"","overlay-type":"","overlay-color":"","overlay-opacity":"","overlay-gradient":""},"mobile":{"background-color":"","background-image":"","background-repeat":"repeat","background-position":"center center","background-size":"auto","background-attachment":"scroll","background-type":"","background-media":"","overlay-type":"","overlay-color":"","overlay-opacity":"","overlay-gradient":""}},"ast-content-background-meta":{"desktop":{"background-color":"var(--ast-global-color-5)","background-image":"","background-repeat":"repeat","background-position":"center center","background-size":"auto","background-attachment":"scroll","background-type":"","background-media":"","overlay-type":"","overlay-color":"","overlay-opacity":"","overlay-gradient":""},"tablet":{"background-color":"var(--ast-global-color-5)","background-image":"","background-repeat":"repeat","background-position":"center center","background-size":"auto","background-attachment":"scroll","background-type":"","background-media":"","overlay-type":"","overlay-color":"","overlay-opacity":"","overlay-gradient":""},"mobile":{"background-color":"var(--ast-global-color-5)","background-image":"","background-repeat":"repeat","background-position":"center center","background-size":"auto","background-attachment":"scroll","background-type":"","background-media":"","overlay-type":"","overlay-color":"","overlay-opacity":"","overlay-gradient":""}},"footnotes":""},"class_list":["post-2636","page","type-page","status-publish","hentry"],"post_mailing_queue_ids":[],"_links":{"self":[{"href":"https:\/\/serveiseducatius.xtec.cat\/badalona\/wp-json\/wp\/v2\/pages\/2636","targetHints":{"allow":["GET"]}}],"collection":[{"href":"https:\/\/serveiseducatius.xtec.cat\/badalona\/wp-json\/wp\/v2\/pages"}],"about":[{"href":"https:\/\/serveiseducatius.xtec.cat\/badalona\/wp-json\/wp\/v2\/types\/page"}],"author":[{"embeddable":true,"href":"https:\/\/serveiseducatius.xtec.cat\/badalona\/wp-json\/wp\/v2\/users\/1"}],"replies":[{"embeddable":true,"href":"https:\/\/serveiseducatius.xtec.cat\/badalona\/wp-json\/wp\/v2\/comments?post=2636"}],"version-history":[{"count":2,"href":"https:\/\/serveiseducatius.xtec.cat\/badalona\/wp-json\/wp\/v2\/pages\/2636\/revisions"}],"predecessor-version":[{"id":8642,"href":"https:\/\/serveiseducatius.xtec.cat\/badalona\/wp-json\/wp\/v2\/pages\/2636\/revisions\/8642"}],"wp:attachment":[{"href":"https:\/\/serveiseducatius.xtec.cat\/badalona\/wp-json\/wp\/v2\/media?parent=2636"}],"curies":[{"name":"wp","href":"https:\/\/api.w.org\/{rel}","templated":true}]}}