{"id":21897,"date":"2024-04-17T13:01:34","date_gmt":"2024-04-17T11:01:34","guid":{"rendered":"https:\/\/serveiseducatius.xtec.cat\/badalona\/?page_id=21897"},"modified":"2024-04-21T20:14:39","modified_gmt":"2024-04-21T18:14:39","slug":"sant-jordi-a-les-ones","status":"publish","type":"page","link":"https:\/\/serveiseducatius.xtec.cat\/badalona\/sant-jordi-a-les-ones\/","title":{"rendered":"Sant Jordi a les Ones"},"content":{"rendered":"<p><img loading=\"lazy\" decoding=\"async\" class=\"aligncenter wp-image-21670\" src=\"https:\/\/serveiseducatius.xtec.cat\/badalona\/wp-content\/uploads\/usu1088\/2024\/03\/SANT-JORDI-A-LES-ONES-IMATGE-banner-e1710163899999.png\" alt=\"\" width=\"356\" height=\"89\" \/><\/p>\n<p><b>\u201c<span class=\"il\">Sant<\/span>\u00a0<span class=\"il\">Jordi<\/span>\u00a0a\u00a0<span class=\"il\">les<\/span>\u00a0<span class=\"il\">Ones<\/span>\u201d<\/b>\u00a0sorgeix del grup de treball de r\u00e0dio en el que hi participen diferents CRPs de Catalunya, i promou la preparaci\u00f3 col\u00b7laborativa d\u2019un programa radiof\u00f2nic on es convida els centres a enregistrar una\u00a0<b>recomanaci\u00f3 liter\u00e0ria en format sonor.<\/b><\/p>\n<p>En aquest\u00a0<a href=\"https:\/\/docs.google.com\/document\/d\/1WPexCj57uloOOxsqM5yp08iapUcWR2klQsb8vB2oHLI\/edit?usp=sharing\" target=\"_blank\" rel=\"noopener\" data-saferedirecturl=\"https:\/\/www.google.com\/url?q=https:\/\/docs.google.com\/document\/d\/1WPexCj57uloOOxsqM5yp08iapUcWR2klQsb8vB2oHLI\/edit?usp%3Dsharing&amp;source=gmail&amp;ust=1713440599470000&amp;usg=AOvVaw1s4WHQmZ8GG-eKb8FB67Ed\"><b>enlla\u00e7<\/b><\/a>\u00a0hi trobareu tota la informaci\u00f3.<\/p>\n<p>Es far\u00e0 l&#8217;emissi\u00f3 de tots els centres de Catalunya que han participat en aquesta celebraci\u00f3.<\/p>\n<p><a href=\"http:\/\/85.192.79.117:8084\/stream#.mp3\" target=\"_blank\" rel=\"noopener\"><img loading=\"lazy\" decoding=\"async\" class=\"alignleft wp-image-16467\" src=\"https:\/\/serveiseducatius.xtec.cat\/badalona\/wp-content\/uploads\/usu1088\/2021\/05\/onaircrp.png\" sizes=\"auto, (max-width: 113px) 100vw, 113px\" srcset=\"https:\/\/serveiseducatius.xtec.cat\/badalona\/wp-content\/uploads\/usu1088\/2021\/05\/onaircrp.png 477w, https:\/\/serveiseducatius.xtec.cat\/badalona\/wp-content\/uploads\/usu1088\/2021\/05\/onaircrp-300x274.png 300w\" alt=\"\" width=\"113\" height=\"103\" \/><\/a><\/p>\n<p>&nbsp;<\/p>\n<p><a href=\"http:\/\/85.192.79.117:8084\/stream#.mp3\" target=\"_blank\" rel=\"noopener\">Cliqueu aqu\u00ed<\/a> per escoltar l\u2019emissi\u00f3.\u00a0<\/p>\n<p>&nbsp;<\/p>\n<p>Si voleu escoltar les recomanacions d&#8217;altres centres de tot Catalunya, cliqueu aquest <a href=\"https:\/\/projectes.xtec.cat\/canaldereporters\/sant-jordi-a-les-ones\/\" target=\"_blank\" rel=\"noopener\">enlla\u00e7<\/a>.<\/p>\n<p>En aquesta p\u00e0gina recollirem totes les recomanacions liter\u00e0ries que han preparat els alumnes dels <strong>centres de Badalona<\/strong><\/p>\n<table class=\" aligncenter\" style=\"border-collapse: collapse; width: 52.4306%;\">\n<tbody>\n<tr>\n<td style=\"width: 8.90434%; text-align: center;\">CEE Maregassa<\/td>\n<td style=\"width: 2.20751%;\"><a href=\"https:\/\/drive.google.com\/drive\/folders\/1JzAeGuoTPbLc3q9ZwuRA6DC-3kLisGLv?usp=sharing\" target=\"_blank\" rel=\"noopener\">Enlla\u00e7<\/a><\/td>\n<td style=\"width: 11.2578%;\">INS Isaac Alb\u00e9niz<\/td>\n<td style=\"width: 5.35167%;\"><a href=\"https:\/\/drive.google.com\/drive\/folders\/1lbd2J4Nd0KIFU1LaNvdG-gzXmlQ5Q0nh?usp=sharing\" target=\"_blank\" rel=\"noopener\">Enlla\u00e7<\/a><\/td>\n<\/tr>\n<\/tbody>\n<\/table>\n<p><b>#canaldereporters #100anysradio<\/b><\/p>\n","protected":false},"excerpt":{"rendered":"<p>\u201cSant\u00a0Jordi\u00a0a\u00a0les\u00a0Ones\u201d\u00a0sorgeix del grup de treball de r\u00e0dio en el que hi participen diferents CRPs de Catalunya, i promou la preparaci\u00f3 [&hellip;]<\/p>\n","protected":false},"author":1,"featured_media":0,"parent":0,"menu_order":0,"comment_status":"closed","ping_status":"closed","template":"","meta":{"_bbp_topic_count":0,"_bbp_reply_count":0,"_bbp_total_topic_count":0,"_bbp_total_reply_count":0,"_bbp_voice_count":0,"_bbp_anonymous_reply_count":0,"_bbp_topic_count_hidden":0,"_bbp_reply_count_hidden":0,"_bbp_forum_subforum_count":0,"site-sidebar-layout":"default","site-content-layout":"","ast-site-content-layout":"","site-content-style":"default","site-sidebar-style":"default","ast-global-header-display":"","ast-banner-title-visibility":"","ast-main-header-display":"","ast-hfb-above-header-display":"","ast-hfb-below-header-display":"","ast-hfb-mobile-header-display":"","site-post-title":"","ast-breadcrumbs-content":"","ast-featured-img":"","footer-sml-layout":"","theme-transparent-header-meta":"","adv-header-id-meta":"","stick-header-meta":"","header-above-stick-meta":"","header-main-stick-meta":"","header-below-stick-meta":"","astra-migrate-meta-layouts":"default","ast-page-background-enabled":"default","ast-page-background-meta":{"desktop":{"background-color":"var(--ast-global-color-4)","background-image":"","background-repeat":"repeat","background-position":"center center","background-size":"auto","background-attachment":"scroll","background-type":"","background-media":"","overlay-type":"","overlay-color":"","overlay-opacity":"","overlay-gradient":""},"tablet":{"background-color":"","background-image":"","background-repeat":"repeat","background-position":"center center","background-size":"auto","background-attachment":"scroll","background-type":"","background-media":"","overlay-type":"","overlay-color":"","overlay-opacity":"","overlay-gradient":""},"mobile":{"background-color":"","background-image":"","background-repeat":"repeat","background-position":"center center","background-size":"auto","background-attachment":"scroll","background-type":"","background-media":"","overlay-type":"","overlay-color":"","overlay-opacity":"","overlay-gradient":""}},"ast-content-background-meta":{"desktop":{"background-color":"var(--ast-global-color-5)","background-image":"","background-repeat":"repeat","background-position":"center center","background-size":"auto","background-attachment":"scroll","background-type":"","background-media":"","overlay-type":"","overlay-color":"","overlay-opacity":"","overlay-gradient":""},"tablet":{"background-color":"var(--ast-global-color-5)","background-image":"","background-repeat":"repeat","background-position":"center center","background-size":"auto","background-attachment":"scroll","background-type":"","background-media":"","overlay-type":"","overlay-color":"","overlay-opacity":"","overlay-gradient":""},"mobile":{"background-color":"var(--ast-global-color-5)","background-image":"","background-repeat":"repeat","background-position":"center center","background-size":"auto","background-attachment":"scroll","background-type":"","background-media":"","overlay-type":"","overlay-color":"","overlay-opacity":"","overlay-gradient":""}},"footnotes":""},"class_list":["post-21897","page","type-page","status-publish","hentry"],"post_mailing_queue_ids":[],"_links":{"self":[{"href":"https:\/\/serveiseducatius.xtec.cat\/badalona\/wp-json\/wp\/v2\/pages\/21897","targetHints":{"allow":["GET"]}}],"collection":[{"href":"https:\/\/serveiseducatius.xtec.cat\/badalona\/wp-json\/wp\/v2\/pages"}],"about":[{"href":"https:\/\/serveiseducatius.xtec.cat\/badalona\/wp-json\/wp\/v2\/types\/page"}],"author":[{"embeddable":true,"href":"https:\/\/serveiseducatius.xtec.cat\/badalona\/wp-json\/wp\/v2\/users\/1"}],"replies":[{"embeddable":true,"href":"https:\/\/serveiseducatius.xtec.cat\/badalona\/wp-json\/wp\/v2\/comments?post=21897"}],"version-history":[{"count":7,"href":"https:\/\/serveiseducatius.xtec.cat\/badalona\/wp-json\/wp\/v2\/pages\/21897\/revisions"}],"predecessor-version":[{"id":21938,"href":"https:\/\/serveiseducatius.xtec.cat\/badalona\/wp-json\/wp\/v2\/pages\/21897\/revisions\/21938"}],"wp:attachment":[{"href":"https:\/\/serveiseducatius.xtec.cat\/badalona\/wp-json\/wp\/v2\/media?parent=21897"}],"curies":[{"name":"wp","href":"https:\/\/api.w.org\/{rel}","templated":true}]}}