{"id":17476,"date":"2024-01-17T10:35:58","date_gmt":"2024-01-17T09:35:58","guid":{"rendered":"https:\/\/serveiseducatius.xtec.cat\/badalona\/?page_id=17476"},"modified":"2026-03-06T12:02:56","modified_gmt":"2026-03-06T11:02:56","slug":"jornades-cientifiques-de-batxillerat","status":"publish","type":"page","link":"https:\/\/serveiseducatius.xtec.cat\/badalona\/jornades-cientifiques-de-batxillerat\/","title":{"rendered":"40a edici\u00f3 de les Jornades Cient\u00edfiques de Batxillerat 24, 25 i 26 de mar\u00e7 de 2026"},"content":{"rendered":"<p><img loading=\"lazy\" decoding=\"async\" class=\"wp-image-18760 alignleft\" src=\"https:\/\/serveiseducatius.xtec.cat\/badalona\/wp-content\/uploads\/usu1088\/2022\/10\/JC-670x1024.png\" alt=\"\" width=\"208\" height=\"318\" srcset=\"https:\/\/serveiseducatius.xtec.cat\/badalona\/wp-content\/uploads\/usu1088\/2022\/10\/JC-670x1024.png 670w, https:\/\/serveiseducatius.xtec.cat\/badalona\/wp-content\/uploads\/usu1088\/2022\/10\/JC-196x300.png 196w, https:\/\/serveiseducatius.xtec.cat\/badalona\/wp-content\/uploads\/usu1088\/2022\/10\/JC-768x1174.png 768w, https:\/\/serveiseducatius.xtec.cat\/badalona\/wp-content\/uploads\/usu1088\/2022\/10\/JC-1005x1536.png 1005w, https:\/\/serveiseducatius.xtec.cat\/badalona\/wp-content\/uploads\/usu1088\/2022\/10\/JC.png 1280w\" sizes=\"auto, (max-width: 208px) 100vw, 208px\" \/><\/p>\n<p>Dies <strong>24, 25 i 26 de mar\u00e7 de 2026<\/strong><\/p>\n<p><strong>PROGRAMA PER ALS TRES DIES AL <a href=\"https:\/\/www.google.es\/maps\/place\/BCIN+-+Badalona+Centre+Internacional+de+Negocis\/@41.4614003,2.2553101,17z\/data=!3m1!5s0x12a4bba99fc45701:0x5a2d14dc0ba59d44!4m14!1m7!3m6!1s0x12a4bba99da8f6c3:0xaf9c7f53d57e34e5!2sBCIN+-+Badalona+Centre+Internacional+de+Negocis!8m2!3d41.4614003!4d2.2574988!16s%2Fg%2F1v3sqdt0!3m5!1s0x12a4bba99da8f6c3:0xaf9c7f53d57e34e5!8m2!3d41.4614003!4d2.2574988!16s%2Fg%2F1v3sqdt0\" target=\"_blank\" rel=\"noopener\">BCIN<\/a><\/strong><\/p>\n<p><strong>Relaci\u00f3 de tots els treballs<\/strong><\/p>\n<p>8.45 h Acollida<br \/>\n9.15 h Inauguraci\u00f3<br \/>\n9.30 a 11.00 h 1r torn de presentaci\u00f3 de treballs<br \/>\n11.00 a 11.30 h Pausa\/presentaci\u00f3 de treballs al vest\u00edbul<br \/>\n11.30 a 13.00 h 2n torn de presentaci\u00f3 de treballs<br \/>\n13.00 h Cloenda<\/p>\n<p><strong>ASPECTES ORGANITZATIUS<\/strong><\/p>\n<p>Aquestes jornades estan adre\u00e7ades a l&#8217;alumnat de 2n de batxillerat (ponents) i 1r de batxillerat (oients) de Badalona.\u00a0<b>\u00c9s molt important<\/b>\u00a0que ompliu el <a href=\"https:\/\/forms.gle\/qFFQyii4Eg3MGP998\" target=\"_blank\" rel=\"noopener\"><strong>FORMULARI DE SOL\u00b7LICITUD<\/strong><\/a> amb totes les dades que es demanen i l\u2019envieu abans del divendres, <strong>20 de febrer de 2026.<\/strong><\/p>\n<p><b><span style=\"font-weight: 400;\"><strong>Treballs per centre:<\/strong> Cada centre pot presentar un m\u00e0xim de <\/span>5 treballs<span style=\"font-weight: 400;\">. (3 a l&#8217;auditori + 2 al vest\u00edbul). Els treballs han de ser d&#8217;<strong>\u00e0mbits diversos<\/strong> i s\u2019ha de vetllar perqu\u00e8 aquests treballs destaquin per la seva part experimental i pel seu car\u00e0cter divulgatiu. Cal donar rellev\u00e0ncia a la recerca, a la part pr\u00e0ctica, a com ho ha treballat i viscut l\u2019alumne, etc.\u00a0 Us recordem tamb\u00e9 que, a excepci\u00f3 d&#8217;aquells TR relacionats directament amb l&#8217;\u00e0mbit de la llengua i literatura espanyola (o altres lleng\u00fces), tant els suports visuals com les exposicions orals han de realitzar-se en<strong> catal\u00e0<\/strong>, llengua vehicular del nostre sistema educatiu.<\/span><\/b><\/p>\n<p><strong><span style=\"font-family: inherit; font-size: 1em;\">R<\/span><\/strong><b style=\"font-family: inherit; font-size: 1em;\">esum del treball.\u00a0<\/b><span style=\"font-family: inherit; font-size: 1em;\">Aquest resum haur\u00e0 de respectar l\u2019esquema proposat en el formulari (hip\u00f2tesi, disseny experimental, conclusions) i ocupar un espai m\u00e0xim de 4 fulls, incloent-hi fotografies, esquemes o el material gr\u00e0fic que s&#8217;escaigui. \u00c9s requisit imprescindible que en el contingut de l\u2019arxiu consti clarament: T\u00edtol, nom i cognoms de l\u2019autor\/a, tutor\/a i centre. Tota aquesta informaci\u00f3 \u00e9s la que haureu d\u2019omplir en el formulari i sense la qual no us deixar\u00e0 enviar la sol\u00b7licitud. Recordeu que el resum es publicar\u00e0 (amb Dip\u00f2sit legal) al llibre de les JCB d&#8217;enguany. RECORDEU QUE <\/span><span style=\"font-weight: 400;\">EL RESUM S\u2019HA D\u2019ENVIAR ENLLA\u00c7AT, TAL COM US INDIQUEM AL FORMULARI, EN FORMAT EDITABLE (<\/span><b>NO PDF<\/b><span style=\"font-weight: 400;\">).<\/span><\/p>\n<p><strong>ORIENTACIONS PRESENTACI\u00d3 DE TREBALLS A L&#8217;AUDITORI DEL BCIN<\/strong><\/p>\n<ul>\n<li>La part te\u00f2rica del treball ha de tenir un car\u00e0cter introductori i nom\u00e9s se li ha de dedicar un parell de minuts com a molt.<\/li>\n<li>La presentaci\u00f3 s\u2019ha de centrar en la part experimental, en la part de recerca del treball i les conclusions del treball han de fer-se evidents.<\/li>\n<li>El format de presentaci\u00f3 pot ser molt variat. En el format digital, cal evitar la \u201csaturaci\u00f3\u201d de les diapositives per tal de destacar nom\u00e9s la informaci\u00f3 rellevant amb una imatge, una idea. No s\u2019ha de llegir el que hi ha escrit a la diapositiva, el recurs digital \u00e9s un suport.<\/li>\n<li>A l\u2019alumnat no li estem demanant la mateixa presentaci\u00f3 que va fer al seu centre en la presentaci\u00f3 del treball de recerca.<\/li>\n<li>La durada m\u00e0xima de la presentaci\u00f3 de cada treball ser\u00e0 de 10 minuts, incloent-hi els v\u00eddeos, audicions, etc. Passats els 10 minuts, l\u2019organitzaci\u00f3 donar\u00e0 per finalitzada la presentaci\u00f3.<\/li>\n<li>Si la presentaci\u00f3 t\u00e9 lloc a l\u2019auditori i es fa servir un recurs digital, cal enviar-la o compartir-la amb el CRP (crp-badalona@xtec.cat) <strong>abans del dia 6 de mar\u00e7 de 2026.<\/strong><\/li>\n<\/ul>\n<p><strong>ORIENTACIONS PRESENTACI\u00d3 DE TREBALLS AL VEST\u00cdBUL<\/strong><\/p>\n<ul>\n<li>L&#8217;alumnat disposar\u00e0 d\u2019un plaf\u00f3 on s\u2019enganxar\u00e0 el p\u00f2ster en format DIN A0 vertical i d\u2019una taula de metre i mig de llarg.<\/li>\n<li>L\u2019alumnat ha de preparar un full del seu treball pensat per a ser impr\u00e8s com a p\u00f2ster per part de l\u2019organitzaci\u00f3. L\u2019ha de fer arribar a l\u2019organitzaci\u00f3 per correu electr\u00f2nic en format JPG amb la millor qualitat possible, abans del <strong>6 de mar\u00e7 de 2026.<\/strong><\/li>\n<li>El format del full pot ser qualsevol. Cal preveure que destaqui, que cridi l\u2019atenci\u00f3 i que contingui la m\u00ednima informaci\u00f3 necess\u00e0ria.<\/li>\n<li>En el p\u00f2ster hi ha de constar de forma visible el t\u00edtol del treball i el nom de l\u2019autor, del tutor i del centre.<\/li>\n<li>A la taula conv\u00e9 que l\u2019alumne aporti elements relacionats amb el seu treball (imatges, objectes, maquetes, c\u00f2pia en paper del treball de recerca, etc.) i el port\u00e0til, si \u00e9s el cas.<\/li>\n<li>A l\u2019hora de l\u2019esmorzar, cada alumne que exposa al vest\u00edbul haur\u00e0 de romandre al costat del seu treball per tal d\u2019informar els assistents.<\/li>\n<li>Aquest material exposat, excepte l\u2019ordinador, haur\u00e0 de romandre els tres dies de les Jornades Cient\u00edfiques. La Comissi\u00f3 organitzadora es far\u00e0 c\u00e0rrec d\u2019aquests materials i es podran passar a recollir pel CRP despr\u00e9s de les Jornades.<\/li>\n<\/ul>\n<p>Podeu visualitzar el llibre de les <a href=\"https:\/\/drive.google.com\/file\/d\/1NApyL1-Bo829wh-8aNZW_8srvQeSwA2_\/view?usp=sharing\" target=\"_blank\" rel=\"noopener\">JCB 2025<\/a><\/p>\n","protected":false},"excerpt":{"rendered":"<p>Dies 24, 25 i 26 de mar\u00e7 de 2026 PROGRAMA PER ALS TRES DIES AL BCIN Relaci\u00f3 de tots els [&hellip;]<\/p>\n","protected":false},"author":1,"featured_media":0,"parent":0,"menu_order":0,"comment_status":"closed","ping_status":"closed","template":"","meta":{"_bbp_topic_count":0,"_bbp_reply_count":0,"_bbp_total_topic_count":0,"_bbp_total_reply_count":0,"_bbp_voice_count":0,"_bbp_anonymous_reply_count":0,"_bbp_topic_count_hidden":0,"_bbp_reply_count_hidden":0,"_bbp_forum_subforum_count":0,"site-sidebar-layout":"default","site-content-layout":"","ast-site-content-layout":"default","site-content-style":"default","site-sidebar-style":"default","ast-global-header-display":"","ast-banner-title-visibility":"","ast-main-header-display":"","ast-hfb-above-header-display":"","ast-hfb-below-header-display":"","ast-hfb-mobile-header-display":"","site-post-title":"","ast-breadcrumbs-content":"","ast-featured-img":"","footer-sml-layout":"","theme-transparent-header-meta":"default","adv-header-id-meta":"","stick-header-meta":"","header-above-stick-meta":"","header-main-stick-meta":"","header-below-stick-meta":"","astra-migrate-meta-layouts":"set","ast-page-background-enabled":"default","ast-page-background-meta":{"desktop":{"background-color":"var(--ast-global-color-4)","background-image":"","background-repeat":"repeat","background-position":"center center","background-size":"auto","background-attachment":"scroll","background-type":"","background-media":"","overlay-type":"","overlay-color":"","overlay-opacity":"","overlay-gradient":""},"tablet":{"background-color":"","background-image":"","background-repeat":"repeat","background-position":"center center","background-size":"auto","background-attachment":"scroll","background-type":"","background-media":"","overlay-type":"","overlay-color":"","overlay-opacity":"","overlay-gradient":""},"mobile":{"background-color":"","background-image":"","background-repeat":"repeat","background-position":"center center","background-size":"auto","background-attachment":"scroll","background-type":"","background-media":"","overlay-type":"","overlay-color":"","overlay-opacity":"","overlay-gradient":""}},"ast-content-background-meta":{"desktop":{"background-color":"var(--ast-global-color-5)","background-image":"","background-repeat":"repeat","background-position":"center center","background-size":"auto","background-attachment":"scroll","background-type":"","background-media":"","overlay-type":"","overlay-color":"","overlay-opacity":"","overlay-gradient":""},"tablet":{"background-color":"var(--ast-global-color-5)","background-image":"","background-repeat":"repeat","background-position":"center center","background-size":"auto","background-attachment":"scroll","background-type":"","background-media":"","overlay-type":"","overlay-color":"","overlay-opacity":"","overlay-gradient":""},"mobile":{"background-color":"var(--ast-global-color-5)","background-image":"","background-repeat":"repeat","background-position":"center center","background-size":"auto","background-attachment":"scroll","background-type":"","background-media":"","overlay-type":"","overlay-color":"","overlay-opacity":"","overlay-gradient":""}},"footnotes":""},"class_list":["post-17476","page","type-page","status-publish","hentry"],"post_mailing_queue_ids":[],"_links":{"self":[{"href":"https:\/\/serveiseducatius.xtec.cat\/badalona\/wp-json\/wp\/v2\/pages\/17476","targetHints":{"allow":["GET"]}}],"collection":[{"href":"https:\/\/serveiseducatius.xtec.cat\/badalona\/wp-json\/wp\/v2\/pages"}],"about":[{"href":"https:\/\/serveiseducatius.xtec.cat\/badalona\/wp-json\/wp\/v2\/types\/page"}],"author":[{"embeddable":true,"href":"https:\/\/serveiseducatius.xtec.cat\/badalona\/wp-json\/wp\/v2\/users\/1"}],"replies":[{"embeddable":true,"href":"https:\/\/serveiseducatius.xtec.cat\/badalona\/wp-json\/wp\/v2\/comments?post=17476"}],"version-history":[{"count":8,"href":"https:\/\/serveiseducatius.xtec.cat\/badalona\/wp-json\/wp\/v2\/pages\/17476\/revisions"}],"predecessor-version":[{"id":27354,"href":"https:\/\/serveiseducatius.xtec.cat\/badalona\/wp-json\/wp\/v2\/pages\/17476\/revisions\/27354"}],"wp:attachment":[{"href":"https:\/\/serveiseducatius.xtec.cat\/badalona\/wp-json\/wp\/v2\/media?parent=17476"}],"curies":[{"name":"wp","href":"https:\/\/api.w.org\/{rel}","templated":true}]}}